000
CDUS45 KPUB 122320
CLIPUB


CLIMATE REPORT
NATIONAL WEATHER SERVICE PUEBLO
520 PM MDT SUN APR 12 2015


...................................

...THE PUEBLO CO CLIMATE SUMMARY FOR APRIL 12 2015...
VALID TODAY AS OF 0500 PM LOCAL TIME.

CLIMATE NORMAL PERIOD 1981 TO 2010
CLIMATE RECORD PERIOD 1888 TO 2015


WEATHER ITEM   OBSERVED TIME   RECORD YEAR NORMAL DEPARTURE LAST
                VALUE   (LST)  VALUE       VALUE  FROM      YEAR
                                                  NORMAL
..................................................................
TEMPERATURE (F)
 TODAY
  MAXIMUM         77    302 PM  83    2010  66     11       80
                                      2003
                                      1982
  MINIMUM         37    432 AM   2    1997  33      4       53
  AVERAGE         57                        49      8       67

PRECIPITATION (IN)
  TODAY            0.00          0.74 1898   0.05  -0.05     0.00
  MONTH TO DATE    T                         0.47  -0.47     0.60
  SINCE MAR 1      0.57                      1.40  -0.83     1.36
  SINCE JAN 1      1.95                      2.05  -0.10     2.09

SNOWFALL (IN)
  TODAY            0.0           3.0  1994   0.2   -0.2      0.0
  MONTH TO DATE    0.0                       1.9   -1.9      3.1
  SINCE MAR 1      1.7                       7.6   -5.9      5.5
  SINCE JUL 1     42.8                      29.4   13.4     24.1
  SNOW DEPTH       0

DEGREE DAYS
 HEATING
  TODAY            8                        16     -8        0
  MONTH TO DATE  138                       207    -69      168
  SINCE MAR 1    746                       909   -163      840
  SINCE JUL 1   4768                      5212   -444     5045

 COOLING
  TODAY            0                         0      0        2
  MONTH TO DATE    0                         0      0        2
  SINCE MAR 1      0                         0      0        2
  SINCE JAN 1      0                         0      0        2
..................................................................


WIND (MPH)
  HIGHEST WIND SPEED    31   HIGHEST WIND DIRECTION    NE (40)
  HIGHEST GUST SPEED    37   HIGHEST GUST DIRECTION    NE (30)
  AVERAGE WIND SPEED    11.1


SKY COVER
  POSSIBLE SUNSHINE  MM
  AVERAGE SKY COVER 0.0


WEATHER CONDITIONS
 THE FOLLOWING WEATHER WAS RECORDED TODAY.
  NO SIGNIFICANT WEATHER WAS OBSERVED.


RELATIVE HUMIDITY (PERCENT)
 HIGHEST    39           600 AM
 LOWEST      8           200 PM
 AVERAGE    24

..........................................................


THE PUEBLO CO CLIMATE NORMALS FOR TOMORROW
                         NORMAL    RECORD    YEAR
 MAXIMUM TEMPERATURE (F)   66        90      2006
 MINIMUM TEMPERATURE (F)   33        11      1997


SUNRISE AND SUNSET
APRIL 12 2015.........SUNRISE   627 AM MDT   SUNSET   731 PM MDT
APRIL 13 2015.........SUNRISE   626 AM MDT   SUNSET   732 PM MDT


-  INDICATES NEGATIVE NUMBERS.
R  INDICATES RECORD WAS SET OR TIED.
MM INDICATES DATA IS MISSING.
T  INDICATES TRACE AMOUNT.




$$
