000
CDUS45 KPUB 271044
CLIPUB


CLIMATE REPORT
NATIONAL WEATHER SERVICE PUEBLO
444 AM MDT MON APR 27 2015


...................................

...THE PUEBLO CO CLIMATE SUMMARY FOR APRIL 26 2015...

CLIMATE NORMAL PERIOD 1981 TO 2010
CLIMATE RECORD PERIOD 1888 TO 2015


WEATHER ITEM   OBSERVED TIME   RECORD YEAR NORMAL DEPARTURE LAST
                VALUE   (LST)  VALUE       VALUE  FROM      YEAR
                                                  NORMAL
..................................................................
TEMPERATURE (F)
 YESTERDAY
  MAXIMUM         52    106 AM  90    1981  71    -19       78
  MINIMUM         43   1159 PM  25    1924  37      6       44
  AVERAGE         48                        54     -6       61

PRECIPITATION (IN)
  YESTERDAY        0.61          1.07 1933   0.05   0.56     0.00
  MONTH TO DATE    1.26                      1.18   0.08     1.20
  SINCE MAR 1      1.83                      2.11  -0.28     1.96
  SINCE JAN 1      3.21                      2.76   0.45     2.69

SNOWFALL (IN)
  YESTERDAY        0.0           1.3  1995   0.1   -0.1      0.0
  MONTH TO DATE    T                         3.5   -3.5      8.3
  SINCE MAR 1      1.7                       9.2   -7.5     10.7
  SINCE JUL 1     42.8                      31.0   11.8     29.3
  SNOW DEPTH       0

DEGREE DAYS
 HEATING
  YESTERDAY       17                        11      6        4
  MONTH TO DATE  337                       394    -57      315
  SINCE MAR 1    945                      1096   -151      987
  SINCE JUL 1   4967                      5399   -432     5192

 COOLING
  YESTERDAY        0                         0      0        0
  MONTH TO DATE    0                         0      0        2
  SINCE MAR 1      0                         0      0        2
  SINCE JAN 1      0                         0      0        2
..................................................................


WIND (MPH)
  HIGHEST WIND SPEED    28   HIGHEST WIND DIRECTION     E (80)
  HIGHEST GUST SPEED    33   HIGHEST GUST DIRECTION     E (80)
  AVERAGE WIND SPEED    15.6


SKY COVER
  POSSIBLE SUNSHINE  MM
  AVERAGE SKY COVER 0.9


WEATHER CONDITIONS
 THE FOLLOWING WEATHER WAS RECORDED YESTERDAY.
  HEAVY RAIN
  RAIN
  LIGHT RAIN
  FOG


RELATIVE HUMIDITY (PERCENT)
 HIGHEST   100           500 PM
 LOWEST     54          1200 AM
 AVERAGE    77

..........................................................


THE PUEBLO CO CLIMATE NORMALS FOR TODAY
                         NORMAL    RECORD    YEAR
 MAXIMUM TEMPERATURE (F)   71        88      1992
 MINIMUM TEMPERATURE (F)   38        22      1984


SUNRISE AND SUNSET
APRIL 27 2015.........SUNRISE   607 AM MDT   SUNSET   745 PM MDT
APRIL 28 2015.........SUNRISE   605 AM MDT   SUNSET   746 PM MDT


-  INDICATES NEGATIVE NUMBERS.
R  INDICATES RECORD WAS SET OR TIED.
MM INDICATES DATA IS MISSING.
T  INDICATES TRACE AMOUNT.




$$
