000
CDUS45 KPUB 101034
CLIPUB


CLIMATE REPORT
NATIONAL WEATHER SERVICE PUEBLO
434 AM MDT FRI APR 10 2015


...................................

...THE PUEBLO CO CLIMATE SUMMARY FOR APRIL 9 2015...

CLIMATE NORMAL PERIOD 1981 TO 2010
CLIMATE RECORD PERIOD 1888 TO 2015


WEATHER ITEM   OBSERVED TIME   RECORD YEAR NORMAL DEPARTURE LAST
                VALUE   (LST)  VALUE       VALUE  FROM      YEAR
                                                  NORMAL
..................................................................
TEMPERATURE (F)
 YESTERDAY
  MAXIMUM         60    251 PM  86    1977  65     -5       81
  MINIMUM         37    603 AM  15    1928  32      5       38
  AVERAGE         49                        48      1       60

PRECIPITATION (IN)
  YESTERDAY        0.00          0.82 1901   0.05  -0.05     0.00
  MONTH TO DATE    T                         0.33  -0.33     0.60
  SINCE MAR 1      0.57                      1.26  -0.69     1.36
  SINCE JAN 1      1.95                      1.91   0.04     2.09

SNOWFALL (IN)
  YESTERDAY        0.0           3.3  1959   0.1   -0.1      0.0
  MONTH TO DATE    0.0                       1.4   -1.4      3.1
  SINCE MAR 1      1.7                       7.1   -5.4      5.5
  SINCE JUL 1     42.8                      28.9   13.9     24.1
  SNOW DEPTH       0

DEGREE DAYS
 HEATING
  YESTERDAY       16                        17     -1        5
  MONTH TO DATE  101                       159    -58      156
  SINCE MAR 1    709                       861   -152      828
  SINCE JUL 1   4731                      5164   -433     5033

 COOLING
  YESTERDAY        0                         0      0        0
  MONTH TO DATE    0                         0      0        0
  SINCE MAR 1      0                         0      0        0
  SINCE JAN 1      0                         0      0        0
..................................................................


WIND (MPH)
  HIGHEST WIND SPEED    23   HIGHEST WIND DIRECTION    NE (30)
  HIGHEST GUST SPEED    27   HIGHEST GUST DIRECTION    NE (30)
  AVERAGE WIND SPEED    10.3


SKY COVER
  POSSIBLE SUNSHINE  MM
  AVERAGE SKY COVER 0.3


WEATHER CONDITIONS
 THE FOLLOWING WEATHER WAS RECORDED YESTERDAY.
  NO SIGNIFICANT WEATHER WAS OBSERVED.


RELATIVE HUMIDITY (PERCENT)
 HIGHEST    70           200 AM
 LOWEST     28           200 PM
 AVERAGE    49

..........................................................


THE PUEBLO CO CLIMATE NORMALS FOR TODAY
                         NORMAL    RECORD    YEAR
 MAXIMUM TEMPERATURE (F)   65        86      1977
                                             1960
                                             1907
 MINIMUM TEMPERATURE (F)   32         6      1959


SUNRISE AND SUNSET
APRIL 10 2015.........SUNRISE   630 AM MDT   SUNSET   730 PM MDT
APRIL 11 2015.........SUNRISE   628 AM MDT   SUNSET   730 PM MDT


-  INDICATES NEGATIVE NUMBERS.
R  INDICATES RECORD WAS SET OR TIED.
MM INDICATES DATA IS MISSING.
T  INDICATES TRACE AMOUNT.




$$
