000
CXUS54 KFWD 210730
CF60F2
PRELIMINARY LOCAL CLIMATOLOGICAL DATA (WS FORM: F-6)

                                          STATION:   BOWIE
                                          MONTH:     APRIL
                                          YEAR:      2015
                                          LATITUDE:   33 36 N
                                          LONGITUDE:  97 47 W

  TEMPERATURE IN F:       :PCPN:    SNOW:  WIND      :SUNSHINE: SKY     :PK WND
================================================================================
1   2   3   4   5  6A  6B    7    8   9   10  11  12  13   14  15   16   17  18
                                     12Z  AVG MX 2MIN
DY MAX MIN AVG DEP HDD CDD  WTR  SNW DPTH SPD SPD DIR MIN PSBL S-S WX    SPD DR
================================================================================

 1  80  62  71  13   0   6 0.06  0.0    0  9.0 18 170   M    M   3 13     25 150
 2  91  65  78  20   0  13 0.00  0.0    0 11.9 17 210   M    M   2        24 210
 3  73  51  62   4   3   0 0.00  0.0    0 16.0 25 330   M    M   1        32 330
 4  67  42  55  -3  10   0    T  0.0    0  5.3 10 360   M    M   2 3      16  20
 5  57  50  54  -5  11   0 1.10  0.0    0  7.5 14 150   M    M  10 13     18 140
 6  85  56  71  12   0   6 0.00  0.0    0 10.9 16 160   M    M   6 1      23 150
 7  85  64  75  16   0  10 0.00  0.0    0 10.9 16 160   M    M   3 1      25 160
 8  74  65  70  10   0   5 0.07  0.0    0 11.1 20 160   M    M   5 13     27 160
 9  81  58  70  10   0   5 0.00  0.0    0 12.1 17 350   M    M   3        32 150
10  70  44  57  -3   8   0 0.00  0.0    0  5.6 14 360   M    M   0        21 360
11  74  51  63   3   2   0 0.00  0.0    0  6.1 12 130   M    M   5        20 140
12  79  63  71  10   0   6 0.00  0.0    0  8.8 15 160   M    M   8 1      21 160
13  70  55  63   2   2   0 0.17  0.0    0  9.5 16  20   M    M  10 3      29  40
14  55  49  52  -9  13   0 0.01  0.0    0  5.9  9 340   M    M  10 1       M  M
15  74  53  64   2   1   0 0.00  0.0    0  4.5  9 160   M    M   3 1       M  M
16  77  57  67   5   0   2 0.00  0.0    0  6.9 10 140   M    M   3        17 140
17  65  58  62   0   3   0 0.43  0.0    0  5.8 12  90   M    M   7 13     20  90
18  76  55  66   4   0   1 0.18  0.0    0  3.9 10 160   M    M   5 3      24 160
19  73  47  60  -3   5   0 0.00  0.0    0 10.9 20 320   M    M   3        32 310
20  67  41  54  -9  11   0 0.00  0.0    0  3.1 10 360   M    M   0         M  M
================================================================================
SM 1473 1086        69  54  2.02     0.0 165.7          M       89
================================================================================
AV 73.7 54.3                               8.3 FASTST   M    M   4    MAX(MPH)
                                 MISC ---->    25   M                 32    M
================================================================================
NOTES:
# LAST OF SEVERAL OCCURRENCES

COLUMN 17 PEAK WIND IN M.P.H.

PRELIMINARY LOCAL CLIMATOLOGICAL DATA (WS FORM: F-6) , PAGE 2

                                          STATION:  BOWIE
                                          MONTH:    APRIL
                                          YEAR:     2015
                                          LATITUDE:   33 36 N
                                          LONGITUDE:  97 47 W

[TEMPERATURE DATA]      [PRECIPITATION DATA]       SYMBOLS USED IN COLUMN 16

AVERAGE MONTHLY: 64.0   TOTAL FOR MONTH:   2.02    1 = FOG OR MIST
DPTR FM NORMAL:   3.7   DPTR FM NORMAL:    0.30    2 = FOG REDUCING VISIBILITY
HIGHEST:    91 ON  2    GRTST 24HR  1.10 ON  5- 5      TO 1/4 MILE OR LESS
LOWEST:     41 ON 20                               3 = THUNDER
                        SNOW, ICE PELLETS, HAIL    4 = ICE PELLETS
                        TOTAL MONTH:   0.0 INCH    5 = HAIL
                        GRTST 24HR     0.0         6 = FREEZING RAIN OR DRIZZLE
                        GRTST DEPTH:   0           7 = DUSTSTORM OR SANDSTORM:
                                                       VSBY 1/2 MILE OR LESS
                                                   8 = SMOKE OR HAZE
[NO. OF DAYS WITH]      [WEATHER - DAYS WITH]      9 = BLOWING SNOW
                                                   X = TORNADO
MAX 32 OR BELOW:   0    0.01 INCH OR MORE:   7
MAX 90 OR ABOVE:   1    0.10 INCH OR MORE:   4
MIN 32 OR BELOW:   0    0.50 INCH OR MORE:   1
MIN  0 OR BELOW:   0    1.00 INCH OR MORE:   1

[HDD (BASE 65) ]
TOTAL THIS MO.    69    CLEAR  (SCALE 0-3)   9
DPTR FM NORMAL   -56    PTCLDY (SCALE 4-7)   8
TOTAL FM JUL 1  2770    CLOUDY (SCALE 8-10)  3
DPTR FM NORMAL  -247

[CDD (BASE 65) ]
TOTAL THIS MO.    54
DPTR FM NORMAL    23    [PRESSURE DATA]
TOTAL FM JAN 1    85    HIGHEST SLP M ON M
DPTR FM NORMAL    39    LOWEST  SLP M ON M

[REMARKS]
