000
CXUS53 KAPX 260631
CF6ANJ
PRELIMINARY LOCAL CLIMATOLOGICAL DATA (WS FORM: F-6)

                                          STATION:   SAULT STE MARIE MI
                                          MONTH:     APRIL
                                          YEAR:      2015
                                          LATITUDE:   46 28 N
                                          LONGITUDE:  84 21 W

  TEMPERATURE IN F:       :PCPN:    SNOW:  WIND      :SUNSHINE: SKY     :PK WND
================================================================================
1   2   3   4   5  6A  6B    7    8   9   10  11  12  13   14  15   16   17  18
                                     12Z  AVG MX 2MIN
DY MAX MIN AVG DEP HDD CDD  WTR  SNW DPTH SPD SPD DIR MIN PSBL S-S WX    SPD DR
================================================================================

 1  43  28  36   3  29   0 0.16  0.1   24  6.9 14 110   M    M   8 16     21 120
 2  49  34  42   8  23   0 0.05  0.0   23  7.3 15 100   M    M   6 18     21 110
 3  40  20  30  -4  35   0 0.00  0.0   22 14.9 24 300   M    M   3        33 320
 4  32  13  23 -12  42   0    T    T   22  7.9 22 290   M    M   3        30 310
 5  28  18  23 -12  42   0 0.00  0.0   21  6.1 14 300   M    M   2        18 320
 6  36  18  27  -9  38   0 0.01  0.1   21  4.6  9 290   M    M   5 8      11 290
 7  44  23  34  -2  31   0 0.00  0.0   21  4.3 12 130   M    M   0        14 140
 8  39  33  36  -1  29   0    T    T   19  7.8 17 100   M    M  10        29 130
 9  37  32  35  -2  30   0 0.20  0.0   19  9.1 18 120   M    M  10 1      26 110
10  37  34  36  -2  29   0 0.32  1.5   18 14.0 29 310   M    M  10 12     40 310
11  52  30  41   3  24   0 0.00  0.0   18  6.5 14 250   M    M   1        18 290
12  63  30  47   8  18   0 0.00  0.0   16  6.9 17 210   M    M   0        23 200
13  48  40  44   5  21   0 0.28  0.0   12  8.6 21 300   M    M   5 1      31 290
14  57  36  47   7  18   0 0.00  0.0   10  8.9 18 310   M    M   0        26 290
15  56  30  43   3  22   0 0.00  0.0    7  5.5 13 150   M    M   0        17 150
16  56  33  45   4  20   0 0.00  0.0    4  4.4 12 140   M    M   4        14 140
17  57  37  47   6  18   0 0.00  0.0    2  6.0 15 290   M    M   2        20 260
18  56  35  46   4  19   0 0.00  0.0    1  7.6 15  20   M    M   1        23  40
19  50  36  43   1  22   0    T  0.0    T 13.3 24 130   M    M   1        36 120
20  49  35  42  -1  23   0 0.60  0.0    T 10.5 18 120   M    M  10        25 280
21  43  32  38  -5  27   0 0.09  0.5    T  8.3 20 200   M    M   9        24 210
22  33  26  30 -14  35   0 0.03  0.4    T 11.5 21 300   M    M  10        28 290
23  32  25  29 -15  36   0    T    T    T 12.4 23 320   M    M   7        31 300
24  37  23  30 -14  35   0 0.00  0.0    T  8.2 20 320   M    M   0        28 300
25  51  24  38  -7  27   0 0.00  0.0    0  7.0 17 310   M    M   1        23 300
================================================================================
SM 1125  725       693   0  1.74     2.6 208.5          M      108
================================================================================
AV 45.0 29.0                               8.3 FASTST   M    M   4    MAX(MPH)
                                 MISC ---->  # 29 310               # 40  310
================================================================================
NOTES:
# LAST OF SEVERAL OCCURRENCES

COLUMN 17 PEAK WIND IN M.P.H.

PRELIMINARY LOCAL CLIMATOLOGICAL DATA (WS FORM: F-6) , PAGE 2

                                          STATION:  SAULT STE MARIE MI
                                          MONTH:    APRIL
                                          YEAR:     2015
                                          LATITUDE:   46 28 N
                                          LONGITUDE:  84 21 W

[TEMPERATURE DATA]      [PRECIPITATION DATA]       SYMBOLS USED IN COLUMN 16

AVERAGE MONTHLY: 37.0   TOTAL FOR MONTH:   1.74    1 = FOG OR MIST
DPTR FM NORMAL:  -2.2   DPTR FM NORMAL:   -0.28    2 = FOG REDUCING VISIBILITY
HIGHEST:    63 ON 12    GRTST 24HR  0.61 ON 20-21      TO 1/4 MILE OR LESS
LOWEST:     13 ON  4                               3 = THUNDER
                        SNOW, ICE PELLETS, HAIL    4 = ICE PELLETS
                        TOTAL MONTH:   2.6 INCHES  5 = HAIL
                        GRTST 24HR   1.5 ON 10-10  6 = FREEZING RAIN OR DRIZZLE
                        GRTST DEPTH:  24 ON  1     7 = DUSTSTORM OR SANDSTORM:
                                                       VSBY 1/2 MILE OR LESS
                                                   8 = SMOKE OR HAZE
[NO. OF DAYS WITH]      [WEATHER - DAYS WITH]      9 = BLOWING SNOW
                                                   X = TORNADO
MAX 32 OR BELOW:   3    0.01 INCH OR MORE:   9
MAX 90 OR ABOVE:   0    0.10 INCH OR MORE:   5
MIN 32 OR BELOW:  15    0.50 INCH OR MORE:   1
MIN  0 OR BELOW:   0    1.00 INCH OR MORE:   0

[HDD (BASE 65) ]
TOTAL THIS MO.   693    CLEAR  (SCALE 0-3)  12
DPTR FM NORMAL    47    PTCLDY (SCALE 4-7)   7
TOTAL FM JUL 1  8796    CLOUDY (SCALE 8-10)  6
DPTR FM NORMAL   824

[CDD (BASE 65) ]
TOTAL THIS MO.     0
DPTR FM NORMAL     0    [PRESSURE DATA]
TOTAL FM JAN 1     0    HIGHEST SLP M ON M
DPTR FM NORMAL     0    LOWEST  SLP 29.08 ON 20

[REMARKS]
