000
CXUS55 KCYS 011406 CCA
CF6BFF

PRELIMINARY LOCAL CLIMATOLOGICAL DATA (WS FORM: F-6)     ...CORRECTED...

                                          STATION:   SCOTTSBLUFF NE AIRPORT
                                          MONTH:     MARCH
                                          YEAR:      2015
                                          LATITUDE:   41 52 N
                                          LONGITUDE: 103 36 W

  TEMPERATURE IN F:       :PCPN:    SNOW:  WIND      :SUNSHINE: SKY     :PK WND
================================================================================
1   2   3   4   5  6A  6B    7    8   9   10  11  12  13   14  15   16   17  18
                                     12Z  AVG MX 2MIN
DY MAX MIN AVG DEP HDD CDD  WTR  SNW DPTH SPD SPD DIR MIN PSBL S-S WX    SPD DR
================================================================================

 1  37  14  26  -8  39   0 0.00  0.0    0  6.3 18 340   M    M   6        27 300
 2  47  26  37   3  28   0 0.04  0.4    0 12.1 23 120   M    M   4 18     29 150
 3  31  11  21 -13  44   0 0.03  0.5    1 10.7 26  10   M    M  10 18     33  10
 4  27   6  17 -18  48   0 0.00  0.0    T  8.7 21 310   M    M   2        27 320
 5  48   4  26  -9  39   0 0.00  0.0    0  8.1 22 290   M    M   0        28 280
 6  57  24  41   5  24   0 0.00  0.0    0  9.3 24 290   M    M   1        31 300
 7  64  26  45   9  20   0 0.00  0.0    0  8.3 20 220   M    M   0        24 220
 8  57  23  40   4  25   0 0.00  0.0    0  5.6 14 120   M    M   0        16 120
 9  64  23  44   8  21   0 0.00  0.0    0  7.7 17 290   M    M   0        21 300
10  67  23  45   8  20   0 0.00  0.0    0  7.4 17 350   M    M   0        24 320
11  74  23  49  12  16   0 0.00  0.0    0  6.5 22 210   M    M   0        28 210
12  71  33  52  15  13   0 0.00  0.0    0  9.8 23 300   M    M   0        29 300
13  65  31  48  10  17   0 0.00  0.0    0  9.9 20 360   M    M   2        24 360
14  74  24  49  11  16   0 0.00  0.0    0  9.9 22 210   M    M   0        27 210
15  84  42  63  25   2   0 0.00  0.0    0  9.2 23 280   M    M   0        29 260
16  80  36  58  20   7   0 0.00  0.0    0 13.9 31  20   M    M   1        38  20
17  49  32  41   2  24   0 0.00  0.0    0 14.8 22 140   M    M   6 1      28 120
18  65  33  49  10  16   0 0.00  0.0    0  9.1 18 130   M    M   1        25 130
19  60  29  45   6  20   0 0.00  0.0    0  9.1 22 320   M    M   3        27 320
20  72  20  46   7  19   0 0.00  0.0    0  6.0 15  60   M    M   0        22 240
21  78  27  53  13  12   0 0.00  0.0    0  5.7 16 300   M    M   0        23 240
22  67  36  52  12  13   0 0.00  0.0    0 11.7 25 300   M    M   0        30 330
23  65  32  49   9  16   0 0.16  0.0    0 14.0 30 150   M    M   5 3      36 140
24  61  35  48   8  17   0 0.00  0.0    0 14.8 32 280   M    M   3        42 280
25  54  26  40  -1  25   0 0.03    T    0  8.6 22 330   M    M   6 1      30 340
26  56  23  40  -1  25   0    T  0.0    0 12.6 32 310   M    M   8        44 310
27  73  36  55  14  10   0 0.01  0.0    0 11.8 29 340   M    M   4 1      36 330
28  82  30  56  15   9   0 0.00  0.0    0 11.5 29 260   M    M   0        35 260
29  66  39  53  11  12   0 0.00  0.0    0 13.9 36 330   M    M   0        47 310
30  72  29  51   9  14   0 0.00  0.0    0  8.2 20 320   M    M   0        28 300
31  82  29  56  14   9   0 0.00  0.0    0  6.0 14 210   M    M   0        23 240
================================================================================
SM 1949  825       620   0  0.27     0.9 301.2          M       62
================================================================================
AV 62.9 26.6                               9.7 FASTST   M    M   2    MAX(MPH)
                                 MISC ---->    36 330                 47  310
================================================================================
NOTES:
# LAST OF SEVERAL OCCURRENCES

COLUMN 17 PEAK WIND IN M.P.H.

PRELIMINARY LOCAL CLIMATOLOGICAL DATA (WS FORM: F-6) , PAGE 2

                                          STATION:  SCOTTSBLUFF NE AIRPORT
                                          MONTH:    MARCH
                                          YEAR:     2015
                                          LATITUDE:   41 52 N
                                          LONGITUDE: 103 36 W

[TEMPERATURE DATA]      [PRECIPITATION DATA]       SYMBOLS USED IN COLUMN 16

AVERAGE MONTHLY: 44.7   TOTAL FOR MONTH:   0.27    1 = FOG OR MIST
DPTR FM NORMAL:   6.5   DPTR FM NORMAL:   -0.73    2 = FOG REDUCING VISIBILITY
HIGHEST:    84 ON 15    GRTST 24HR  0.16 ON 23-23      TO 1/4 MILE OR LESS
LOWEST:      4 ON  5                               3 = THUNDER
                        SNOW, ICE PELLETS, HAIL    4 = ICE PELLETS
                        TOTAL MONTH:   0.9 INCH    5 = HAIL
                        GRTST 24HR   0.5 ON  3- 3  6 = FREEZING RAIN OR DRIZZLE
                        GRTST DEPTH:   1 ON  3     7 = DUSTSTORM OR SANDSTORM:
                                                       VSBY 1/2 MILE OR LESS
                                                   8 = SMOKE OR HAZE
[NO. OF DAYS WITH]      [WEATHER - DAYS WITH]      9 = BLOWING SNOW
                                                   X = TORNADO
MAX 32 OR BELOW:   2    0.01 INCH OR MORE:   5
MAX 90 OR ABOVE:   0    0.10 INCH OR MORE:   1
MIN 32 OR BELOW:  23    0.50 INCH OR MORE:   0
MIN  0 OR BELOW:   0    1.00 INCH OR MORE:   0

[HDD (BASE 65) ]
TOTAL THIS MO.   620    CLEAR  (SCALE 0-3)  22
DPTR FM NORMAL  -209    PTCLDY (SCALE 4-7)   7
TOTAL FM JUL 1  5335    CLOUDY (SCALE 8-10)  2
DPTR FM NORMAL  -406

[CDD (BASE 65) ]
TOTAL THIS MO.     0
DPTR FM NORMAL     0    [PRESSURE DATA]
TOTAL FM JAN 1     0    HIGHEST SLP 30.51 ON 17
DPTR FM NORMAL     0    LOWEST  SLP 29.54 ON 31

[REMARKS]
...MARCH 2015 WAS THE 4TH WARMEST MARCH ON RECORD...

NEW RECORD HIGH TEMPERATURE OF 84 DEGREES SET ON THE 15TH.  THE OLD RECORD WAS
 76 DEGREES SET IN 2013.
TIED RECORD HIGH TEMPERATURE OF 80 DEGREES ON THE 16TH, LAST SET IN 2012.
NEW RECORD HIGH TEMPERATURE OF 82 DEGREES SET ON THE 28TH.  THE OLD RECORD WAS
 79 DEGREES LAST SET IN 1986, AND PREVIOUSLY.
#FINAL-03-15#
