000
CXUS55 KGJT 281000
CF6CAG
PRELIMINARY LOCAL CLIMATOLOGICAL DATA (WS FORM: F-6)

                                          STATION:   CRAIG CO
                                          MONTH:     APRIL
                                          YEAR:      2015
                                          LATITUDE:   40 30 N
                                          LONGITUDE: 107 32 W

  TEMPERATURE IN F:       :PCPN:    SNOW:  WIND      :SUNSHINE: SKY     :PK WND
================================================================================
1   2   3   4   5  6A  6B    7    8   9   10  11  12  13   14  15   16   17  18
                                     12Z  AVG MX 2MIN
DY MAX MIN AVG DEP HDD CDD  WTR  SNW DPTH SPD SPD DIR MIN PSBL S-S WX    SPD DR
================================================================================

 1  61  35  48   9  17   0 0.00    M    M  7.8 29 280   M    M   5        34 270
 2  45  28  37  -2  28   0    T    M    M  9.6 28 350   M    M   7 18     39 350
 3  46  16  31  -8  34   0 0.00    M    M  3.2 14 270   M    M   3 1      19 250
 4  62  10  36  -4  29   0 0.00    M    M  8.1 29 240   M    M   0        36 250
 5  68  19  44   4  21   0 0.00    M    M 10.8 29 250   M    M   0        38 260
 6  68  22  45   5  20   0 0.00    M    M 13.0 36 220   M    M   0        49 210
 7  64  24  44   4  21   0 0.00    M    M 10.2 35 220   M    M   0        49 240
 8  56  21  39  -2  26   0 0.15    M    M 11.5 30 270   M    M   5 128    40 270
 9  51  27  39  -2  26   0 0.01    M    M  7.1 21 230   M    M   2 1      24 240
10  62  22  42   1  23   0 0.00    M    M  4.8 20 260   M    M   0        28 260
11  69  20  45   3  20   0 0.00    M    M  6.8 24 250   M    M   1        33 250
12  60  24  42   0  23   0    T    M    M  7.8 25 310   M    M   2        34 270
13  67  17  42   0  23   0 0.00    M    M  3.6 15 290   M    M   0        19 280
14  72  21  47   5  18   0    T    M    M 12.7 37 220   M    M   0        47 220
15  40  28  34  -8  31   0 0.05    M    M  7.4 22 280   M    M   9 1      26 270
16  53  22  38  -5  27   0 0.01    M    M  6.4 24 230   M    M   5        29 170
17  55  32  44   1  21   0 0.11    M    M  5.5 32 130   M    M   6 1      41 130
18  38  33  36  -7  29   0 0.67    M    M  6.3 15 240   M    M  10 1      18 230
19  50  33  42  -1  23   0 0.01    M    M  4.0 15  20   M    M   8 1      19  30
20  56  32  44   0  21   0 0.11    M    M  4.0 18 350   M    M   7 1      24 360
21  66  25  46   2  19   0 0.00    M    M  4.0 23 330   M    M   2        30 330
22  67  31  49   5  16   0 0.00    M    M  7.7 35 270   M    M   2        47 290
23  65  29  47   3  18   0    T    M    M  7.3 29 260   M    M   2        33 260
24  60  28  44  -1  21   0    T    M    M  5.9 26 200   M    M   5        34 200
25  56  33  45   0  20   0 0.28    M    M  7.6 23 210   M    M   8 1      29 210
26  57  33  45   0  20   0 0.30    M    M  6.4 24 350   M    M   7 13     29 350
27  59  35  47   2  18   0    T    M    M  6.4 17 340   M    M   7 1      24 340
================================================================================
SM 1573  700       613   0  1.70    M    195.9          M      103
================================================================================
AV 58.3 25.9                               7.3 FASTST   M    M   4    MAX(MPH)
                                 MISC ---->  # 37 220               # 49  210
================================================================================
NOTES:
# LAST OF SEVERAL OCCURRENCES

COLUMN 17 PEAK WIND IN M.P.H.

PRELIMINARY LOCAL CLIMATOLOGICAL DATA (WS FORM: F-6) , PAGE 2

                                          STATION:  CRAIG CO
                                          MONTH:    APRIL
                                          YEAR:     2015
                                          LATITUDE:   40 30 N
                                          LONGITUDE: 107 32 W

[TEMPERATURE DATA]      [PRECIPITATION DATA]       SYMBOLS USED IN COLUMN 16

AVERAGE MONTHLY: 42.1   TOTAL FOR MONTH:   1.70    1 = FOG OR MIST
DPTR FM NORMAL:  -0.1   DPTR FM NORMAL:    0.25    2 = FOG REDUCING VISIBILITY
HIGHEST:    72 ON 14    GRTST 24HR  0.67 ON 18-18      TO 1/4 MILE OR LESS
LOWEST:     10 ON  4                               3 = THUNDER
                        SNOW, ICE PELLETS, HAIL    4 = ICE PELLETS
                        TOTAL MONTH:    M          5 = HAIL
                        GRTST 24HR    M  ON   M    6 = FREEZING RAIN OR DRIZZLE
                        GRTST DEPTH:  M  ON   M    7 = DUSTSTORM OR SANDSTORM:
                                                       VSBY 1/2 MILE OR LESS
                                                   8 = SMOKE OR HAZE
[NO. OF DAYS WITH]      [WEATHER - DAYS WITH]      9 = BLOWING SNOW
                                                   X = TORNADO
MAX 32 OR BELOW:   0    0.01 INCH OR MORE:  10
MAX 90 OR ABOVE:   0    0.10 INCH OR MORE:   6
MIN 32 OR BELOW:  21    0.50 INCH OR MORE:   1
MIN  0 OR BELOW:   0    1.00 INCH OR MORE:   0

[HDD (BASE 65) ]
TOTAL THIS MO.   613    CLEAR  (SCALE 0-3)  14
DPTR FM NORMAL    -3    PTCLDY (SCALE 4-7)  10
TOTAL FM JUL 1  6857    CLOUDY (SCALE 8-10)  3
DPTR FM NORMAL -1097

[CDD (BASE 65) ]
TOTAL THIS MO.     0
DPTR FM NORMAL     0    [PRESSURE DATA]
TOTAL FM JAN 1     0    HIGHEST SLP M ON M
DPTR FM NORMAL     0    LOWEST  SLP 29.41 ON  8

[REMARKS]
