000
CXUS54 KOUN 250800
CF6CSM
PRELIMINARY LOCAL CLIMATOLOGICAL DATA (WS FORM: F-6)

                                          STATION:   CLINTON
                                          MONTH:     APRIL
                                          YEAR:      2015
                                          LATITUDE:   35 20 N
                                          LONGITUDE:  99 12 W

  TEMPERATURE IN F:       :PCPN:    SNOW:  WIND      :SUNSHINE: SKY     :PK WND
================================================================================
1   2   3   4   5  6A  6B    7    8   9   10  11  12  13   14  15   16   17  18
                                     12Z  AVG MX 2MIN
DY MAX MIN AVG DEP HDD CDD  WTR  SNW DPTH SPD SPD DIR MIN PSBL S-S WX    SPD DR
================================================================================

 1  84  53  69  14   0   4 0.00  0.0    0 19.6 31 170   M    M   0        38 170
 2  83  54  69  14   0   4 0.00  0.0    0 12.4 23 170   M    M   0        28 170
 3  64  37  51  -5  14   0 0.00  0.0    0 20.1 37 360   M    M   2        47  10
 4  65  31  48  -8  17   0 0.00  0.0    0 10.2 18 160   M    M   0        24 150
 5  67  50  59   3   6   0 0.00  0.0    0 20.6 29 190   M    M   6 1      35 190
 6  90  56  73  17   0   8    T  0.0    0 19.3 30 170   M    M   5 128    36 180
 7  90  61  76  19   0  11    T  0.0    0 16.4 28 170   M    M   1 128    36 180
 8  79  64  72  15   0   7    T  0.0    0 20.9 35 190   M    M   1 138    42 190
 9  72  47  60   3   5   0 0.00  0.0    0 18.6 28 320   M    M   2 18     35 320
10  70  33  52  -5  13   0 0.00  0.0    0  7.6 24  20   M    M   1        28  20
11  73  46  60   2   5   0 0.04  0.0    0 13.8 24 140   M    M   6 13     29 150
12  82  60  71  13   0   6 2.07  0.0    0 18.4 30 190   M    M   5 13     37 210
13  61  52  57  -1   8   0 0.83  0.0    0 17.0 31  40   M    M   9 13     40  40
14  65  48  57  -1   8   0 0.04  0.0    0 10.5 21  50   M    M  10 1      26  60
15  72  51  62   3   3   0 0.00  0.0    0 10.8 24 160   M    M   5        30 170
16  75  56  66   7   0   1    T  0.0    0 13.7 25 140   M    M   6 18     30 140
17  69  55  62   3   3   0 1.19  0.0    0 10.8 25  80   M    M   8 13     33  10
18  73  53  63   3   2   0    T  0.0    0  8.9 28 130   M    M   4 13     34 130
19  65  45  55  -5  10   0    T    M    0 13.3 32 350   M    M   3        43 340
20  65  41  53  -7  12   0 0.01    M    0  6.9 20 190   M    M   3        25 190
21  76  50  63   3   2   0 0.01  0.0    0 11.9 23 200   M    M   0        27 210
22  69  54  62   1   3   0 0.05  0.0    0 11.4 26 300   M    M   6 138    33 300
23  64  53  59  -2   6   0    T  0.0    0  9.9 16 150   M    M  10 12     27  90
24  75  56  66   5   0   1 0.15  0.0    0 17.2 30 180   M    M   3 123    40 190
================================================================================
SM 1748 1206       117  42  4.39     0.0 340.2          M       96
================================================================================
AV 72.8 50.2                              14.2 FASTST   M    M   4    MAX(MPH)
                                 MISC ---->  # 37 360               # 47   10
================================================================================
NOTES:
# LAST OF SEVERAL OCCURRENCES

COLUMN 17 PEAK WIND IN M.P.H.

PRELIMINARY LOCAL CLIMATOLOGICAL DATA (WS FORM: F-6) , PAGE 2

                                          STATION:  CLINTON
                                          MONTH:    APRIL
                                          YEAR:     2015
                                          LATITUDE:   35 20 N
                                          LONGITUDE:  99 12 W

[TEMPERATURE DATA]      [PRECIPITATION DATA]       SYMBOLS USED IN COLUMN 16

AVERAGE MONTHLY: 61.5   TOTAL FOR MONTH:   4.39    1 = FOG OR MIST
DPTR FM NORMAL:   3.5   DPTR FM NORMAL:    2.67    2 = FOG REDUCING VISIBILITY
HIGHEST:    90 ON  7, 6 GRTST 24HR  2.90 ON 12-13      TO 1/4 MILE OR LESS
LOWEST:     31 ON  4                               3 = THUNDER
                        SNOW, ICE PELLETS, HAIL    4 = ICE PELLETS
                        TOTAL MONTH:   0.0 INCH    5 = HAIL
                        GRTST 24HR     0.0         6 = FREEZING RAIN OR DRIZZLE
                        GRTST DEPTH:   0           7 = DUSTSTORM OR SANDSTORM:
                                                       VSBY 1/2 MILE OR LESS
                                                   8 = SMOKE OR HAZE
[NO. OF DAYS WITH]      [WEATHER - DAYS WITH]      9 = BLOWING SNOW
                                                   X = TORNADO
MAX 32 OR BELOW:   0    0.01 INCH OR MORE:   9
MAX 90 OR ABOVE:   2    0.10 INCH OR MORE:   4
MIN 32 OR BELOW:   1    0.50 INCH OR MORE:   3
MIN  0 OR BELOW:   0    1.00 INCH OR MORE:   2

[HDD (BASE 65) ]
TOTAL THIS MO.   117    CLEAR  (SCALE 0-3)  10
DPTR FM NORMAL   -72    PTCLDY (SCALE 4-7)  11
TOTAL FM JUL 1  3426    CLOUDY (SCALE 8-10)  3
DPTR FM NORMAL  -137

[CDD (BASE 65) ]
TOTAL THIS MO.    42
DPTR FM NORMAL    20    [PRESSURE DATA]
TOTAL FM JAN 1    46    HIGHEST SLP M ON M
DPTR FM NORMAL    19    LOWEST  SLP 29.55 ON 24

[REMARKS]
