000
CXUS55 KTWC 250855
CF6DUG
PRELIMINARY LOCAL CLIMATOLOGICAL DATA (WS FORM: F-6)

                                          STATION:   DOUGLAS AZ
                                          MONTH:     APRIL
                                          YEAR:      2015
                                          LATITUDE:   31 28 N
                                          LONGITUDE: 109 36 W

  TEMPERATURE IN F:       :PCPN:    SNOW:  WIND      :SUNSHINE: SKY     :PK WND
================================================================================
1   2   3   4   5  6A  6B    7    8   9   10  11  12  13   14  15   16   17  18
                                     12Z  AVG MX 2MIN
DY MAX MIN AVG DEP HDD CDD  WTR  SNW DPTH SPD SPD DIR MIN PSBL S-S WX    SPD DR
================================================================================

 1  81  47  64   6   1   0 0.00  0.0    0 11.5 24 230   M    M   0        29 260
 2  82  48  65   7   0   0 0.00  0.0    0  9.0 28 270   M    M   0        36 220
 3  80  40  60   2   5   0 0.00  0.0    0  5.6 16 240   M    M   0        21 140
 4  83  45  64   6   1   0 0.00  0.0    0  7.7 24 230   M    M   0        33 220
 5  80  44  62   4   3   0 0.00  0.0    0  8.3 26 260   M    M   0        33 250
 6  80  47  64   5   1   0 0.00  0.0    0 11.4 31 250   M    M   0        38 250
 7  81  44  63   4   2   0 0.00  0.0    0  9.2 32 260   M    M   2        41 270
 8  80  47  64   5   1   0 0.00  0.0    0 12.4 26 260   M    M   2        33 270
 9  80  37  59   0   6   0 0.00  0.0    0  8.5 24 220   M    M   0        30 230
10  82  38  60   0   5   0 0.00  0.0    0  9.7 30 230   M    M   0        37 240
11  81  43  62   2   3   0 0.00  0.0    0 10.0 29 230   M    M   0        38 220
12  60  48  54  -6  11   0 0.35    M    0  7.5 23 180   M    M   9 1      28 170
13  74  41  58  -2   7   0    T    M    0  5.2 23  40   M    M   2 1      33  60
14  76  43  60  -1   5   0 0.00  0.0    0  5.9 15 140   M    M   1        19 150
15  79  49  64   3   1   0 0.00  0.0    0 14.8 29 240   M    M   2        38 220
16  71  38  55  -6  10   0 0.00  0.0    0 11.9 26 260   M    M   0        37 270
17  71  30  51 -11  14   0 0.00  0.0    0  7.2 20 340   M    M   0        25 310
18  75  34  55  -7  10   0 0.00  0.0    0  9.2 25 310   M    M   0        31 310
19  80  34  57  -5   8   0 0.00  0.0    0  3.8 17 250   M    M   0        24 260
20  81  42  62   0   3   0 0.00  0.0    0  6.3 18 220   M    M   M        25 230
21  79  45  62  -1   3   0 0.00  0.0    0  8.8 24 190   M    M   M        37 230
22  78  43  61  -2   4   0 0.00  0.0    0  8.0 23 210   M    M   M        28 220
23  77  51  64   1   1   0 0.01  0.0    0 14.2 32 180   M    M   2 3      41 200
24  72  44  58  -6   7   0 0.00  0.0    0 10.2 26 250   M    M   2        33 290
================================================================================
SM 1863 1022       112   0  0.36     0.0 216.3          M       22
================================================================================
AV 77.6 42.6                               9.0 FASTST   M    M   1    MAX(MPH)
                                 MISC ---->  # 32 260               # 41  270
================================================================================
NOTES:
# LAST OF SEVERAL OCCURRENCES

COLUMN 17 PEAK WIND IN M.P.H.

PRELIMINARY LOCAL CLIMATOLOGICAL DATA (WS FORM: F-6) , PAGE 2

                                          STATION:  DOUGLAS AZ
                                          MONTH:    APRIL
                                          YEAR:     2015
                                          LATITUDE:   31 28 N
                                          LONGITUDE: 109 36 W

[TEMPERATURE DATA]      [PRECIPITATION DATA]       SYMBOLS USED IN COLUMN 16

AVERAGE MONTHLY: 60.1   TOTAL FOR MONTH:   0.36    1 = FOG OR MIST
DPTR FM NORMAL:  -0.3   DPTR FM NORMAL:    0.18    2 = FOG REDUCING VISIBILITY
HIGHEST:    83 ON  4    GRTST 24HR  0.35 ON 12-12      TO 1/4 MILE OR LESS
LOWEST:     30 ON 17                               3 = THUNDER
                        SNOW, ICE PELLETS, HAIL    4 = ICE PELLETS
                        TOTAL MONTH:   0.0 INCH    5 = HAIL
                        GRTST 24HR     0.0         6 = FREEZING RAIN OR DRIZZLE
                        GRTST DEPTH:   0           7 = DUSTSTORM OR SANDSTORM:
                                                       VSBY 1/2 MILE OR LESS
                                                   8 = SMOKE OR HAZE
[NO. OF DAYS WITH]      [WEATHER - DAYS WITH]      9 = BLOWING SNOW
                                                   X = TORNADO
MAX 32 OR BELOW:   0    0.01 INCH OR MORE:   2
MAX 90 OR ABOVE:   0    0.10 INCH OR MORE:   1
MIN 32 OR BELOW:   1    0.50 INCH OR MORE:   0
MIN  0 OR BELOW:   0    1.00 INCH OR MORE:   0

[HDD (BASE 65) ]
TOTAL THIS MO.   112    CLEAR  (SCALE 0-3)  20
DPTR FM NORMAL   -12    PTCLDY (SCALE 4-7)   0
TOTAL FM JUL 1  2188    CLOUDY (SCALE 8-10)  1
DPTR FM NORMAL  -297

[CDD (BASE 65) ]
TOTAL THIS MO.     0
DPTR FM NORMAL   -14    [PRESSURE DATA]
TOTAL FM JAN 1     4    HIGHEST SLP M ON M
DPTR FM NORMAL   -11    LOWEST  SLP 29.66 ON 20

[REMARKS]
