000
CXUS56 KEKA 211230
CF6EKA
PRELIMINARY LOCAL CLIMATOLOGICAL DATA (WS FORM: F-6)

                                          STATION:   EUREKA CA
                                          MONTH:     APRIL
                                          YEAR:      2015
                                          LATITUDE:   40 47 N
                                          LONGITUDE: 124 10 W

  TEMPERATURE IN F:       :PCPN:    SNOW:  WIND      :SUNSHINE: SKY     :PK WND
================================================================================
1   2   3   4   5  6A  6B    7    8   9   10  11  12  13   14  15   16   17  18
                                     12Z  AVG MX 2MIN
DY MAX MIN AVG DEP HDD CDD  WTR  SNW DPTH SPD SPD DIR MIN PSBL S-S WX    SPD DR
================================================================================

 1  57  39  48  -2  17   0 0.00  0.0    0 11.1 23 360   M    M   4        33  10
 2  56  38  47  -3  18   0 0.00  0.0    0  6.9 16 350   M    M   0        30 350
 3  56  44  50   0  15   0 0.00  0.0    0  2.8 14 340   M    M   9        17  M
 4  56  43  50   0  15   0 0.00  0.0    0  3.0 12 300   M    M   8        17  M
 5  54  43  49  -1  16   0 0.19    T    0  7.0 15 230   M    M   9 4      25 230
 6  53  42  48  -2  17   0 1.66    M    0 10.0 18 180   M    M  10 1      35 180
 7  56  42  49  -1  16   0 0.06    M    0  5.4 15 230   M    M   6 1      24 240
 8  57  43  50   0  15   0 0.00  0.0    0  3.0 13 290   M    M   4        17  M
 9  58  40  49  -1  16   0 0.00  0.0    0  3.0 12 300   M    M   4        13  M
10  59  47  53   3  12   0 0.00  0.0    0  2.8 13 320   M    M   8        14  M
11  56  44  50  -1  15   0 0.10    M    0  5.6 15 360   M    M   8        23  M
12  58  39  49  -2  16   0 0.00  0.0    0  2.9 10 350   M    M   1        14 350
13  62  42  52   1  13   0 0.44    M    0  3.8 14 330   M    M   8 1      29 330
14  55  40  48  -3  17   0 0.05  0.0    0  6.3 16 360   M    M   4        23 350
15  56  37  47  -4  18   0 0.00  0.0    0  8.2 21 350   M    M   1        32 350
16  61  40  51   0  14   0 0.00  0.0    0  3.0 12 360   M    M   1        12 360
17  57  46  52   1  13   0 0.00  0.0    0  3.0  9 360   M    M   9 18     16 360
18  57  48  53   2  12   0 0.00  0.0    0  2.6  8 330   M    M   5 18     14 330
19  57  47  52   1  13   0 0.00  0.0    0  4.9 10 260   M    M   5 18     15 260
20  53  47  50  -1  15   0    T  0.0    0  3.3  8 290   M    M  10 1      12  M
================================================================================
SM 1134  851       303   0  2.50    T     98.6          M      114
================================================================================
AV 56.7 42.5                               4.9 FASTST   M    M   6    MAX(MPH)
                                 MISC ---->  # 23 360               # 35  180
================================================================================
NOTES:
# LAST OF SEVERAL OCCURRENCES

COLUMN 17 PEAK WIND IN M.P.H.

PRELIMINARY LOCAL CLIMATOLOGICAL DATA (WS FORM: F-6) , PAGE 2

                                          STATION:  EUREKA CA
                                          MONTH:    APRIL
                                          YEAR:     2015
                                          LATITUDE:   40 47 N
                                          LONGITUDE: 124 10 W

[TEMPERATURE DATA]      [PRECIPITATION DATA]       SYMBOLS USED IN COLUMN 16

AVERAGE MONTHLY: 49.6   TOTAL FOR MONTH:   2.50    1 = FOG OR MIST
DPTR FM NORMAL:  -0.9   DPTR FM NORMAL:    0.09    2 = FOG REDUCING VISIBILITY
HIGHEST:    62 ON 13    GRTST 24HR  1.66 ON  6- 6      TO 1/4 MILE OR LESS
LOWEST:     37 ON 15                               3 = THUNDER
                        SNOW, ICE PELLETS, HAIL    4 = ICE PELLETS
                        TOTAL MONTH:    T          5 = HAIL
                        GRTST 24HR    T  ON  5- 5  6 = FREEZING RAIN OR DRIZZLE
                        GRTST DEPTH:   0           7 = DUSTSTORM OR SANDSTORM:
                                                       VSBY 1/2 MILE OR LESS
                                                   8 = SMOKE OR HAZE
[NO. OF DAYS WITH]      [WEATHER - DAYS WITH]      9 = BLOWING SNOW
                                                   X = TORNADO
MAX 32 OR BELOW:   0    0.01 INCH OR MORE:   6
MAX 90 OR ABOVE:   0    0.10 INCH OR MORE:   4
MIN 32 OR BELOW:   0    0.50 INCH OR MORE:   1
MIN  0 OR BELOW:   0    1.00 INCH OR MORE:   1

[HDD (BASE 65) ]
TOTAL THIS MO.   303    CLEAR  (SCALE 0-3)   4
DPTR FM NORMAL    12    PTCLDY (SCALE 4-7)  11
TOTAL FM JUL 1  2853    CLOUDY (SCALE 8-10)  5
DPTR FM NORMAL  -836

[CDD (BASE 65) ]
TOTAL THIS MO.     0
DPTR FM NORMAL     0    [PRESSURE DATA]
TOTAL FM JAN 1     0    HIGHEST SLP M ON M
DPTR FM NORMAL     0    LOWEST  SLP M ON M

[REMARKS]
