000
CXUS55 KALY 250710
CF6GFL
PRELIMINARY LOCAL CLIMATOLOGICAL DATA (WS FORM: F-6)

                                          STATION:   GLENS FALLS NY
                                          MONTH:     APRIL
                                          YEAR:      2015
                                          LATITUDE:   43 20 N
                                          LONGITUDE:  73 37 W

  TEMPERATURE IN F:       :PCPN:    SNOW:  WIND      :SUNSHINE: SKY     :PK WND
================================================================================
1   2   3   4   5  6A  6B    7    8   9   10  11  12  13   14  15   16   17  18
                                     12Z  AVG MX 2MIN
DY MAX MIN AVG DEP HDD CDD  WTR  SNW DPTH SPD SPD DIR MIN PSBL S-S WX    SPD DR
================================================================================

 1  44  19  32  -6  33   0 0.00    M    M  3.7 13 120   M    M   0        17 130
 2  63  21  42   3  23   0    T    M    M  7.0 18 190   M    M   4        26 190
 3  64  41  53  14  12   0 0.01    M    M  6.2 16 160   M    M   4 1      19 160
 4  48  28  38  -2  27   0 0.04    M    M  9.2 28  10   M    M   7        34 360
 5  43  27  35  -5  30   0 0.00    M    M 10.4 24 290   M    M   3        29 290
 6  50  26  38  -3  27   0    T    M    M  3.8 12  60   M    M   6        14  50
 7  46  27  37  -4  28   0    T    M    M  7.6 18  50   M    M   7 1      23  50
 8  44  27  36  -6  29   0 0.48    M    M  6.2 16 150   M    M   7 1      20 150
 9  41  32  37  -5  28   0 0.03    M    M  4.5 10 220   M    M   9 1      15 180
10  51  36  44   2  21   0 0.33    M    M  8.1 18 240   M    M  10 1      26 210
11  48  32  40  -3  25   0 0.00    M    M 11.2 24 290   M    M   6        33 220
12  67  24  46   3  19   0 0.00    M    M  4.2 14 180   M    M   0        20 180
13  74  29  52   8  13   0 0.00    M    M  9.7 24 190   M    M   0        37 190
14  65  36  51   7  14   0    T    M    M  7.7 23 290   M    M   3        32 290
15  63  32  48   3  17   0 0.00    M    M  7.7 24 310   M    M   0        34 290
16  67  26  47   2  18   0 0.00    M    M  6.7 18 180   M    M   0        23 160
17  67  48  58  13   7   0 0.02    M    M  8.6 22 300   M    M   5 1      27 290
18  73  35  54   8  11   0 0.00    M    M  7.8 26 340   M    M   3 18     35 340
19  59  30  45  -1  20   0 0.00    M    M  5.0 18  30   M    M   1        23  40
20  50  41  46  -1  19   0 0.21    M    M  4.2 12  50   M    M   8 1      14  50
21  57  39  48   1  17   0 0.52    M    M  5.6 20 270   M    M   9 13     29 270
22  54  32  43  -4  22   0 0.32    M    M  3.7 15 330   M    M   9 12     21 330
23  45  36  41  -7  24   0 0.00    M    M  9.1 21 300   M    M   9        28 300
24  42  34  38 -10  27   0 0.00    M    M  8.2 17 290   M    M  10        24 300
================================================================================
SM 1325  758       511   0  1.96    M    166.1          M      120
================================================================================
AV 55.2 31.6                               6.9 FASTST   M    M   5    MAX(MPH)
                                 MISC ---->  # 28  10               # 37  190
================================================================================
NOTES:
# LAST OF SEVERAL OCCURRENCES

COLUMN 17 PEAK WIND IN M.P.H.

PRELIMINARY LOCAL CLIMATOLOGICAL DATA (WS FORM: F-6) , PAGE 2

                                          STATION:  GLENS FALLS NY
                                          MONTH:    APRIL
                                          YEAR:     2015
                                          LATITUDE:   43 20 N
                                          LONGITUDE:  73 37 W

[TEMPERATURE DATA]      [PRECIPITATION DATA]       SYMBOLS USED IN COLUMN 16

AVERAGE MONTHLY: 43.4   TOTAL FOR MONTH:   1.96    1 = FOG OR MIST
DPTR FM NORMAL:  -0.0   DPTR FM NORMAL:   -0.39    2 = FOG REDUCING VISIBILITY
HIGHEST:    74 ON 13    GRTST 24HR  0.67 ON 20-21      TO 1/4 MILE OR LESS
LOWEST:     19 ON  1                               3 = THUNDER
                        SNOW, ICE PELLETS, HAIL    4 = ICE PELLETS
                        TOTAL MONTH:    M          5 = HAIL
                        GRTST 24HR    M  ON   M    6 = FREEZING RAIN OR DRIZZLE
                        GRTST DEPTH:  M  ON   M    7 = DUSTSTORM OR SANDSTORM:
                                                       VSBY 1/2 MILE OR LESS
                                                   8 = SMOKE OR HAZE
[NO. OF DAYS WITH]      [WEATHER - DAYS WITH]      9 = BLOWING SNOW
                                                   X = TORNADO
MAX 32 OR BELOW:   0    0.01 INCH OR MORE:   9
MAX 90 OR ABOVE:   0    0.10 INCH OR MORE:   5
MIN 32 OR BELOW:  15    0.50 INCH OR MORE:   1
MIN  0 OR BELOW:   0    1.00 INCH OR MORE:   0

[HDD (BASE 65) ]
TOTAL THIS MO.   511    CLEAR  (SCALE 0-3)   8
DPTR FM NORMAL    -7    PTCLDY (SCALE 4-7)  10
TOTAL FM JUL 1  7374    CLOUDY (SCALE 8-10)  6
DPTR FM NORMAL   193

[CDD (BASE 65) ]
TOTAL THIS MO.     0
DPTR FM NORMAL     0    [PRESSURE DATA]
TOTAL FM JAN 1     0    HIGHEST SLP M ON M
DPTR FM NORMAL     0    LOWEST  SLP 29.53 ON 21

[REMARKS]
