000
CXUS53 KIND 280730
CF6HUF
PRELIMINARY LOCAL CLIMATOLOGICAL DATA (WS FORM: F-6)

                                          STATION:   TERRE HAUTE IN
                                          MONTH:     APRIL
                                          YEAR:      2015
                                          LATITUDE:   39 27 N
                                          LONGITUDE:  87 18 W

  TEMPERATURE IN F:       :PCPN:    SNOW:  WIND      :SUNSHINE: SKY     :PK WND
================================================================================
1   2   3   4   5  6A  6B    7    8   9   10  11  12  13   14  15   16   17  18
                                     12Z  AVG MX 2MIN
DY MAX MIN AVG DEP HDD CDD  WTR  SNW DPTH SPD SPD DIR MIN PSBL S-S WX    SPD DR
================================================================================

 1  70  37  54   5  11   0 0.00    M    M  8.1 16 180   M    M   0        21 180
 2  73  53  63  14   2   0 0.39    M    M  9.9 21 200   M    M   6 13     27 220
 3  61  40  51   2  14   0 0.37    M    M 10.3 25 320   M    M   8 13     32 300
 4  55  31  43  -7  22   0 0.00    M    M  7.1 17 240   M    M   1        22 260
 5  64  33  49  -1  16   0 0.00    M    M  8.4 18 190   M    M   0        26 180
 6  59  49  54   4  11   0    T    M    M  8.3 17 190   M    M  10 1      21 210
 7  66  56  61  10   4   0 0.46    M    M  4.6 20 140   M    M   8 123    25 130
 8  75  59  67  16   0   2 0.65    M    M  7.8 18 320   M    M   5 123    26 330
 9  78  60  69  18   0   4 1.02    M    M 13.8 35 260   M    M   3 13     48 250
10  65  45  55   3  10   0 0.01    M    M 15.9 30 290   M    M   4        40 290
11  62  35  49  -3  16   0 0.00    M    M  2.5 13 360   M    M   0        16 360
12  71  41  56   4   9   0 0.00    M    M  6.5 15 170   M    M   1        18 150
13  70  52  61   9   4   0 0.03    M    M 10.1 24 260   M    M   5        37 200
14  65  47  56   3   9   0 0.00    M    M  9.6 20  60   M    M   0        23  60
15  70  42  56   3   9   0 0.17    M    M 10.6 22 100   M    M   4 1      27  80
16  68  50  59   6   6   0 0.19    M    M  4.1 10 160   M    M   7 123    13 170
17  77  48  63   9   2   0 0.00    M    M  1.2  9  90   M    M   3 12     12 100
18  76  48  62   8   3   0 0.00    M    M  4.6 13  70   M    M   0        15  80
19  64  57  61   7   4   0 0.88    M    M  9.4 17 250   M    M   8 1      23 240
20  58  45  52  -3  13   0 0.01    M    M 13.9 28 260   M    M  10        39 260
21  63  42  53  -2  12   0 0.00    M    M 13.8 28 270   M    M   1        42 250
22  53  39  46  -9  19   0 0.01    M    M 12.4 24 310   M    M   5        39 300
23  58  35  47  -9  18   0 0.00    M    M  8.6 21 320   M    M   0        27 320
24  62  29  46 -10  19   0    T    M    M  4.8 14 190   M    M   5        20 150
25  56  46  51  -5  14   0 0.38    M    M 10.7 20  40   M    M  10 13     26  40
26  60  42  51  -6  14   0 0.00    M    M 10.4 18  40   M    M   3        23  40
27  60  37  49  -8  16   0 0.00    M    M 10.2 21  20   M    M   1        29 320
================================================================================
SM 1759 1198       277   6  4.57    M    237.6          M      108
================================================================================
AV 65.1 44.4                               8.8 FASTST   M    M   4    MAX(MPH)
                                 MISC ---->  # 35 260               # 48  250
================================================================================
NOTES:
# LAST OF SEVERAL OCCURRENCES

COLUMN 17 PEAK WIND IN M.P.H.

PRELIMINARY LOCAL CLIMATOLOGICAL DATA (WS FORM: F-6) , PAGE 2

                                          STATION:  TERRE HAUTE IN
                                          MONTH:    APRIL
                                          YEAR:     2015
                                          LATITUDE:   39 27 N
                                          LONGITUDE:  87 18 W

[TEMPERATURE DATA]      [PRECIPITATION DATA]       SYMBOLS USED IN COLUMN 16

AVERAGE MONTHLY: 54.8   TOTAL FOR MONTH:   4.57    1 = FOG OR MIST
DPTR FM NORMAL:   1.9   DPTR FM NORMAL:    1.18    2 = FOG REDUCING VISIBILITY
HIGHEST:    78 ON  9    GRTST 24HR  1.02 ON  9- 9      TO 1/4 MILE OR LESS
LOWEST:     29 ON 24                               3 = THUNDER
                        SNOW, ICE PELLETS, HAIL    4 = ICE PELLETS
                        TOTAL MONTH:    M          5 = HAIL
                        GRTST 24HR    M  ON   M    6 = FREEZING RAIN OR DRIZZLE
                        GRTST DEPTH:  M  ON   M    7 = DUSTSTORM OR SANDSTORM:
                                                       VSBY 1/2 MILE OR LESS
                                                   8 = SMOKE OR HAZE
[NO. OF DAYS WITH]      [WEATHER - DAYS WITH]      9 = BLOWING SNOW
                                                   X = TORNADO
MAX 32 OR BELOW:   0    0.01 INCH OR MORE:  13
MAX 90 OR ABOVE:   0    0.10 INCH OR MORE:   9
MIN 32 OR BELOW:   2    0.50 INCH OR MORE:   3
MIN  0 OR BELOW:   0    1.00 INCH OR MORE:   1

[HDD (BASE 65) ]
TOTAL THIS MO.   277    CLEAR  (SCALE 0-3)  10
DPTR FM NORMAL   -65    PTCLDY (SCALE 4-7)  14
TOTAL FM JUL 1  5714    CLOUDY (SCALE 8-10)  3
DPTR FM NORMAL   518

[CDD (BASE 65) ]
TOTAL THIS MO.     6
DPTR FM NORMAL    -7    [PRESSURE DATA]
TOTAL FM JAN 1     6    HIGHEST SLP M ON M
DPTR FM NORMAL    -8    LOWEST  SLP 29.33 ON 19

[REMARKS]
