000
CXUS55 KBOI 211002
CF6JER
PRELIMINARY LOCAL CLIMATOLOGICAL DATA (WS FORM: F-6)

                                          STATION:   JEROME ID
                                          MONTH:     APRIL
                                          YEAR:      2015
                                          LATITUDE:   42 43 N
                                          LONGITUDE: 114 27 W

  TEMPERATURE IN F:       :PCPN:    SNOW:  WIND      :SUNSHINE: SKY     :PK WND
================================================================================
1   2   3   4   5  6A  6B    7    8   9   10  11  12  13   14  15   16   17  18
                                     12Z  AVG MX 2MIN
DY MAX MIN AVG DEP HDD CDD  WTR  SNW DPTH SPD SPD DIR MIN PSBL S-S WX    SPD DR
================================================================================

 1  51  29  40  -4  25   0 0.00    M    M 18.4 33 250   M    M   1        41 250
 2  51  23  37  -7  28   0 0.00    M    M 11.4 29 260   M    M   1        37 260
 3  57  21  39  -5  26   0 0.00    M    M  7.7 20  40   M    M   0        22  40
 4  57  33  45   0  20   0 0.00    M    M  9.0 20 270   M    M   1        25 260
 5  53  38  46   1  19   0    T    M    M  5.0 20 220   M    M   6        25 220
 6  52  35  44  -1  21   0    T    M    M 13.8 28 260   M    M   4        34 270
 7  58  33  46   1  19   0    T    M    M 15.4 26  40   M    M   4        32  50
 8  49  35  42  -3  23   0 0.09    M    M 11.3 23 230   M    M   9 1      29 220
 9  59  34  47   2  18   0 0.00    M    M  7.4 16 250   M    M   3        23 270
10  66  33  50   4  15   0 0.00    M    M  8.7 18  40   M    M   0        21  40
11  61  38  50   4  15   0 0.05    M    M 13.6 29 270   M    M   3 13     39 260
12  54  31  43  -3  22   0 0.00    M    M 14.2 24 250   M    M   0        32 250
13  74  31  53   7  12   0 0.00    M    M 10.5 22  60   M    M   0 8      26  40
14  60  32  46   0  19   0    T    M    M 24.8 41 260   M    M   4 1      51 250
15  54  27  41  -5  24   0 0.00    M    M 16.3 28 270   M    M   5        43 250
16  58  29  44  -3  21   0 0.00    M    M  6.5 16 280   M    M   1        20 230
17  67  34  51   4  14   0 0.00    M    M  8.0 20 250   M    M   0        24 260
18  70  40  55   8  10   0 0.00    M    M 11.7 29 240   M    M   0        35 250
19  64  36  50   3  15   0 0.00    M    M  8.5 14 260   M    M   0        18 280
20  70  36  53   5  12   0 0.00    M    M  5.7 14 270   M    M   0        23 250
================================================================================
SM 1185  648       378   0  0.14    M    227.9          M       42
================================================================================
AV 59.2 32.4                              11.4 FASTST   M    M   2    MAX(MPH)
                                 MISC ---->  # 41 260               # 51  250
================================================================================
NOTES:
# LAST OF SEVERAL OCCURRENCES

COLUMN 17 PEAK WIND IN M.P.H.

PRELIMINARY LOCAL CLIMATOLOGICAL DATA (WS FORM: F-6) , PAGE 2

                                          STATION:  JEROME ID
                                          MONTH:    APRIL
                                          YEAR:     2015
                                          LATITUDE:   42 43 N
                                          LONGITUDE: 114 27 W

[TEMPERATURE DATA]      [PRECIPITATION DATA]       SYMBOLS USED IN COLUMN 16

AVERAGE MONTHLY: 45.8   TOTAL FOR MONTH:   0.14    1 = FOG OR MIST
DPTR FM NORMAL:   0.1   DPTR FM NORMAL:   -0.74    2 = FOG REDUCING VISIBILITY
HIGHEST:    74 ON 13    GRTST 24HR  0.09 ON  8- 8      TO 1/4 MILE OR LESS
LOWEST:     21 ON  3                               3 = THUNDER
                        SNOW, ICE PELLETS, HAIL    4 = ICE PELLETS
                        TOTAL MONTH:    M          5 = HAIL
                        GRTST 24HR    M  ON   M    6 = FREEZING RAIN OR DRIZZLE
                        GRTST DEPTH:  M  ON   M    7 = DUSTSTORM OR SANDSTORM:
                                                       VSBY 1/2 MILE OR LESS
                                                   8 = SMOKE OR HAZE
[NO. OF DAYS WITH]      [WEATHER - DAYS WITH]      9 = BLOWING SNOW
                                                   X = TORNADO
MAX 32 OR BELOW:   0    0.01 INCH OR MORE:   2
MAX 90 OR ABOVE:   0    0.10 INCH OR MORE:   0
MIN 32 OR BELOW:   8    0.50 INCH OR MORE:   0
MIN  0 OR BELOW:   0    1.00 INCH OR MORE:   0

[HDD (BASE 65) ]
TOTAL THIS MO.   378    CLEAR  (SCALE 0-3)  13
DPTR FM NORMAL    -8    PTCLDY (SCALE 4-7)   6
TOTAL FM JUL 1  4975    CLOUDY (SCALE 8-10)  1
DPTR FM NORMAL -1067

[CDD (BASE 65) ]
TOTAL THIS MO.     0
DPTR FM NORMAL     0    [PRESSURE DATA]
TOTAL FM JAN 1     0    HIGHEST SLP M ON M
DPTR FM NORMAL     0    LOWEST  SLP 29.61 ON 13

[REMARKS]
