000
CXUS54 KLZK 011330
CF6LLQ
PRELIMINARY LOCAL CLIMATOLOGICAL DATA (WS FORM: F-6)

                                          STATION:   Monticello
                                          MONTH:     MARCH
                                          YEAR:      2015
                                          LATITUDE:   33 37 N
                                          LONGITUDE:  91 45 W

  TEMPERATURE IN F:       :PCPN:    SNOW:  WIND      :SUNSHINE: SKY     :PK WND
================================================================================
1   2   3   4   5  6A  6B    7    8   9   10  11  12  13   14  15   16   17  18
                                     12Z  AVG MX 2MIN
DY MAX MIN AVG DEP HDD CDD  WTR  SNW DPTH SPD SPD DIR MIN PSBL S-S WX    SPD DR
================================================================================

 1  42  34  38 -14  27   0    M  0.0    0  4.8 12  60   M    M  10 1      17  10
 2  40  35  38 -14  27   0 0.40  0.0    0  7.4 21  60   M    M   7 12     27  60
 3  66  37  52   0  13   0 0.09  0.0    0  3.4 13 200   M    M   9 12     19 180
 4  71  29  50  -2  15   0 0.77    M    0 10.8 22  40   M    M  10 16     33  20
 5  37  23  30 -23  35   0 0.49    M    0  7.6 18 360   M    M   4 1      28 350
 6  45  18  32 -21  33   0 0.00  0.0    0  3.5  9  70   M    M   0        12  70
 7  62  25  44  -9  21   0 0.00  0.0    0  3.2 12 200   M    M   0        16 190
 8  53  38  46  -7  19   0 0.49  0.0    0  2.5 10 270   M    M   9 1      15 230
 9  53  45  49  -5  16   0 0.33    M    0  7.0 13  70   M    M  10 1      16  70
10  58  52  55   1  10   0 0.71  0.0    0  3.9 10 130   M    M  10 1      13 130
11  59  52  56   2   9   0 0.00  0.0    0  5.2 13  60   M    M  10 1      17  60
12  60  53  57   3   8   0 1.10  0.0    0  7.0 14  50   M    M  10 1      17  40
13  69  59  64   9   1   0 0.65  0.0    0  5.8 16 170   M    M   8 12     24 120
14  64  56  60   5   5   0 0.01  0.0    0  4.3 10 220   M    M  10 12     14 220
15  65  51  58   3   7   0 0.00  0.0    0  3.2 10  70   M    M  10 12     13  40
16  76  48  62   7   3   0 0.00  0.0    0  3.7 14 220   M    M   4 12     19 210
17  81  57  69  13   0   4 0.00  0.0    0  7.8 16  50   M    M   2        20  50
18  60  48  54  -2  11   0 0.68  0.0    0  7.0 14  50   M    M   9 13     18  30
19  55  47  51  -5  14   0 0.04  0.0    M  2.9  8  50   M    M   9 1      10  50
20  63  52  58   2   7   0 0.35  0.0    0  4.5 13  50   M    M   8 1      16  50
21  57  52  55  -2  10   0 0.24  0.0    0  5.1 10  90   M    M   9 1      15  80
22  57  52  55  -2  10   0 0.77  0.0    0  7.4 16  60   M    M  10 1      21  70
23  71  51  61   4   4   0 0.00  0.0    0  4.3 15  50   M    M   2        20  40
24  76  53  65   8   0   0 0.00  0.0    0  8.5 15 160   M    M   0        22 160
25  78  55  67   9   0   2 0.00  0.0    0  7.9 17 140   M    M   1        23 150
26  68  38  53  -5  12   0 0.05  0.0    0  4.6 17 360   M    M   4 13     28 320
27  59  36  48 -10  17   0 0.00  0.0    0  3.0 16  50   M    M   4        22  50
28  55  36  46 -12  19   0    T  0.0    0  6.9 20  80   M    M   3        26  80
29  78  40  59   0   6   0 0.00  0.0    0  9.2 20 190   M    M   3        25 220
30  78  58  68   9   0   3 0.04  0.0    0  5.1 16  50   M    M   3        21 220
31  82  64  73  14   0   8 0.00  0.0    0  8.1 18 190   M    M   4        23 210
================================================================================
SM 1938 1394       359  17  7.21     0.0 175.6          M      192
================================================================================
AV 62.5 45.0                               5.7 FASTST   M    M   6    MAX(MPH)
                                 MISC ---->  # 22  40               # 33   20
================================================================================
NOTES:
# LAST OF SEVERAL OCCURRENCES

COLUMN 17 PEAK WIND IN M.P.H.

PRELIMINARY LOCAL CLIMATOLOGICAL DATA (WS FORM: F-6) , PAGE 2

                                          STATION:  Monticello
                                          MONTH:    MARCH
                                          YEAR:     2015
                                          LATITUDE:   33 37 N
                                          LONGITUDE:  91 45 W

[TEMPERATURE DATA]      [PRECIPITATION DATA]       SYMBOLS USED IN COLUMN 16

AVERAGE MONTHLY: 53.7   TOTAL FOR MONTH:   7.21    1 = FOG OR MIST
DPTR FM NORMAL:  -1.7   DPTR FM NORMAL:    2.08    2 = FOG REDUCING VISIBILITY
HIGHEST:    82 ON 31    GRTST 24HR  1.10 ON 12-12      TO 1/4 MILE OR LESS
LOWEST:     18 ON  6                               3 = THUNDER
                        SNOW, ICE PELLETS, HAIL    4 = ICE PELLETS
                        TOTAL MONTH:   0.0 INCH    5 = HAIL
                        GRTST 24HR     0.0         6 = FREEZING RAIN OR DRIZZLE
                        GRTST DEPTH:   0           7 = DUSTSTORM OR SANDSTORM:
                                                       VSBY 1/2 MILE OR LESS
                                                   8 = SMOKE OR HAZE
[NO. OF DAYS WITH]      [WEATHER - DAYS WITH]      9 = BLOWING SNOW
                                                   X = TORNADO
MAX 32 OR BELOW:   0    0.01 INCH OR MORE:  17
MAX 90 OR ABOVE:   0    0.10 INCH OR MORE:  12
MIN 32 OR BELOW:   4    0.50 INCH OR MORE:   6
MIN  0 OR BELOW:   0    1.00 INCH OR MORE:   1

[HDD (BASE 65) ]
TOTAL THIS MO.   359    CLEAR  (SCALE 0-3)   8
DPTR FM NORMAL    38    PTCLDY (SCALE 4-7)   9
TOTAL FM JUL 1  2860    CLOUDY (SCALE 8-10) 14
DPTR FM NORMAL   312

[CDD (BASE 65) ]
TOTAL THIS MO.    17
DPTR FM NORMAL    -6    [PRESSURE DATA]
TOTAL FM JAN 1    17    HIGHEST SLP 30.64 ON  6
DPTR FM NORMAL   -11    LOWEST  SLP 29.83 ON 10

[REMARKS]
ALL SNOWFALL DATA IS FROM THE UNIVERSITY OF ARKANSAS AT MONTICELLO COOPERATIVE OBSERVER SITE
#FINAL-03-15#
