000
CXUS54 KEPZ 271200
CF6LRU
PRELIMINARY LOCAL CLIMATOLOGICAL DATA (WS FORM: F-6)

                                          STATION:   LAS CRUCES
                                          MONTH:     APRIL
                                          YEAR:      2015
                                          LATITUDE:   32 17 N
                                          LONGITUDE: 106 46 W

  TEMPERATURE IN F:       :PCPN:    SNOW:  WIND      :SUNSHINE: SKY     :PK WND
================================================================================
1   2   3   4   5  6A  6B    7    8   9   10  11  12  13   14  15   16   17  18
                                     12Z  AVG MX 2MIN
DY MAX MIN AVG DEP HDD CDD  WTR  SNW DPTH SPD SPD DIR MIN PSBL S-S WX    SPD DR
================================================================================

 1  80  47  64   M   1   0 0.00  0.0    0 10.5 27 260   M    M   1        36 260
 2  82  52  67   M   0   2 0.00  0.0    0 13.4 23 240   M    M   0        35 260
 3  74  46  60   M   5   0 0.00  0.0    0  7.2 17 120   M    M   0        24 120
 4  70  49  60   M   5   0 0.00  0.0    0 12.4 20 120   M    M   0        27 120
 5  81  43  62   M   3   0 0.00  0.0    0  7.7 17 260   M    M   0        30 250
 6  81  47  64   M   1   0 0.00  0.0    0 12.3 29 240   M    M   0        43 240
 7  82  43  63   M   2   0 0.00    M    0 10.8 25 240   M    M   0        44 240
 8  81  52  67   M   0   2 0.00  0.0    0 12.9 29 250   M    M   2 3      45 250
 9  75  44  60   M   5   0 0.00  0.0    0  7.5 17 340   M    M   0         M  M
10  82  41  62   M   3   0 0.00  0.0    0  8.7 17 240   M    M   1        24 240
11  81  47  64   M   1   0 0.00  0.0    0 10.2 16 220   M    M   0        27 240
12  65  51  58   M   7   0 0.05  0.0    0  6.2 13 220   M    M  10        18 220
13  68  47  58   M   7   0 0.03    M    0 10.3 22  40   M    M   7        30  20
14  70  36  53   M  12   0 0.00  0.0    0  4.8  9 180   M    M   0         M  M
15  80  42  61   M   4   0 0.00  0.0    0 10.4 24 240   M    M   3        33 260
16  73  39  56   M   9   0    T  0.0    0 15.1 32 250   M    M   2 2      40 240
17  69  30  50   M  15   0 0.00  0.0    0 11.1 27 260   M    M   0        35 260
18  74  36  55   M  10   0 0.00  0.0    0 12.7 24 270   M    M   1        33 260
19  79  41  60   M   5   0 0.00  0.0    0  7.3 17 240   M    M   1        24 240
20  80  43  62   M   3   0 0.00  0.0    0  5.3 12 330   M    M   1        27 240
21  81  53  67   M   0   2 0.00  0.0    0  9.2 18 190   M    M   1        22 180
22  78  45  62   M   3   0 0.00  0.0    0  9.6 20 240   M    M   0        25 240
23  78  43  61   M   4   0 0.00  0.0    0  9.4 18 160   M    M   3        27 230
24  71  46  59   M   6   0 0.04  0.0    0 15.5 29 260   M    M   3        41 260
25  78  41  60   M   5   0 0.00  0.0    0 12.3 24 230   M    M   0        31 230
26  63  43  53   M  12   0 0.02    M    0 19.2 33 280   M    M   4        47 250
================================================================================
SM 1976 1147       128   6  0.14     0.0 272.0          M       40
================================================================================
AV 76.0 44.1                              10.5 FASTST   M    M   2    MAX(MPH)
                                 MISC ---->    33   M                 47    M
================================================================================
NOTES:
# LAST OF SEVERAL OCCURRENCES

COLUMN 17 PEAK WIND IN M.P.H.

PRELIMINARY LOCAL CLIMATOLOGICAL DATA (WS FORM: F-6) , PAGE 2

                                          STATION:  LAS CRUCES
                                          MONTH:    APRIL
                                          YEAR:     2015
                                          LATITUDE:   32 17 N
                                          LONGITUDE: 106 46 W

[TEMPERATURE DATA]      [PRECIPITATION DATA]       SYMBOLS USED IN COLUMN 16

AVERAGE MONTHLY: 60.1   TOTAL FOR MONTH:   0.14    1 = FOG OR MIST
DPTR FM NORMAL:     M   DPTR FM NORMAL:       M    2 = FOG REDUCING VISIBILITY
HIGHEST:    82 ON 10, 7 GRTST 24HR  0.05 ON 12-12      TO 1/4 MILE OR LESS
LOWEST:     30 ON 17                               3 = THUNDER
                        SNOW, ICE PELLETS, HAIL    4 = ICE PELLETS
                        TOTAL MONTH:   0.0 INCH    5 = HAIL
                        GRTST 24HR     0.0         6 = FREEZING RAIN OR DRIZZLE
                        GRTST DEPTH:   0           7 = DUSTSTORM OR SANDSTORM:
                                                       VSBY 1/2 MILE OR LESS
                                                   8 = SMOKE OR HAZE
[NO. OF DAYS WITH]      [WEATHER - DAYS WITH]      9 = BLOWING SNOW
                                                   X = TORNADO
MAX 32 OR BELOW:   0    0.01 INCH OR MORE:   4
MAX 90 OR ABOVE:   0    0.10 INCH OR MORE:   0
MIN 32 OR BELOW:   1    0.50 INCH OR MORE:   0
MIN  0 OR BELOW:   0    1.00 INCH OR MORE:   0

[HDD (BASE 65) ]
TOTAL THIS MO.   128    CLEAR  (SCALE 0-3)  22
DPTR FM NORMAL     M    PTCLDY (SCALE 4-7)   3
TOTAL FM JUL 1  2601    CLOUDY (SCALE 8-10)  1
DPTR FM NORMAL     M

[CDD (BASE 65) ]
TOTAL THIS MO.     6
DPTR FM NORMAL     M    [PRESSURE DATA]
TOTAL FM JAN 1    17    HIGHEST SLP M ON M
DPTR FM NORMAL     M    LOWEST  SLP M ON M

[REMARKS]
