000
CXUS53 KMPX 011000
CF6MIC
PRELIMINARY LOCAL CLIMATOLOGICAL DATA (WS FORM: F-6)

                                          STATION:   MINNEAPOLIS CRYSTAL MN
                                          MONTH:     MARCH
                                          YEAR:      2015
                                          LATITUDE:   45  4 N
                                          LONGITUDE:  93 21 W

  TEMPERATURE IN F:       :PCPN:    SNOW:  WIND      :SUNSHINE: SKY     :PK WND
================================================================================
1   2   3   4   5  6A  6B    7    8   9   10  11  12  13   14  15   16   17  18
                                     12Z  AVG MX 2MIN
DY MAX MIN AVG DEP HDD CDD  WTR  SNW DPTH SPD SPD DIR MIN PSBL S-S WX    SPD DR
================================================================================

 1  29  14  22  -4  43   0    M    M    M 12.2 21 300   M    M   7 8      27 290
 2  29   5  17  -9  48   0    M    M    M  7.8 16 160   M    M   3        20 150
 3  29   6  18  -8  47   0    M    M    M 13.3 28 310   M    M   6 128    35 310
 4  10  -2   4 -23  61   0    M    M    M 11.4 24 290   M    M   1        33 280
 5  16  -9   4 -23  61   0    M    M    M  6.5 14 180   M    M   0 8      19 170
 6  37  11  24  -4  41   0    M    M    M  8.8 16 310   M    M   4        21 280
 7  43  28  36   8  29   0    M    M    M 10.8 26 300   M    M   3        35 320
 8  48  27  38  10  27   0    M    M    M  8.1 16 290   M    M   2        22 280
 9  57  30  44  15  21   0    M    M    M  9.4 21 230   M    M   7        28 220
10  66  36  51  22  14   0    M    M    M  8.7 22 310   M    M   0        29 310
11  59  25  42  12  23   0    M    M    M  3.9 13 150   M    M   0        15 160
12  63  40  52  22  13   0    M    M    M 14.6 25 160   M    M   0        33 170
13  60  38  49  18  16   0    M    M    M 11.0 23 300   M    M   0        29 310
14  62  33  48  17  17   0    M    M    M  5.7 16 290   M    M   0 8      22 320
15  69  36  53  21  12   0    M    M    M 10.4 22 220   M    M   0        29 210
16  62  36  49  17  16   0    M    M    M 11.2 25  10   M    M   2        34 360
17  46  25  36   4  29   0    M    M    M  9.1 21 350   M    M   0        28 350
18  46  26  36   3  29   0    M    M    M  3.0 14 160   M    M   4        17 160
19  52  34  43  10  22   0    M    M    M  9.2 21 170   M    M   8        26 160
20  55  32  44  10  21   0    M    M    M  8.6 21 350   M    M   5        25 360
21  39  26  33  -1  32   0    M    M    M  8.9 18 360   M    M   3        23 350
22  36  30  33  -2  32   0    M    M    M  7.3 15 130   M    M  10 18     20 110
23  34  30  32  -3  33   0    M    M    M  8.0 16 140   M    M   9 1      19 170
24  39  26  33  -3  32   0    M    M    M 11.3 25 140   M    M   7 1      36 130
25  39  32  36   0  29   0    M    M    M 14.6 30 260   M    M   9 1      42 270
26  39  23  31  -6  34   0    M    M    M 11.5 21 350   M    M   6        26 350
27  37  15  26 -11  39   0    M    M    M  3.9 12 230   M    M   1        15 200
28  44  18  31  -7  34   0    M    M    M  9.4 20 170   M    M   1        26 160
29  55  35  45   7  20   0    M    M    M 15.4 33 300   M    M   5 1      46 300
30  59  34  47   8  18   0    M    M    M  6.4 18 140   M    M   5        22 140
31  65  28  47   8  18   0    M    M    M  4.9 17 310   M    M   0 1      22 310
================================================================================
SM 1424  768       911   0    M     M    285.3          M      108
================================================================================
AV 45.9 24.8                               9.2 FASTST   M    M   3    MAX(MPH)
                                 MISC ---->  # 33 300               # 46  300
================================================================================
NOTES:
# LAST OF SEVERAL OCCURRENCES

COLUMN 17 PEAK WIND IN M.P.H.

PRELIMINARY LOCAL CLIMATOLOGICAL DATA (WS FORM: F-6) , PAGE 2

                                          STATION:  MINNEAPOLIS CRYSTAL MN
                                          MONTH:    MARCH
                                          YEAR:     2015
                                          LATITUDE:   45  4 N
                                          LONGITUDE:  93 21 W

[TEMPERATURE DATA]      [PRECIPITATION DATA]       SYMBOLS USED IN COLUMN 16

AVERAGE MONTHLY: 35.4   TOTAL FOR MONTH:      M    1 = FOG OR MIST
DPTR FM NORMAL:   3.3   DPTR FM NORMAL:       M    2 = FOG REDUCING VISIBILITY
HIGHEST:    69 ON 15    GRTST 24HR    M  ON   M        TO 1/4 MILE OR LESS
LOWEST:     -9 ON  5                               3 = THUNDER
                        SNOW, ICE PELLETS, HAIL    4 = ICE PELLETS
                        TOTAL MONTH:    M          5 = HAIL
                        GRTST 24HR    M  ON   M    6 = FREEZING RAIN OR DRIZZLE
                        GRTST DEPTH:  M  ON   M    7 = DUSTSTORM OR SANDSTORM:
                                                       VSBY 1/2 MILE OR LESS
                                                   8 = SMOKE OR HAZE
[NO. OF DAYS WITH]      [WEATHER - DAYS WITH]      9 = BLOWING SNOW
                                                   X = TORNADO
MAX 32 OR BELOW:   5    0.01 INCH OR MORE:   0
MAX 90 OR ABOVE:   0    0.10 INCH OR MORE:   0
MIN 32 OR BELOW:  22    0.50 INCH OR MORE:   0
MIN  0 OR BELOW:   2    1.00 INCH OR MORE:   0

[HDD (BASE 65) ]
TOTAL THIS MO.   911    CLEAR  (SCALE 0-3)  16
DPTR FM NORMAL  -109    PTCLDY (SCALE 4-7)  11
TOTAL FM JUL 1  6762    CLOUDY (SCALE 8-10)  4
DPTR FM NORMAL  -125

[CDD (BASE 65) ]
TOTAL THIS MO.     0
DPTR FM NORMAL     0    [PRESSURE DATA]
TOTAL FM JAN 1     0    HIGHEST SLP 30.58 ON  5
DPTR FM NORMAL     0    LOWEST  SLP 29.55 ON 29

[REMARKS]
#FINAL-03-15#
