000
CXUS55 KBOI 251002
CF6MUO
PRELIMINARY LOCAL CLIMATOLOGICAL DATA (WS FORM: F-6)

                                          STATION:   MOUNTAIN HOME AFB
                                          MONTH:     APRIL
                                          YEAR:      2015
                                          LATITUDE:   43  2 N
                                          LONGITUDE: 115 52 W

  TEMPERATURE IN F:       :PCPN:    SNOW:  WIND      :SUNSHINE: SKY     :PK WND
================================================================================
1   2   3   4   5  6A  6B    7    8   9   10  11  12  13   14  15   16   17  18
                                     12Z  AVG MX 2MIN
DY MAX MIN AVG DEP HDD CDD  WTR  SNW DPTH SPD SPD DIR MIN PSBL S-S WX    SPD DR
================================================================================

 1  53  30  42  -4  23   0 0.00    M    M 13.7 20 280   M    M   2        24 330
 2  54  26  40  -7  25   0 0.00    M    M 14.3 24 310   M    M   1        33 300
 3  59  21  40  -7  25   0 0.00    M    M  8.3 17 100   M    M   0        20 120
 4  57  34  46  -1  19   0 0.00    M    M  8.7 18 350   M    M   4        24 340
 5   M   M   M   M   M   M    T    M    M  7.5 13  20   M    M   4        53 270
 6  55  37  46  -1  19   0 0.04    M    M  5.2 10  60   M    M   3        30 240
 7   M   M   M   M   M   M 0.03    M    M 10.5 25 110   M    M   5        32 110
 8  59  39  49   1  16   0 0.01    M    M 17.2 24 290   M    M   7        33 280
 9  62  30  46  -2  19   0 0.00    M    M  6.1 12 270   M    M   2         M  M
10  69  33  51   3  14   0 0.00    M    M  8.2 16 100   M    M   0        20 140
11  60  39  50   2  15   0 0.06    M    M  7.1 18 340   M    M   5        32 330
12  56  32  44  -5  21   0 0.00    M    M  9.9 17 290   M    M   0        20 310
13  78  31  55   6  10   0 0.00    M    M 11.9 28 120   M    M   0        36 110
14  63  35  49   0  16   0 0.03    M    M 25.2 36 320   M    M   6 7      58 310
15  57  31  44  -5  21   0 0.00    M    M 26.4 36 310   M    M   0        48 310
16  64  29  47  -2  18   0 0.00    M    M  8.0 16 310   M    M   0         M  M
17  73  29  51   1  14   0 0.00    M    M  7.1 16 330   M    M   0        27 320
18  72  46  59   9   6   0 0.00    M    M 22.2 29 310   M    M   0        40 290
19  71  41  56   6   9   0 0.00    M    M  8.3 18 290   M    M   0        24 300
20  74  37  56   6   9   0 0.00    M    M  6.4 12 340   M    M   0         M  M
21  78  35  57   6   8   0 0.00    M    M  5.2 13 330   M    M   0 8      21 310
22  72  39  56   5   9   0 0.00    M    M 15.7 29 320   M    M   2        38 320
23  69  35  52   1  13   0 0.00    M    M  9.2 15 320   M    M   1        23 340
24  57  45  51  -1  14   0 0.01    M    M 12.5 25 320   M    M   5        32 320
================================================================================
SM 1412  754       343   0  0.18    M    274.8          M       47
================================================================================
AV 64.2 34.3                              11.4 FASTST   M    M   2    MAX(MPH)
                                 MISC ---->    36   M               # 58  310
================================================================================
NOTES:
# LAST OF SEVERAL OCCURRENCES

COLUMN 17 PEAK WIND IN M.P.H.

PRELIMINARY LOCAL CLIMATOLOGICAL DATA (WS FORM: F-6) , PAGE 2

                                          STATION:  MOUNTAIN HOME AFB
                                          MONTH:    APRIL
                                          YEAR:     2015
                                          LATITUDE:   43  2 N
                                          LONGITUDE: 115 52 W

[TEMPERATURE DATA]      [PRECIPITATION DATA]       SYMBOLS USED IN COLUMN 16

AVERAGE MONTHLY: 49.2   TOTAL FOR MONTH:   0.18    1 = FOG OR MIST
DPTR FM NORMAL:   0.5   DPTR FM NORMAL:   -0.65    2 = FOG REDUCING VISIBILITY
HIGHEST:    78 ON 21,13 GRTST 24HR  0.06 ON 11-11      TO 1/4 MILE OR LESS
LOWEST:     21 ON  3                               3 = THUNDER
                        SNOW, ICE PELLETS, HAIL    4 = ICE PELLETS
                        TOTAL MONTH:    M          5 = HAIL
                        GRTST 24HR    M  ON   M    6 = FREEZING RAIN OR DRIZZLE
                        GRTST DEPTH:  M  ON   M    7 = DUSTSTORM OR SANDSTORM:
                                                       VSBY 1/2 MILE OR LESS
                                                   8 = SMOKE OR HAZE
[NO. OF DAYS WITH]      [WEATHER - DAYS WITH]      9 = BLOWING SNOW
                                                   X = TORNADO
MAX 32 OR BELOW:   0    0.01 INCH OR MORE:   6
MAX 90 OR ABOVE:   0    0.10 INCH OR MORE:   0
MIN 32 OR BELOW:   9    0.50 INCH OR MORE:   0
MIN  0 OR BELOW:   0    1.00 INCH OR MORE:   0

[HDD (BASE 65) ]
TOTAL THIS MO.   343    CLEAR  (SCALE 0-3)  17
DPTR FM NORMAL   -56    PTCLDY (SCALE 4-7)   7
TOTAL FM JUL 1  4320    CLOUDY (SCALE 8-10)  0
DPTR FM NORMAL -1112

[CDD (BASE 65) ]
TOTAL THIS MO.     0
DPTR FM NORMAL     0    [PRESSURE DATA]
TOTAL FM JAN 1     0    HIGHEST SLP M ON M
DPTR FM NORMAL     0    LOWEST  SLP M ON M

[REMARKS]
