000
CXHW52 PHFO 281250
CF6OGG
PRELIMINARY LOCAL CLIMATOLOGICAL DATA (WS FORM: F-6)

                                          STATION:   KAHULUI HI
                                          MONTH:     APRIL
                                          YEAR:      2015
                                          LATITUDE:   20 53 N
                                          LONGITUDE: 156 26 W

  TEMPERATURE IN F:       :PCPN:    SNOW:  WIND      :SUNSHINE: SKY     :PK WND
================================================================================
1   2   3   4   5  6A  6B    7    8   9   10  11  12  13   14  15   16   17  18
                                     12Z  AVG MX 2MIN
DY MAX MIN AVG DEP HDD CDD  WTR  SNW DPTH SPD SPD DIR MIN PSBL S-S WX    SPD DR
================================================================================

 1  86  65  76   2   0  11 0.00  0.0    0 11.3 24  60   M    M   3        31  60
 2  88  64  76   2   0  11 0.00  0.0    0  7.7 20  60   M    M   2        30  60
 3  89  64  77   3   0  12 0.00  0.0    0  9.2 22  40   M    M   2        26  50
 4  85  66  76   2   0  11 0.00  0.0    0 13.1 25  50   M    M   3        35  70
 5  85  73  79   5   0  14 0.00  0.0    0 17.4 29  40   M    M   2        37  50
 6  83  71  77   3   0  12 0.00  0.0    0 15.3 28  40   M    M   2        35  40
 7  79  63  71  -3   0   6 0.00  0.0    0 12.4 22  50   M    M   5        30  50
 8  82  71  77   3   0  12    T  0.0    0 16.0 26  60   M    M   4        38  50
 9  82  70  76   2   0  11    T  0.0    0 15.6 25  40   M    M   4        33  40
10  83  69  76   2   0  11    T  0.0    0 14.4 24  40   M    M   4        32  50
11  83  70  77   3   0  12    T  0.0    0 13.4 23  40   M    M   6        30  40
12  82  70  76   2   0  11 0.00  0.0    0 12.7 21  30   M    M   2        25  30
13  83  69  76   2   0  11 0.02  0.0    0 15.0 25  50   M    M   5 1      36  50
14  84  71  78   4   0  13    T  0.0    0 16.1 28  80   M    M   4        36  60
15  83  71  77   3   0  12 0.04  0.0    0 15.3 29  40   M    M   5 1      37  50
16  85  70  78   4   0  13 0.01  0.0    0 15.2 30  40   M    M   4        36  50
17  86  72  79   5   0  14    T  0.0    0 17.6 29  60   M    M   3        38  70
18  84  71  78   4   0  13 0.00  0.0    0 17.5 30  60   M    M   2        39  70
19  83  70  77   3   0  12 0.12  0.0    0 16.9 35  40   M    M   5        39  40
20  82  70  76   2   0  11 0.06  0.0    0 16.5 33  60   M    M   7 8      45  60
21  86  67  77   3   0  12 0.00  0.0    0 14.1 28  60   M    M   3        38  70
22  90  63  77   3   0  12 0.00  0.0    0  6.5 21  60   M    M   2        26  70
23  88  65  77   3   0  12 0.00  0.0    0  5.7 18  50   M    M   2        23  50
24  90  64  77   3   0  12 0.00  0.0    0  6.4 17  70   M    M   2        23  80
25  87  65  76   2   0  11 0.00  0.0    0  5.8 12 360   M    M   4        16  10
26  85  67  76   2   0  11 1.42  0.0    0  5.8 15  50   M    M   5 18     20  40
27  77  71  74   0   0   9 1.01  0.0    0 18.6 28  30   M    M  10 18     32  30
================================================================================
SM 2280 1842         0 312  2.68     0.0 351.5          M      102
================================================================================
AV 84.4 68.2                              13.0 FASTST   M    M   4    MAX(MPH)
                                 MISC ---->  # 35  40               # 45   60
================================================================================
NOTES:
# LAST OF SEVERAL OCCURRENCES

COLUMN 17 PEAK WIND IN M.P.H.

PRELIMINARY LOCAL CLIMATOLOGICAL DATA (WS FORM: F-6) , PAGE 2

                                          STATION:  KAHULUI HI
                                          MONTH:    APRIL
                                          YEAR:     2015
                                          LATITUDE:   20 53 N
                                          LONGITUDE: 156 26 W

[TEMPERATURE DATA]      [PRECIPITATION DATA]       SYMBOLS USED IN COLUMN 16

AVERAGE MONTHLY: 76.3   TOTAL FOR MONTH:   2.68    1 = FOG OR MIST
DPTR FM NORMAL:   2.3   DPTR FM NORMAL:    1.23    2 = FOG REDUCING VISIBILITY
HIGHEST:    90 ON 24,22 GRTST 24HR  2.35 ON 26-27      TO 1/4 MILE OR LESS
LOWEST:     63 ON 22, 7                            3 = THUNDER
                        SNOW, ICE PELLETS, HAIL    4 = ICE PELLETS
                        TOTAL MONTH:   0.0 INCH    5 = HAIL
                        GRTST 24HR     0.0         6 = FREEZING RAIN OR DRIZZLE
                        GRTST DEPTH:   0           7 = DUSTSTORM OR SANDSTORM:
                                                       VSBY 1/2 MILE OR LESS
                                                   8 = SMOKE OR HAZE
[NO. OF DAYS WITH]      [WEATHER - DAYS WITH]      9 = BLOWING SNOW
                                                   X = TORNADO
MAX 32 OR BELOW:   0    0.01 INCH OR MORE:   7
MAX 90 OR ABOVE:   2    0.10 INCH OR MORE:   3
MIN 32 OR BELOW:   0    0.50 INCH OR MORE:   2
MIN  0 OR BELOW:   0    1.00 INCH OR MORE:   2

[HDD (BASE 65) ]
TOTAL THIS MO.     0    CLEAR  (SCALE 0-3)  11
DPTR FM NORMAL     0    PTCLDY (SCALE 4-7)  15
TOTAL FM JUL 1     0    CLOUDY (SCALE 8-10)  1
DPTR FM NORMAL     0

[CDD (BASE 65) ]
TOTAL THIS MO.   312
DPTR FM NORMAL    69    [PRESSURE DATA]
TOTAL FM JAN 1   942    HIGHEST SLP M ON M
DPTR FM NORMAL    45    LOWEST  SLP 29.95 ON  2

[REMARKS]
