000
CXUS55 KSEW 010945
CF6OLM

PRELIMINARY LOCAL CLIMATOLOGICAL DATA (WS FORM: F-6)

                                          STATION:   OLYMPIA WA AIRPORT
                                          MONTH:     MARCH
                                          YEAR:      2015
                                          LATITUDE:   46 58 N
                                          LONGITUDE: 122 54 W

  TEMPERATURE IN F:       :PCPN:    SNOW:  WIND      :SUNSHINE: SKY     :PK WND
================================================================================
1   2   3   4   5  6A  6B    7    8   9   10  11  12  13   14  15   16   17  18
                                     12Z  AVG MX 2MIN
DY MAX MIN AVG DEP HDD CDD  WTR  SNW DPTH SPD SPD DIR MIN PSBL S-S WX    SPD DR
================================================================================

 1  56  25  41  -1  24   0 0.01  0.0    0  4.9 12 230   M    M   2 1      15 200
 2  53  27  40  -2  25   0    T  0.0    0  6.5 17  30   M    M   5        23  30
 3  53  22  38  -5  27   0 0.00  0.0    0  2.3 12  70   M    M   0 12     14  60
 4  56  21  39  -4  26   0 0.00  0.0    0  1.5  9  40   M    M   0        13  30
 5  60  26  43   0  22   0 0.00  0.0    0  0.9  8  10   M    M   0        13 360
 6  62  28  45   2  20   0 0.00  0.0    0  0.9  8 360   M    M   0 1       9  10
 7  63  27  45   2  20   0 0.00  0.0    0  3.0 12  20   M    M   1 12     15  20
 8  65  28  47   4  18   0 0.00  0.0    0  2.2 10 350   M    M   1 12     13 360
 9  64  31  48   4  17   0 0.00  0.0    0  3.6 14 220   M    M   1 12     20 220
10  57  32  45   1  20   0    T  0.0    0  3.8 10  20   M    M   6 12     14  30
11  57  46  52   8  13   0 0.18  0.0    0  6.2 17 190   M    M  10 1      23 180
12  65  42  54  10  11   0    T  0.0    0  3.1 12 220   M    M   5 12     15 220
13  62  43  53   9  12   0 0.18  0.0    0  2.5  8 300   M    M   2 1      11 240
14  57  49  53   9  12   0 1.29  0.0    0  8.4 22 190   M    M  10 1      30 180
15  52  45  49   5  16   0 2.08  0.0    0  9.6 33 200   M    M  10 1      43 200
16  57  35  46   1  19   0 0.03  0.0    0  4.4 13  30   M    M   6 12     19  20
17  56  33  45   0  20   0 0.02  0.0    0  4.6 16 220   M    M   7 12     21 220
18  62  40  51   6  14   0    T  0.0    0  2.3  8 160   M    M   7        11 180
19  63  38  51   6  14   0 0.00  0.0    0  5.6 14 210   M    M   5 1      16  30
20  56  42  49   4  16   0 0.22  0.0    0  3.7 13 220   M    M   6 1      19 220
21  57  37  47   2  18   0 0.23  0.0    0  7.6 22 190   M    M   6 12     29 180
22  54  36  45   0  20   0 0.03  0.0    0  3.0 17 170   M    M   9 12     21 170
23  52  34  43  -3  22   0 0.56  0.0    0  5.6 20 210   M    M   8 12     26 210
24  56  41  49   3  16   0 0.29  0.0    0  4.7 16 280   M    M   8 1      23 270
25  58  46  52   6  13   0 0.43  0.0    0  9.4 22 200   M    M  10 1      27 210
26  72  44  58  12   7   0 0.00  0.0    0  1.7  9 350   M    M   4 12     13 220
27  67  41  54   8  11   0 0.07  0.0    0  7.3 17 200   M    M   6 12     26 240
28  58  46  52   6  13   0 0.02  0.0    0  7.2 15 230   M    M   7 1      23 220
29  62  42  52   6  13   0 0.00  0.0    0  5.1 16 220   M    M   8        20 210
30  68  46  57  11   8   0 0.02  0.0    0  7.4 17 200   M    M   6        23 190
31  53  41  47   1  18   0 0.28  0.0    0  8.1 20 290   M    M   4 1      26 180
================================================================================
SM 1833 1134       525   0  5.94     0.0 147.1          M      160
================================================================================
AV 59.1 36.6                               4.7 FASTST   M    M   5    MAX(MPH)
                                 MISC ---->  # 33 200               # 43  200
================================================================================
NOTES:
# LAST OF SEVERAL OCCURRENCES

COLUMN 17 PEAK WIND IN M.P.H.

PRELIMINARY LOCAL CLIMATOLOGICAL DATA (WS FORM: F-6) , PAGE 2

                                          STATION:  OLYMPIA WA AIRPORT
                                          MONTH:    MARCH
                                          YEAR:     2015
                                          LATITUDE:   46 58 N
                                          LONGITUDE: 122 54 W

[TEMPERATURE DATA]      [PRECIPITATION DATA]       SYMBOLS USED IN COLUMN 16

AVERAGE MONTHLY: 47.9   TOTAL FOR MONTH:   5.94    1 = FOG OR MIST
DPTR FM NORMAL:   3.4   DPTR FM NORMAL:    0.65    2 = FOG REDUCING VISIBILITY
HIGHEST:    72 ON 26    GRTST 24HR  2.08 ON 15-15      TO 1/4 MILE OR LESS
LOWEST:     21 ON  4                               3 = THUNDER
                        SNOW, ICE PELLETS, HAIL    4 = ICE PELLETS
                        TOTAL MONTH:   0.0 INCH    5 = HAIL
                        GRTST 24HR     0.0         6 = FREEZING RAIN OR DRIZZLE
                        GRTST DEPTH:   0           7 = DUSTSTORM OR SANDSTORM:
                                                       VSBY 1/2 MILE OR LESS
                                                   8 = SMOKE OR HAZE
[NO. OF DAYS WITH]      [WEATHER - DAYS WITH]      9 = BLOWING SNOW
                                                   X = TORNADO
MAX 32 OR BELOW:   0    0.01 INCH OR MORE:  17
MAX 90 OR ABOVE:   0    0.10 INCH OR MORE:  10
MIN 32 OR BELOW:  10    0.50 INCH OR MORE:   3
MIN  0 OR BELOW:   0    1.00 INCH OR MORE:   2

[HDD (BASE 65) ]
TOTAL THIS MO.   525    CLEAR  (SCALE 0-3)   9
DPTR FM NORMAL  -111    PTCLDY (SCALE 4-7)  17
TOTAL FM JUL 1  3560    CLOUDY (SCALE 8-10)  5
DPTR FM NORMAL  -798

[CDD (BASE 65) ]
TOTAL THIS MO.     0
DPTR FM NORMAL     0    [PRESSURE DATA]
TOTAL FM JAN 1     0    HIGHEST SLP M ON M
DPTR FM NORMAL     0    LOWEST  SLP 29.59 ON 15

[REMARKS]
#FINAL-03-15#
