000
CXUS56 KSTO 011455
CF6RBL
PRELIMINARY LOCAL CLIMATOLOGICAL DATA (WS FORM: F-6)

                                          STATION:   RED BLUFF AIRPORT CA
                                          MONTH:     MARCH
                                          YEAR:      2015
                                          LATITUDE:   40  9 N
                                          LONGITUDE: 122 15 W

  TEMPERATURE IN F:       :PCPN:    SNOW:  WIND      :SUNSHINE: SKY     :PK WND
================================================================================
1   2   3   4   5  6A  6B    7    8   9   10  11  12  13   14  15   16   17  18
                                     12Z  AVG MX 2MIN
DY MAX MIN AVG DEP HDD CDD  WTR  SNW DPTH SPD SPD DIR MIN PSBL S-S WX    SPD DR
================================================================================

 1  68  43  56   3   9   0 0.00  0.0    0 10.0 21 350   M    M   0        26 360
 2  62  40  51  -2  14   0    T    M    0  4.6 16  20   M    M   3        19  20
 3  66  36  51  -2  14   0 0.00  0.0    0  7.5 15  10   M    M   0        19 330
 4  69  36  53   0  12   0 0.00  0.0    0  5.8 16  10   M    M   0        19  10
 5  70  34  52  -1  13   0 0.00  0.0    0  5.4  9 340   M    M   0        13 340
 6  82  36  59   6   6   0 0.00  0.0    0  6.8 14 340   M    M   0        17 330
 7  77  37  57   4   8   0 0.00  0.0    0  4.0  9 170   M    M   0        12 170
 8  77  40  59   6   6   0 0.00  0.0    0  4.6  8 300   M    M   0        11 190
 9  87  42  65  11   0   0 0.00  0.0    0  5.9 13 360   M    M   0        16 360
10  69  46  58   4   7   0 0.00  0.0    0  3.6  9 320   M    M   0        11 330
11  62  54  58   4   7   0 0.04  0.0    0  7.6 16 160   M    M  10 1      19 160
12  76  50  63   9   2   0 0.00  0.0    0  8.7 17 350   M    M   0 1      22 360
13  77  47  62   8   3   0 0.00  0.0    0  3.5 10 330   M    M   1        13 330
14  72  59  66  12   0   1    T  0.0    0  4.9 10 330   M    M   4        12 330
15  70  54  62   8   3   0    T  0.0    0  6.9 18 360   M    M   2        23 360
16  64  53  59   5   6   0 0.12  0.0    0  6.6 13 340   M    M   5        17 340
17  75  51  63   9   2   0 0.00  0.0    0  4.2  9 320   M    M   2        14 330
18  80  50  65  11   0   0 0.00  0.0    0 11.3 23 360   M    M   0        29 340
19  84  44  64   9   1   0 0.00  0.0    0  5.6 14 360   M    M   0 8      17 350
20  72  49  61   6   4   0 0.00  0.0    0  5.2 13 170   M    M   0        18 140
21  75  49  62   7   3   0 0.00  0.0    0  5.1 14 170   M    M   1        17 190
22  71  49  60   5   5   0 0.55  0.0    0  9.8 26 160   M    M   6 3      36 250
23  67  49  58   3   7   0    T  0.0    0  7.6 21 160   M    M   6        26 160
24  69  51  60   5   5   0    T  0.0    0  7.1 14 150   M    M   7        17 150
25  81  46  64   9   1   0 0.00  0.0    0  9.1 18  10   M    M   0        29 220
26  83  49  66  11   0   1 0.00  0.0    0  4.6  9 130   M    M   0        12 130
27  84  50  67  12   0   2 0.00  0.0    0  7.5 17 320   M    M   0        24 330
28  81  50  66  10   0   1 0.00  0.0    0 10.5 23 340   M    M   0        32 350
29  88  48  68  12   0   3 0.00  0.0    0  6.4 17  10   M    M   0        23  10
30  82  52  67  11   0   2 0.00  0.0    0  5.6 13 360   M    M   0        16 180
31  70  49  60   4   5   0 0.00  0.0    0 11.4 28 290   M    M   1        38 280
================================================================================
SM 2310 1443       143  10  0.71     0.0 207.4          M       48
================================================================================
AV 74.5 46.5                               6.7 FASTST   M    M   2    MAX(MPH)
                                 MISC ---->  # 28 290               # 38  280
================================================================================
NOTES:
# LAST OF SEVERAL OCCURRENCES

COLUMN 17 PEAK WIND IN M.P.H.

PRELIMINARY LOCAL CLIMATOLOGICAL DATA (WS FORM: F-6) , PAGE 2

                                          STATION:  RED BLUFF AIRPORT CA
                                          MONTH:    MARCH
                                          YEAR:     2015
                                          LATITUDE:   40  9 N
                                          LONGITUDE: 122 15 W

[TEMPERATURE DATA]      [PRECIPITATION DATA]       SYMBOLS USED IN COLUMN 16

AVERAGE MONTHLY: 60.5   TOTAL FOR MONTH:   0.71    1 = FOG OR MIST
DPTR FM NORMAL:   6.2   DPTR FM NORMAL:   -2.49    2 = FOG REDUCING VISIBILITY
HIGHEST:    88 ON 29    GRTST 24HR  0.55 ON 22-22      TO 1/4 MILE OR LESS
LOWEST:     34 ON  5                               3 = THUNDER
                        SNOW, ICE PELLETS, HAIL    4 = ICE PELLETS
                        TOTAL MONTH:   0.0 INCH    5 = HAIL
                        GRTST 24HR     0.0         6 = FREEZING RAIN OR DRIZZLE
                        GRTST DEPTH:   0           7 = DUSTSTORM OR SANDSTORM:
                                                       VSBY 1/2 MILE OR LESS
                                                   8 = SMOKE OR HAZE
[NO. OF DAYS WITH]      [WEATHER - DAYS WITH]      9 = BLOWING SNOW
                                                   X = TORNADO
MAX 32 OR BELOW:   0    0.01 INCH OR MORE:   3
MAX 90 OR ABOVE:   0    0.10 INCH OR MORE:   2
MIN 32 OR BELOW:   0    0.50 INCH OR MORE:   1
MIN  0 OR BELOW:   0    1.00 INCH OR MORE:   0

[HDD (BASE 65) ]
TOTAL THIS MO.   143    CLEAR  (SCALE 0-3)  24
DPTR FM NORMAL  -193    PTCLDY (SCALE 4-7)   6
TOTAL FM JUL 1  1526    CLOUDY (SCALE 8-10)  1
DPTR FM NORMAL  -864

[CDD (BASE 65) ]
TOTAL THIS MO.    10
DPTR FM NORMAL     7    [PRESSURE DATA]
TOTAL FM JAN 1    10    HIGHEST SLP 30.37 ON  5
DPTR FM NORMAL     7    LOWEST  SLP 29.77 ON  2

[REMARKS]
#FINAL-03-15#
