000
CXUS56 KSGX 251445
CF6SNA
PRELIMINARY LOCAL CLIMATOLOGICAL DATA (WS FORM: F-6)

                                          STATION:   JOHN WAYNE AIRPORT CA
                                          MONTH:     APRIL
                                          YEAR:      2015
                                          LATITUDE:   33 40 N
                                          LONGITUDE: 117 53 W

  TEMPERATURE IN F:       :PCPN:    SNOW:  WIND      :SUNSHINE: SKY     :PK WND
================================================================================
1   2   3   4   5  6A  6B    7    8   9   10  11  12  13   14  15   16   17  18
                                     12Z  AVG MX 2MIN
DY MAX MIN AVG DEP HDD CDD  WTR  SNW DPTH SPD SPD DIR MIN PSBL S-S WX    SPD DR
================================================================================

 1  72  59  66   6   0   1 0.00  0.0    0  4.9 14 200   M    M   5        22 220
 2  72  56  64   4   1   0 0.00  0.0    0  4.2 14 190   M    M   3        18 200
 3  83  54  69   9   0   4 0.00  0.0    0  3.0 13 270   M    M   4        17 280
 4  80  54  67   7   0   2 0.00  0.0    0  5.1 15 200   M    M   1        20 190
 5  68  57  63   3   2   0 0.00  0.0    0  6.9 20 200   M    M   4        24 210
 6  66  54  60   0   5   0 0.00  0.0    0  4.9 14 230   M    M   3        20 220
 7  66  52  59  -1   6   0 0.01  0.0    0  5.0 16 210   M    M   5 1      21 210
 8  67  51  59  -2   6   0 0.00  0.0    0  3.7 14 250   M    M   2        20 240
 9  70  52  61   0   4   0 0.00  0.0    0  3.9 13 210   M    M   2        18 210
10  70  53  62   1   3   0 0.00  0.0    0  4.6 15 190   M    M   6        18 190
11  70  53  62   1   3   0 0.00  0.0    0  4.6 15 190   M    M   2        20 200
12  71  55  63   2   2   0 0.00  0.0    0  5.1 14 200   M    M   0        20 190
13  72  58  65   4   0   0 0.00  0.0    0  3.9 12 220   M    M   3        18 230
14  72  59  66   5   0   1 0.00  0.0    0  4.6 13 210   M    M   5        18 230
15  79  56  68   7   0   3 0.00  0.0    0  4.1 13 220   M    M   0        16 280
16  79  53  66   5   0   1 0.00  0.0    0  3.6 14 220   M    M   0        18 220
17  80  55  68   6   0   3 0.00  0.0    0  3.9 15 260   M    M   0        21 280
18  74  55  65   3   0   0 0.00  0.0    0  5.0 16 210   M    M   0 8      20 220
19  72  57  65   3   0   0 0.00  0.0    0  4.6 13 220   M    M   4 18     16 200
20  68  59  64   2   1   0 0.00  0.0    0  5.1 13 220   M    M   6        17 210
21  66  58  62   0   3   0 0.00  0.0    0  5.3 12 210   M    M  10        16 180
22  67  55  61  -1   4   0 0.00  0.0    0  5.3 15 210   M    M   6        20 200
23  67  59  63   1   2   0 0.00  0.0    0  4.5 13 200   M    M   7        16 210
24  68  57  63   1   2   0 0.02  0.0    0  3.9 13 220   M    M   8 18     17 210
================================================================================
SM 1719 1331        44  15  0.03     0.0 109.7          M       86
================================================================================
AV 71.6 55.5                               4.6 FASTST   M    M   4    MAX(MPH)
                                 MISC ---->  # 20 200               # 24  210
================================================================================
NOTES:
# LAST OF SEVERAL OCCURRENCES

COLUMN 17 PEAK WIND IN M.P.H.

PRELIMINARY LOCAL CLIMATOLOGICAL DATA (WS FORM: F-6) , PAGE 2

                                          STATION:  JOHN WAYNE AIRPORT CA
                                          MONTH:    APRIL
                                          YEAR:     2015
                                          LATITUDE:   33 40 N
                                          LONGITUDE: 117 53 W

[TEMPERATURE DATA]      [PRECIPITATION DATA]       SYMBOLS USED IN COLUMN 16

AVERAGE MONTHLY: 63.5   TOTAL FOR MONTH:   0.03    1 = FOG OR MIST
DPTR FM NORMAL:   2.5   DPTR FM NORMAL:   -0.69    2 = FOG REDUCING VISIBILITY
HIGHEST:    83 ON  3    GRTST 24HR  0.02 ON 24-24      TO 1/4 MILE OR LESS
LOWEST:     51 ON  8                               3 = THUNDER
                        SNOW, ICE PELLETS, HAIL    4 = ICE PELLETS
                        TOTAL MONTH:   0.0 INCH    5 = HAIL
                        GRTST 24HR     0.0         6 = FREEZING RAIN OR DRIZZLE
                        GRTST DEPTH:   0           7 = DUSTSTORM OR SANDSTORM:
                                                       VSBY 1/2 MILE OR LESS
                                                   8 = SMOKE OR HAZE
[NO. OF DAYS WITH]      [WEATHER - DAYS WITH]      9 = BLOWING SNOW
                                                   X = TORNADO
MAX 32 OR BELOW:   0    0.01 INCH OR MORE:   2
MAX 90 OR ABOVE:   0    0.10 INCH OR MORE:   0
MIN 32 OR BELOW:   0    0.50 INCH OR MORE:   0
MIN  0 OR BELOW:   0    1.00 INCH OR MORE:   0

[HDD (BASE 65) ]
TOTAL THIS MO.    44    CLEAR  (SCALE 0-3)  10
DPTR FM NORMAL   -59    PTCLDY (SCALE 4-7)  12
TOTAL FM JUL 1   294    CLOUDY (SCALE 8-10)  2
DPTR FM NORMAL  -896

[CDD (BASE 65) ]
TOTAL THIS MO.    15
DPTR FM NORMAL     9    [PRESSURE DATA]
TOTAL FM JAN 1   192    HIGHEST SLP M ON M
DPTR FM NORMAL   171    LOWEST  SLP 29.82 ON 20

[REMARKS]
