000
CXUS51 KBGM 270800
CF6SYR
PRELIMINARY LOCAL CLIMATOLOGICAL DATA (WS FORM: F-6)

                                          STATION:   SYRACUSE NY
                                          MONTH:     APRIL
                                          YEAR:      2015
                                          LATITUDE:   43  7 N
                                          LONGITUDE:  76  7 W

  TEMPERATURE IN F:       :PCPN:    SNOW:  WIND      :SUNSHINE: SKY     :PK WND
================================================================================
1   2   3   4   5  6A  6B    7    8   9   10  11  12  13   14  15   16   17  18
                                     12Z  AVG MX 2MIN
DY MAX MIN AVG DEP HDD CDD  WTR  SNW DPTH SPD SPD DIR MIN PSBL S-S WX    SPD DR
================================================================================

 1  41  21  31 -10  34   0 0.00  0.0    0  5.7 17 270   M    M   3        22 290
 2  68  27  48   7  17   0 0.14    T    0 11.7 24 190   M    M   9 16     35 180
 3  59  41  50   8  15   0 0.32  0.0    0  5.8 15 320   M    M   9 1      19 320
 4  41  32  37  -5  28   0 0.24    T    0 14.7 26 300   M    M   9 1      36 290
 5  36  30  33  -9  32   0 0.03    T    0  7.9 22 280   M    M   9 1      29 280
 6  62  30  46   3  19   0 0.02  0.0    0  6.2 15 330   M    M   9        17 330
 7  51  36  44   1  21   0    T  0.0    0  4.6 10  70   M    M  10        14  60
 8  40  35  38  -6  27   0 0.57  0.0    0 11.5 21  90   M    M  10 1      28  90
 9  50  35  43  -1  22   0 0.25  0.0    0 13.8 22 130   M    M  10 1      32 110
10  58  43  51   6  14   0 0.10  0.0    0 13.8 31 260   M    M   9 13     39 260
11  47  36  42  -3  23   0    T  0.0    0 16.1 29 270   M    M   7        37 280
12  67  31  49   3  16   0 0.00  0.0    0  5.1 13 240   M    M   1        16 260
13  81  37  59  13   6   0 0.22  0.0    0 12.8 31 180   M    M   7 1      41 180
14  64  39  52   6  13   0 0.02  0.0    0  7.6 21 300   M    M   6 1      25 290
15  61  37  49   2  16   0 0.00  0.0    0  7.6 21 300   M    M   3        26 320
16  74  31  53   6  12   0    T  0.0    0  8.3 20 180   M    M   7        28 190
17  62  48  55   7  10   0 0.13  0.0    0  6.1 16 220   M    M   8 1      19 230
18  72  42  57   9   8   0 0.00  0.0    0 10.3 26 280   M    M   2 1      36 290
19  65  38  52   4  13   0 0.00  0.0    0 10.6 25 130   M    M   6 8      31 140
20  59  45  52   3  13   0 0.44  0.0    0 14.7 30 100   M    M   9 13     40 100
21  59  40  50   1  15   0 0.23  0.0    0  9.1 30 270   M    M   8 134    41 280
22  51  36  44  -6  21   0 0.01  0.0    0 10.4 26 280   M    M   9 1      36 280
23  38  31  35 -15  30   0 0.06  0.5    0 14.7 24 290   M    M   9 18     34 280
24  40  31  36 -14  29   0 0.01  0.1    0 14.8 28 290   M    M   7 18     36 280
25  50  27  39 -12  26   0 0.00  0.0    0  7.8 16 300   M    M   3        24 340
26  54  33  44  -7  21   0    T  0.0    0  7.0 18 310   M    M   8        23 330
================================================================================
SM 1450  912       501   0  2.79     0.6 258.7          M      187
================================================================================
AV 55.8 35.1                              10.0 FASTST   M    M   7    MAX(MPH)
                                 MISC ---->  # 31 260               # 41  180
================================================================================
NOTES:
# LAST OF SEVERAL OCCURRENCES

COLUMN 17 PEAK WIND IN M.P.H.

PRELIMINARY LOCAL CLIMATOLOGICAL DATA (WS FORM: F-6) , PAGE 2

                                          STATION:  SYRACUSE NY
                                          MONTH:    APRIL
                                          YEAR:     2015
                                          LATITUDE:   43  7 N
                                          LONGITUDE:  76  7 W

[TEMPERATURE DATA]      [PRECIPITATION DATA]       SYMBOLS USED IN COLUMN 16

AVERAGE MONTHLY: 45.4   TOTAL FOR MONTH:   2.79    1 = FOG OR MIST
DPTR FM NORMAL:  -0.7   DPTR FM NORMAL:    0.01    2 = FOG REDUCING VISIBILITY
HIGHEST:    81 ON 13    GRTST 24HR  0.57 ON  8- 8      TO 1/4 MILE OR LESS
LOWEST:     21 ON  1                               3 = THUNDER
                        SNOW, ICE PELLETS, HAIL    4 = ICE PELLETS
                        TOTAL MONTH:   0.6 INCH    5 = HAIL
                        GRTST 24HR   0.5 ON 23-23  6 = FREEZING RAIN OR DRIZZLE
                        GRTST DEPTH:   0           7 = DUSTSTORM OR SANDSTORM:
                                                       VSBY 1/2 MILE OR LESS
                                                   8 = SMOKE OR HAZE
[NO. OF DAYS WITH]      [WEATHER - DAYS WITH]      9 = BLOWING SNOW
                                                   X = TORNADO
MAX 32 OR BELOW:   0    0.01 INCH OR MORE:  16
MAX 90 OR ABOVE:   0    0.10 INCH OR MORE:  10
MIN 32 OR BELOW:  10    0.50 INCH OR MORE:   1
MIN  0 OR BELOW:   0    1.00 INCH OR MORE:   0

[HDD (BASE 65) ]
TOTAL THIS MO.   501    CLEAR  (SCALE 0-3)   3
DPTR FM NORMAL     7    PTCLDY (SCALE 4-7)  10
TOTAL FM JUL 1  6894    CLOUDY (SCALE 8-10) 13
DPTR FM NORMAL   612

[CDD (BASE 65) ]
TOTAL THIS MO.     0
DPTR FM NORMAL     0    [PRESSURE DATA]
TOTAL FM JAN 1     0    HIGHEST SLP M ON M
DPTR FM NORMAL     0    LOWEST  SLP 29.51 ON 21

[REMARKS]
