000
CXUS55 KVEF 210940
CF6VGT
PRELIMINARY LOCAL CLIMATOLOGICAL DATA (WS FORM: F-6)

                                          STATION:   NORTH_LAS_VEGAS NV
                                          MONTH:     APRIL
                                          YEAR:      2015
                                          LATITUDE:   36 12 N
                                          LONGITUDE: 115 12 W

  TEMPERATURE IN F:       :PCPN:    SNOW:  WIND      :SUNSHINE: SKY     :PK WND
================================================================================
1   2   3   4   5  6A  6B    7    8   9   10  11  12  13   14  15   16   17  18
                                     12Z  AVG MX 2MIN
DY MAX MIN AVG DEP HDD CDD  WTR  SNW DPTH SPD SPD DIR MIN PSBL S-S WX    SPD DR
================================================================================

 1  81  64  73  11   0   8 0.00  0.0    0 11.9 25 350   M    M   0        32 350
 2  73  60  67   4   0   2 0.00  0.0    0 15.5 30 320   M    M   0        36 330
 3  70  53  62  -1   3   0 0.00  0.0    0  6.7 20  90   M    M   0        24 100
 4  79  47  63   0   2   0 0.00  0.0    0  6.4 17 160   M    M   0        23 140
 5  78  60  69   5   0   4 0.00  0.0    0 17.1 28 220   M    M   0        36 210
 6  72  55  64   0   1   0 0.00  0.0    0 16.8 30 180   M    M   0        36 220
 7  71  53  62  -2   3   0 0.00  0.0    0 17.1 28 220   M    M   1        37 220
 8  68  49  59  -5   6   0 0.00  0.0    0 11.4 26 250   M    M   1        34 360
 9  71  48  60  -4   5   0 0.00  0.0    0  5.6 15  40   M    M   0        17 360
10  76  51  64  -1   1   0 0.00  0.0    0  5.6 14 130   M    M   0        18 170
11  81  52  67   2   0   2 0.00  0.0    0  4.9 14 150   M    M   0        19 150
12  86  60  73   8   0   8 0.00  0.0    0  6.4 16 330   M    M   0        21 310
13  89  57  73   7   0   8 0.00  0.0    0  7.1 18 150   M    M   0        28 140
14  85  54  70   4   0   5 0.00  0.0    0 21.6 41 330   M    M   2 78     53 330
15  67  49  58  -8   7   0 0.00  0.0    0 15.9 28 330   M    M   0        34 360
16  73  50  62  -4   3   0 0.00  0.0    0  9.7 23 330   M    M   1        30 330
17  81  52  67   0   0   2 0.00  0.0    0  7.7 21 320   M    M   0        30 310
18  86  56  71   4   0   6 0.00  0.0    0  6.1 15 190   M    M   0        19 180
19  87  61  74   7   0   9 0.00  0.0    0  4.8 13 300   M    M   0        17 270
20  89  61  75   7   0  10 0.00  0.0    0  4.9 14 210   M    M   0        18 160
================================================================================
SM 1563 1092        31  64  0.00     0.0 203.2          M        5
================================================================================
AV 78.2 54.6                              10.2 FASTST   M    M   0    MAX(MPH)
                                 MISC ---->  # 41 330               # 53  330
================================================================================
NOTES:
# LAST OF SEVERAL OCCURRENCES

COLUMN 17 PEAK WIND IN M.P.H.

PRELIMINARY LOCAL CLIMATOLOGICAL DATA (WS FORM: F-6) , PAGE 2

                                          STATION:  NORTH_LAS_VEGAS NV
                                          MONTH:    APRIL
                                          YEAR:     2015
                                          LATITUDE:   36 12 N
                                          LONGITUDE: 115 12 W

[TEMPERATURE DATA]      [PRECIPITATION DATA]       SYMBOLS USED IN COLUMN 16

AVERAGE MONTHLY: 66.4   TOTAL FOR MONTH:   0.00    1 = FOG OR MIST
DPTR FM NORMAL:   1.4   DPTR FM NORMAL:   -0.25    2 = FOG REDUCING VISIBILITY
HIGHEST:    89 ON 20,13 GRTST 24HR  0.00 ON 20-20      TO 1/4 MILE OR LESS
LOWEST:     47 ON  4                               3 = THUNDER
                        SNOW, ICE PELLETS, HAIL    4 = ICE PELLETS
                        TOTAL MONTH:   0.0 INCH    5 = HAIL
                        GRTST 24HR     0.0         6 = FREEZING RAIN OR DRIZZLE
                        GRTST DEPTH:   0           7 = DUSTSTORM OR SANDSTORM:
                                                       VSBY 1/2 MILE OR LESS
                                                   8 = SMOKE OR HAZE
[NO. OF DAYS WITH]      [WEATHER - DAYS WITH]      9 = BLOWING SNOW
                                                   X = TORNADO
MAX 32 OR BELOW:   0    0.01 INCH OR MORE:   0
MAX 90 OR ABOVE:   0    0.10 INCH OR MORE:   0
MIN 32 OR BELOW:   0    0.50 INCH OR MORE:   0
MIN  0 OR BELOW:   0    1.00 INCH OR MORE:   0

[HDD (BASE 65) ]
TOTAL THIS MO.    31    CLEAR  (SCALE 0-3)  20
DPTR FM NORMAL   -23    PTCLDY (SCALE 4-7)   0
TOTAL FM JUL 1  1412    CLOUDY (SCALE 8-10)  0
DPTR FM NORMAL  -618

[CDD (BASE 65) ]
TOTAL THIS MO.    64
DPTR FM NORMAL    11    [PRESSURE DATA]
TOTAL FM JAN 1   169    HIGHEST SLP M ON M
DPTR FM NORMAL    94    LOWEST  SLP 29.54 ON  5

[REMARKS]
