000
CDUS43 KABR 051355
CLI8D3


CLIMATE REPORT
NATIONAL WEATHER SERVICE ABERDEEN SD
855 AM CDT TUE MAY 5 2015


...................................

...THE SISSETON SD CLIMATE SUMMARY FOR MAY 4 2015...

CLIMATE NORMAL PERIOD 1981 TO 2010
CLIMATE RECORD PERIOD 1900 TO 2015


WEATHER ITEM   OBSERVED TIME   RECORD YEAR NORMAL DEPARTURE LAST
                VALUE   (LST)  VALUE       VALUE  FROM      YEAR
                                                  NORMAL
..................................................................
TEMPERATURE (F)
 YESTERDAY
  MAXIMUM         72    318 PM  91    1952  66      6       50
  MINIMUM         37    456 AM  25    1944  41     -4       30
  AVERAGE         55                        53      2       40

PRECIPITATION (IN)
  YESTERDAY        0.00          1.21 1901   0.09  -0.09     0.00
  MONTH TO DATE    0.01                      0.35  -0.34     0.00
  SINCE MAR 1      1.59                      3.75  -2.16     4.02
  SINCE JAN 1      2.47                      4.61  -2.14     4.64

DEGREE DAYS
 HEATING
  YESTERDAY       10                        12     -2       25
  MONTH TO DATE   20                        51    -31       80
  SINCE MAR 1   1456                      1751   -295     2007
  SINCE JUL 1   7725                      8010   -285     8824

 COOLING
  YESTERDAY        0                         0      0        0
  MONTH TO DATE    2                         0      2        0
  SINCE MAR 1      2                         1      1        0
  SINCE JAN 1      2                         1      1        0
..................................................................


WIND (MPH)
  HIGHEST WIND SPEED    13   HIGHEST WIND DIRECTION     E (70)
  HIGHEST GUST SPEED    18   HIGHEST GUST DIRECTION     E (70)
  AVERAGE WIND SPEED     5.6


SKY COVER
  POSSIBLE SUNSHINE  MM
  AVERAGE SKY COVER 0.0


WEATHER CONDITIONS
 THE FOLLOWING WEATHER WAS RECORDED YESTERDAY.
  NO SIGNIFICANT WEATHER WAS OBSERVED.


RELATIVE HUMIDITY (PERCENT)
 HIGHEST    64           500 AM
 LOWEST     15           400 PM
 AVERAGE    40

..........................................................


THE SISSETON SD CLIMATE NORMALS FOR TODAY
                         NORMAL    RECORD    YEAR
 MAXIMUM TEMPERATURE (F)   66        93      2000
 MINIMUM TEMPERATURE (F)   41        26      1944


SUNRISE AND SUNSET
MAY  5 2015...........SUNRISE   610 AM CDT   SUNSET   840 PM CDT
MAY  6 2015...........SUNRISE   609 AM CDT   SUNSET   841 PM CDT


-  INDICATES NEGATIVE NUMBERS.
R  INDICATES RECORD WAS SET OR TIED.
MM INDICATES DATA IS MISSING.
T  INDICATES TRACE AMOUNT.




$$
