000
CDUS46 KMFR 010840
CLIAAT


CLIMATE REPORT
NATIONAL WEATHER SERVICE MEDFORD, OR
140 AM PDT WED APR 1 2015


...................................

...THE ALTURAS CA CLIMATE SUMMARY FOR MARCH 31 2015...

CLIMATE NORMAL PERIOD 1981 TO 2010
CLIMATE RECORD PERIOD 1905 TO 2015


WEATHER ITEM   OBSERVED TIME   RECORD YEAR NORMAL DEPARTURE LAST
                VALUE   (LST)  VALUE       VALUE  FROM      YEAR
                                                  NORMAL
..................................................................
TEMPERATURE (F)
 YESTERDAY
  MAXIMUM         52   1036 AM  81    1966  54     -2       44
  MINIMUM         22   1149 PM  -8    1917  26     -4       27
  AVERAGE         37                        40     -3       36

PRECIPITATION (IN)
  YESTERDAY        T             0.43 1983   0.05  -0.05     0.05
  MONTH TO DATE    0.53                      1.52  -0.99     2.16
  SINCE OCT 1      6.17                      9.13  -2.96     4.39
  SINCE JAN 1      1.66                      4.62  -2.96     3.76

SNOWFALL (IN)
  YESTERDAY       MM                        MM     MM       MM
  MONTH TO DATE   MM                        MM     MM       MM
  SINCE JUL 1     MM                        MM     MM        0.0
  SNOW DEPTH      MM

DEGREE DAYS
 HEATING
  YESTERDAY       28                        25      3       29
  MONTH TO DATE  612                       824   -212      744
  SINCE MAR 1    612                       825   -213      744
  SINCE JUL 1   4239                      5692  -1453     5509

 COOLING
  YESTERDAY        0                         0      0        0
  MONTH TO DATE    0                         0      0        0
  SINCE MAR 1      0                         0      0        0
  SINCE JAN 1      0                         0      0        0
..................................................................


WIND (MPH)
  HIGHEST WIND SPEED    32   HIGHEST WIND DIRECTION    NW (320)
  HIGHEST GUST SPEED    40   HIGHEST GUST DIRECTION    NW (310)
  AVERAGE WIND SPEED     8.5


SKY COVER
  POSSIBLE SUNSHINE  MM
  AVERAGE SKY COVER 0.4


WEATHER CONDITIONS
 THE FOLLOWING WEATHER WAS RECORDED YESTERDAY.
  LIGHT RAIN


RELATIVE HUMIDITY (PERCENT)
 HIGHEST    82           500 AM
 LOWEST     42           900 AM
 AVERAGE    62

..........................................................


THE ALTURAS CA CLIMATE NORMALS FOR TODAY
                         NORMAL    RECORD    YEAR
 MAXIMUM TEMPERATURE (F)   54        82      1966
 MINIMUM TEMPERATURE (F)   26        10      1936


SUNRISE AND SUNSET
APRIL  1 2015.........SUNRISE   646 AM PDT   SUNSET   727 PM PDT
APRIL  2 2015.........SUNRISE   644 AM PDT   SUNSET   728 PM PDT


-  INDICATES NEGATIVE NUMBERS.
R  INDICATES RECORD WAS SET OR TIED.
MM INDICATES DATA IS MISSING.
T  INDICATES TRACE AMOUNT.




$$
