000
CDUS45 KABQ 260829
CLIABQ


CLIMATE REPORT
NATIONAL WEATHER SERVICE ALBUQUERQUE NM
228 AM MDT SUN APR 26 2015


...................................

...THE ALBUQUERQUE  NM CLIMATE SUMMARY FOR APRIL 25 2015...

CLIMATE NORMAL PERIOD 1981 TO 2010
CLIMATE RECORD PERIOD 1891 TO 2015


WEATHER ITEM   OBSERVED TIME   RECORD YEAR NORMAL DEPARTURE LAST
                VALUE   (LST)  VALUE       VALUE  FROM      YEAR
                                                  NORMAL
..................................................................
TEMPERATURE (F)
 YESTERDAY
  MAXIMUM         70    325 PM  86    2012  72     -2       80
                                      1981
  MINIMUM         42    552 AM  25    1921  46     -4       41
  AVERAGE         56                        59     -3       61

PRECIPITATION (IN)
  YESTERDAY        T             0.86 1990   0.02  -0.02
  MONTH TO DATE    0.13                      0.52  -0.39
  SINCE MAR 1      0.24                      1.09  -0.85
  SINCE JAN 1      1.55                      1.95  -0.40

SNOWFALL (IN)
  YESTERDAY       MM
  MONTH TO DATE    T
  SINCE MAR 1      T
  SINCE JUL 1     15.2
  SNOW DEPTH       0

DEGREE DAYS
 HEATING
  YESTERDAY        9                         7      2        4
  MONTH TO DATE  196                       249    -53      191
  SINCE MAR 1    560                       773   -213      661
  SINCE JUL 1   3481                      4076   -595     3804

 COOLING
  YESTERDAY        0                         1     -1        0
  MONTH TO DATE    0                         1     -1        6
  SINCE MAR 1      0                         1     -1        6
  SINCE JAN 1      0                         1     -1        6
..................................................................


WIND (MPH)
  HIGHEST WIND SPEED    24   HIGHEST WIND DIRECTION     W (280)
  HIGHEST GUST SPEED    30   HIGHEST GUST DIRECTION    SW (210)
  AVERAGE WIND SPEED     8.1


SKY COVER
  POSSIBLE SUNSHINE  MM
  AVERAGE SKY COVER 0.6


WEATHER CONDITIONS
 THE FOLLOWING WEATHER WAS RECORDED YESTERDAY.
  LIGHT RAIN


RELATIVE HUMIDITY (PERCENT)
 HIGHEST    76           600 AM
 LOWEST     16           500 PM
 AVERAGE    46

..........................................................


THE ALBUQUERQUE  NM CLIMATE NORMALS FOR TODAY
                         NORMAL    RECORD    YEAR
 MAXIMUM TEMPERATURE (F)   72        87      2012
 MINIMUM TEMPERATURE (F)   46        28      1984


SUNRISE AND SUNSET
APRIL 26 2015.........SUNRISE   621 AM MDT   SUNSET   748 PM MDT
APRIL 27 2015.........SUNRISE   620 AM MDT   SUNSET   749 PM MDT


-  INDICATES NEGATIVE NUMBERS.
R  INDICATES RECORD WAS SET OR TIED.
MM INDICATES DATA IS MISSING.
T  INDICATES TRACE AMOUNT.




$$
