000
CDUS41 KPHI 030646
CLIACY


CLIMATE REPORT
NATIONAL WEATHER SERVICE MOUNT HOLLY NJ
245 AM EDT SUN MAY 3 2015


...................................

...THE ATLANTIC CITY NJ CLIMATE SUMMARY FOR MAY 2 2015...

CLIMATE NORMAL PERIOD 1981 TO 2010
CLIMATE RECORD PERIOD 1874 TO 2015


WEATHER ITEM   OBSERVED TIME   RECORD YEAR NORMAL DEPARTURE LAST
                VALUE   (LST)  VALUE       VALUE  FROM      YEAR
                                                  NORMAL
..................................................................
TEMPERATURE (F)
 YESTERDAY
  MAXIMUM         67   1109 AM  88    2010  67      0       69
  MINIMUM         41    128 AM  32    1978  47     -6       50
  AVERAGE         54                        57     -3       60

PRECIPITATION (IN)
  YESTERDAY        0.00          0.91 1962   0.10  -0.10      T
  MONTH TO DATE    0.00                      0.19  -0.19     0.01
  SINCE MAR 1      9.19                      8.03   1.16     9.38
  SINCE JAN 1     17.25                     14.12   3.13    17.93

SNOWFALL (IN)
  YESTERDAY        0.0           0.0  1903   0.0    0.0      0.0
  MONTH TO DATE    0.0                       0.0    0.0      0.0
  SINCE MAR 1      7.4                       1.4    6.0     15.6
  SINCE JUL 1     22.4                      16.5    5.9     43.8
  SNOW DEPTH       0

DEGREE DAYS
 HEATING
  YESTERDAY       11                         9      2        5
  MONTH TO DATE   27                        18      9        5
  SINCE MAR 1   1226                      1131     95     1318
  SINCE JUL 1   5101                      4722    379     5181

 COOLING
  YESTERDAY        0                         1     -1        0
  MONTH TO DATE    0                         2     -2        1
  SINCE MAR 1      0                        11    -11        1
  SINCE JAN 1      0                        11    -11        1
..................................................................


WIND (MPH)
  HIGHEST WIND SPEED    16   HIGHEST WIND DIRECTION    SE (140)
  HIGHEST GUST SPEED    21   HIGHEST GUST DIRECTION    SE (150)
  AVERAGE WIND SPEED     7.1


SKY COVER
  POSSIBLE SUNSHINE  MM
  AVERAGE SKY COVER 0.2


WEATHER CONDITIONS
 THE FOLLOWING WEATHER WAS RECORDED YESTERDAY.
  NO SIGNIFICANT WEATHER WAS OBSERVED.


RELATIVE HUMIDITY (PERCENT)
 HIGHEST    89           200 AM
 LOWEST     44          1100 AM
 AVERAGE    67

..........................................................


THE ATLANTIC CITY NJ CLIMATE NORMALS FOR TODAY
                         NORMAL    RECORD    YEAR
 MAXIMUM TEMPERATURE (F)   68        89      2001
                                             1913
 MINIMUM TEMPERATURE (F)   47        34      1882


SUNRISE AND SUNSET
MAY  3 2015...........SUNRISE   557 AM EDT   SUNSET   754 PM EDT
MAY  4 2015...........SUNRISE   556 AM EDT   SUNSET   755 PM EDT


-  INDICATES NEGATIVE NUMBERS.
R  INDICATES RECORD WAS SET OR TIED.
MM INDICATES DATA IS MISSING.
T  INDICATES TRACE AMOUNT.




$$
