000
CDUS44 KLCH 210833
CLIAEX


CLIMATE REPORT
NATIONAL WEATHER SERVICE LAKE CHARLES, LA
333 AM CDT TUE APR 21 2015


...................................

...THE ALEXANDRIA CLIMATE SUMMARY FOR APRIL 20 2015...

CLIMATE NORMAL PERIOD 1981 TO 2010
CLIMATE RECORD PERIOD 1892 TO 2015


WEATHER ITEM   OBSERVED TIME   RECORD YEAR NORMAL DEPARTURE LAST
                VALUE   (LST)  VALUE       VALUE  FROM      YEAR
                                                  NORMAL
..................................................................
TEMPERATURE (F)
 YESTERDAY
  MAXIMUM         71    340 PM  94    1987  79     -8       84
  MINIMUM         55   1129 PM  36    1893  56     -1       52
  AVERAGE         63                        67     -4       68

PRECIPITATION (IN)
  YESTERDAY        0.00          2.05 1947   0.15  -0.15     0.00
  MONTH TO DATE    6.01                      3.34   2.67     2.92
  SINCE MAR 1     11.81                      8.39   3.42     6.83
  SINCE JAN 1     16.91                     18.07  -1.16    13.21

SNOWFALL (IN)
  YESTERDAY        0.0           0.0    MM  MM     MM        0.0
  MONTH TO DATE    0.0                      MM     MM        0.0
  SINCE MAR 1      0.3                      MM     MM        0.2
  SINCE JUL 1      0.3                      MM     MM        5.0
  SNOW DEPTH       0

DEGREE DAYS
 HEATING
  YESTERDAY        2                         1      1        0
  MONTH TO DATE   16                        58    -42       81
  SINCE MAR 1    197                       273    -76      398
  SINCE JUL 1   2048                      1938    110     2414

 COOLING
  YESTERDAY        0                         4     -4        3
  MONTH TO DATE   99                        58     41       42
  SINCE MAR 1    143                        94     49       55
  SINCE JAN 1    144                       111     33       66
..................................................................


WIND (MPH)
  HIGHEST WIND SPEED    20   HIGHEST WIND DIRECTION    NW (320)
  HIGHEST GUST SPEED    25   HIGHEST GUST DIRECTION    NW (320)
  AVERAGE WIND SPEED     7.5


SKY COVER
  POSSIBLE SUNSHINE  MM
  AVERAGE SKY COVER 0.0


WEATHER CONDITIONS
 THE FOLLOWING WEATHER WAS RECORDED YESTERDAY.
  FOG


RELATIVE HUMIDITY (PERCENT)
 HIGHEST   100          1200 AM
 LOWEST     40           200 PM
 AVERAGE    70

..........................................................


THE ALEXANDRIA CLIMATE NORMALS FOR TODAY
                         NORMAL    RECORD    YEAR
 MAXIMUM TEMPERATURE (F)   80        94      1987
 MINIMUM TEMPERATURE (F)   56        38      1953


SUNRISE AND SUNSET
APRIL 21 2015.........SUNRISE   636 AM CDT   SUNSET   743 PM CDT
APRIL 22 2015.........SUNRISE   635 AM CDT   SUNSET   743 PM CDT


-  INDICATES NEGATIVE NUMBERS.
R  INDICATES RECORD WAS SET OR TIED.
MM INDICATES DATA IS MISSING.
T  INDICATES TRACE AMOUNT.




$$
