000
CDUS42 KCAE 050544
CLIAGS


CLIMATE REPORT
NATIONAL WEATHER SERVICE COLUMBIA SC
143 AM EDT TUE MAY 5 2015


...................................

...THE AUGUSTA REGIONAL BUSH FIELD GA CLIMATE SUMMARY FOR MAY 4 2015...

CLIMATE NORMAL PERIOD 1981 TO 2010
CLIMATE RECORD PERIOD 1873 TO 2015


WEATHER ITEM   OBSERVED TIME   RECORD YEAR NORMAL DEPARTURE LAST
                VALUE   (LST)  VALUE       VALUE  FROM      YEAR
                                                  NORMAL
..................................................................
TEMPERATURE (F)
 YESTERDAY
  MAXIMUM         83    308 PM  94    1902  82      1       88
  MINIMUM         49    559 AM  35    1971  53     -4       46
  AVERAGE         66                        68     -2       67

PRECIPITATION (IN)
  YESTERDAY        0.00          1.82 1874   0.08  -0.08     0.00
  MONTH TO DATE    0.00                      0.30  -0.30     0.08
  SINCE MAR 1      7.90                      7.32   0.58     7.23
  SINCE JAN 1     14.70                     15.15  -0.45    13.44

SNOWFALL (IN)
  YESTERDAY        0.0          MM      MM   0.0             0.0
  MONTH TO DATE    0.0                       0.0             0.0
  SINCE MAR 1      0.0                       0.0             0.0
  SINCE JUL 1      T                         0.9             3.3

DEGREE DAYS
 HEATING
  YESTERDAY        0                         1     -1        0
  MONTH TO DATE   10                         7      3        5
  SINCE MAR 1    277                       427   -150      506
  SINCE JUL 1   2563                      2459    104     2668

 COOLING
  YESTERDAY        1                         4     -3        2
  MONTH TO DATE    1                        15    -14        2
  SINCE MAR 1    115                        85     30       55
  SINCE JAN 1    115                        88     27       57
..................................................................


WIND (MPH)
  HIGHEST WIND SPEED    14   HIGHEST WIND DIRECTION     S (170)
  HIGHEST GUST SPEED    20   HIGHEST GUST DIRECTION     S (170)
  AVERAGE WIND SPEED     2.6


SKY COVER
  AVERAGE SKY COVER 0.1


WEATHER CONDITIONS
 THE FOLLOWING WEATHER WAS RECORDED YESTERDAY.
  FOG


RELATIVE HUMIDITY (PERCENT)
 HIGHEST    96           400 AM
 LOWEST     33           300 PM
 AVERAGE    65

..........................................................


THE AUGUSTA REGIONAL BUSH FIELD GA CLIMATE NORMALS FOR TODAY
                         NORMAL    RECORD    YEAR
 MAXIMUM TEMPERATURE (F)   82        96      2012
 MINIMUM TEMPERATURE (F)   54        39      1997
                                             1973


SUNRISE AND SUNSET
MAY  5 2015...........SUNRISE   636 AM EDT   SUNSET   813 PM EDT
MAY  6 2015...........SUNRISE   635 AM EDT   SUNSET   814 PM EDT


-  INDICATES NEGATIVE NUMBERS.
R  INDICATES RECORD WAS SET OR TIED.
MM INDICATES DATA IS MISSING.
T  INDICATES TRACE AMOUNT.




$$
