000
CDAK48 PAKN 180044
CLIAKN

CLIMATE REPORT
NATIONAL WEATHER SERVICE KING SALMON, AK
444 PM AKDT FRI APR 17 2015

...................................
...THE KING SALMON AP CLIMATE SUMMARY FOR APRIL 17 2015...
VALID TODAY AS OF 2:00 PM LOCAL TIME

CLIMATE NORMAL PERIOD  1981 TO  2010
CLIMATE RECORD PERIOD  1917 TO  2015

WEATHER ITEM   OBSERVED TIME    RECORD YEAR NORMAL DEPARTURE LAST
               VALUE    (LST)   VALUE       VALUE  FROM      YEAR
                                                   NORMAL
...................................................................
TEMPERATURE
TODAY
 MAXIMUM            42  0343 PM    55  1965     43      -1     49
 MINIMUM            23  0508 AM     2  1963     26      -3     27
 AVERAGE            33                          34      -1     38

PRECIPITATION
(INCHES)
 TODAY            0.00           0.36  1936   0.04   -0.04   0.04
 MONTH TO DATE    1.81                        0.52    1.29   0.40
 SINCE MAR 1      2.76                        1.22    1.54   1.16
 SINCE JAN 1      3.55                        3.00    0.55   2.97

SNOWFALL
(INCHES)
 TODAY             0.0            1.7  1961    0.1    -0.1    0.0
 MONTH TO DATE    11.0                         2.7     8.3    0.5
 SINCE MAR 1      11.3                         9.1     2.2    9.3
 SINCE JUL 1      25.0                        44.6   -19.6   36.0
 SNOW DEPTH (IN)     0                                          0

DEGREE DAYS
 HEATING
  TODAY             32                          31       1     27
  MONTH TO DATE    545                         576     -31    511
  SINCE MAR 1     1608                        1841    -233   1760
  SINCE JUL 1     7805                        9459   -1654   8120

 COOLING
  TODAY              0                           0       0      0
  MONTH TO DATE      0                           0       0      0
  SINCE MAR 1        0                           0       0      0
  SINCE JAN 1        0                           0       0      0
...................................................................

WIND (MPH)
 HIGHEST WIND SPEED    30     HIGHEST WIND DIRECTION     90
 HIGHEST GUST SPEED    39     HIGHEST GUST DIRECTION     90
 AVERAGE WIND SPEED   0.0

SKY COVER
  POSSIBLE SUNSHINE  MM            AVERAGE SKY COVER MM

WEATHER CONDITIONS
 THE FOLLOWING WEATHER WAS RECORDED TODAY.
FOG
DRIZZLE
SLEET
THUNDER


RELATIVE HUMIDITY
 HIGHEST RH     MM PERCENT       MM
 LOWEST  RH     MM PERCENT       MM
 AVERAGE RH     MM PERCENT       MM
...................................................................

THE KING SALMON CLIMATE NORMALS FOR TOMORROW
                        NORMAL    RECORD   YEAR
 MAXIMUM TEMPERATURE      43        56     1965
 MINIMUM TEMPERATURE      26        -6     1985

SUNRISE AND SUNSET
 APR 17 2015..........SUNRISE  7:09 AM      SUNSET  9:46 PM
 APR 18 2015..........SUNRISE  7:06 AM      SUNSET  9:48 PM

-  INDICATES NEGATIVE NUMBERS.
R  INDICATES RECORD HAS BEEN SET OR TIED.
MM INDICATES DATA IS MISSING.
T  INDICATES TRACE OF PRECIPITATION.

&&
-------------------------------------------------------------------

AMOUNT OF DAYLIGHT TODAY  (HOUR:MIN)........14 HOURS 37 MINUTES
GAIN/LOSS SINCE YESTERDAY (HOUR:MIN:SEC)....+0:05:05

$$
DJH APR 15
