000
CDUS45 KBOU 250725
CLIAKO


CLIMATE REPORT
NATIONAL WEATHER SERVICE BOULDER, CO
125 AM MDT SAT APR 25 2015


...................................

...THE AKRON CO CLIMATE SUMMARY FOR APRIL 24 2015...

CLIMATE NORMAL PERIOD 1981 TO 2010
CLIMATE RECORD PERIOD 9999 TO 9999


WEATHER ITEM   OBSERVED TIME   RECORD YEAR NORMAL DEPARTURE LAST
                VALUE   (LST)  VALUE       VALUE  FROM      YEAR
                                                  NORMAL
..................................................................
TEMPERATURE (F)
 YESTERDAY
  MAXIMUM         70    100 PM  90    2012  63      7
  MINIMUM         40    207 AM  21    2013  36      4
                                      1958
  AVERAGE         55                        50      5

PRECIPITATION (IN)
  YESTERDAY        0.01          1.16 1973   0.07  -0.06     0.00
  MONTH TO DATE    0.91                      1.23  -0.32     0.60
  SINCE MAR 1      1.13                      2.10  -0.97     1.03
  SINCE JAN 1      1.41                      2.84  -1.43     1.46

DEGREE DAYS
 HEATING
  YESTERDAY       10
  MONTH TO DATE  387

 COOLING
  YESTERDAY        0
  MONTH TO DATE    0
..................................................................


WIND (MPH)
  HIGHEST WIND SPEED    20   HIGHEST WIND DIRECTION    NW (320)
  HIGHEST GUST SPEED    23   HIGHEST GUST DIRECTION    NW (320)




RELATIVE HUMIDITY (PERCENT)
 HIGHEST   100
 LOWEST     26
 AVERAGE    63

..........................................................


THE AKRON CO CLIMATE NORMALS FOR TODAY
                         NORMAL    RECORD    YEAR
 MAXIMUM TEMPERATURE (F)   64        87      1949
 MINIMUM TEMPERATURE (F)   36        21      1950


SUNRISE AND SUNSET
APRIL 25 2015.........SUNRISE   601 AM MDT   SUNSET   742 PM MDT
APRIL 26 2015.........SUNRISE   559 AM MDT   SUNSET   743 PM MDT


-  INDICATES NEGATIVE NUMBERS.
R  INDICATES RECORD WAS SET OR TIED.
MM INDICATES DATA IS MISSING.
T  INDICATES TRACE AMOUNT.




$$
