000
CDUS45 KPUB 061049
CLIALS


CLIMATE REPORT
NATIONAL WEATHER SERVICE PUEBLO
449 AM MDT WED MAY 6 2015


...................................

...THE ALAMOSA CO CLIMATE SUMMARY FOR MAY 5 2015...

CLIMATE NORMAL PERIOD 1981 TO 2010
CLIMATE RECORD PERIOD 1932 TO 2015


WEATHER ITEM   OBSERVED TIME   RECORD YEAR NORMAL DEPARTURE LAST
                VALUE   (LST)  VALUE       VALUE  FROM      YEAR
                                                  NORMAL
..................................................................
TEMPERATURE (F)
 YESTERDAY
  MAXIMUM         53    213 PM  80    2000  66    -13       74
                                      1947
  MINIMUM         42   1120 PM  17    1991  31     11       35
  AVERAGE         48                        48      0       55

PRECIPITATION (IN)
  YESTERDAY        0.30          0.58 1978   0.02   0.28     0.00
  MONTH TO DATE    0.32                      0.10   0.22      T
  SINCE MAR 1      1.15                      1.22  -0.07     1.46
  SINCE JAN 1      2.49                      1.74   0.75     1.58

SNOWFALL (IN)
  YESTERDAY        0.0           7.1  1978   0.0    0.0      0.0
  MONTH TO DATE    0.0                       0.3   -0.3       T
  SINCE MAR 1      0.7                       8.9   -8.2     10.4
  SINCE JUL 1     23.8                      27.0   -3.2     38.5
  SNOW DEPTH       0

DEGREE DAYS
 HEATING
  YESTERDAY       17                        17      0       10
  MONTH TO DATE   69                        88    -19       78
  SINCE MAR 1   1494                      1759   -265     1619
  SINCE JUL 1   6986                      8088  -1102     8187

 COOLING
  YESTERDAY        0                         0      0        0
  MONTH TO DATE    0                         0      0        0
  SINCE MAR 1      0                         0      0        0
  SINCE JAN 1      0                         0      0        0
..................................................................


WIND (MPH)
  HIGHEST WIND SPEED    20   HIGHEST WIND DIRECTION     W (250)
  HIGHEST GUST SPEED    23   HIGHEST GUST DIRECTION    SW (240)
  AVERAGE WIND SPEED     6.4


SKY COVER
  POSSIBLE SUNSHINE  MM
  AVERAGE SKY COVER 0.8


WEATHER CONDITIONS
 THE FOLLOWING WEATHER WAS RECORDED YESTERDAY.
  THUNDERSTORM
  RAIN
  LIGHT RAIN
  FOG


RELATIVE HUMIDITY (PERCENT)
 HIGHEST    96           400 AM
 LOWEST     50           200 PM
 AVERAGE    73

..........................................................


THE ALAMOSA CO CLIMATE NORMALS FOR TODAY
                         NORMAL    RECORD    YEAR
 MAXIMUM TEMPERATURE (F)   66        80      2009
 MINIMUM TEMPERATURE (F)   31        17      1991
                                             1950


SUNRISE AND SUNSET
MAY  6 2015...........SUNRISE   603 AM MDT   SUNSET   758 PM MDT
MAY  7 2015...........SUNRISE   602 AM MDT   SUNSET   759 PM MDT


-  INDICATES NEGATIVE NUMBERS.
R  INDICATES RECORD WAS SET OR TIED.
MM INDICATES DATA IS MISSING.
T  INDICATES TRACE AMOUNT.




$$
