000
CDAK47 PANT 050924
CLIANN

CLIMATE REPORT
NATIONAL WEATHER SERVICE ANNETTE, AK
125 AM AKDT TUE MAY 5 2015

...................................
...THE ANNETTE WSO AP CLIMATE SUMMARY FOR MAY 4 2015...

CLIMATE NORMAL PERIOD  1981 TO  2010
CLIMATE RECORD PERIOD  1948 TO  2015

WEATHER ITEM   OBSERVED TIME    RECORD YEAR NORMAL DEPARTURE LAST
               VALUE    (LST)   VALUE       VALUE  FROM      YEAR
                                                   NORMAL
...................................................................
TEMPERATURE
YESTERDAY
 MAXIMUM            60  0222 PM    68  1956     54       6     63
 MINIMUM            46  1159 PM    33  1965     42       4     38
 AVERAGE            53                          48       5     51

PRECIPITATION
(INCHES)
 YESTERDAY        0.00           1.74  1974   0.19   -0.19   0.00
 MONTH TO DATE    0.17                        0.78   -0.61      T
 SINCE MAR 1     22.09                       15.60    6.49  23.74
 SINCE JAN 1     43.15                       33.64    9.51  35.84

SNOWFALL
(INCHES)
 YESTERDAY         0.0              T  1999    0.0     0.0    0.0
 MONTH TO DATE     0.0                         0.0     0.0    0.0
 SINCE MAR 1         T                         8.3    -8.3    0.3
 SINCE JUL 1      10.2                        34.8   -24.6   25.4
 SNOW DEPTH (IN)     0                                          0

DEGREE DAYS
 HEATING
  YESTERDAY         12                          17      -5     14
  MONTH TO DATE     69                          71      -2     49
  SINCE MAR 1     1305                        1478    -173   1555
  SINCE JUL 1     5389                        6016    -627   6044

 COOLING
  YESTERDAY          0                           0       0      0
  MONTH TO DATE      0                           0       0      0
  SINCE MAR 1        0                           0       0      0
  SINCE JAN 1        0                           0       0      0
...................................................................

WIND (MPH)
 HIGHEST WIND SPEED    10     HIGHEST WIND DIRECTION    320
 HIGHEST GUST SPEED    13     HIGHEST GUST DIRECTION    300
 AVERAGE WIND SPEED   3.2

SKY COVER
  POSSIBLE SUNSHINE    MM          AVERAGE SKY COVER     MM

WEATHER CONDITIONS
 THE FOLLOWING WEATHER WAS RECORDED YESTERDAY.
  NO SIGNIFICANT WEATHER WAS OBSERVED.

RELATIVE HUMIDITY
 HIGHEST RH     MM PERCENT       MM
 LOWEST  RH     MM PERCENT       MM
 AVERAGE RH     MM PERCENT       MM
...................................................................

THE ANNETTE CLIMATE NORMALS FOR TODAY
                           NORMAL    RECORD   YEAR
 MAXIMUM TEMPERATURE (F)     54        75     1972
 MINIMUM TEMPERATURE (F)     42        32     1965

SUNRISE AND SUNSET
 MAY 5 2015..........SUNRISE  4:58 AM      SUNSET  8:30 PM
 MAY 6 2015..........SUNRISE  4:56 AM      SUNSET  8:32 PM

-  INDICATES NEGATIVE NUMBERS.
R  INDICATES RECORD HAS BEEN SET OR TIED.
MM INDICATES DATA IS MISSING.
T  INDICATES TRACE OF PRECIPITATION.

&&
-------------------------------------------------------------------

AMOUNT OF DAYLIGHT TODAY  (HOUR:MIN)........15 HOURS 32 MINUTES
GAIN/LOSS SINCE YESTERDAY (HOUR:MIN:SEC)....+0:03:58

$$
MM MAY 15
