000
CDUS46 KPQR 261146
CLIAST


CLIMATE REPORT
NATIONAL WEATHER SERVICE PORTLAND OREGON
446 AM PDT SUN APR 26 2015


...................................

...THE ASTORIA OR CLIMATE SUMMARY FOR APRIL 25 2015...

CLIMATE NORMAL PERIOD 1981 TO 2010
CLIMATE RECORD PERIOD 1892 TO 2015


WEATHER ITEM   OBSERVED TIME   RECORD YEAR NORMAL DEPARTURE LAST
                VALUE   (LST)  VALUE       VALUE  FROM      YEAR
                                                  NORMAL
..................................................................
TEMPERATURE (F)
 YESTERDAY
  MAXIMUM         58    132 PM  83    1941  58      0       56
  MINIMUM         39    458 AM  29    1955  42     -3       38
  AVERAGE         49                        50     -1       47

PRECIPITATION (IN)
  YESTERDAY        T             1.24 1892   0.15  -0.15     0.07
  MONTH TO DATE    2.77                      4.50  -1.73     7.22
  SINCE OCT 1     50.45                     56.36  -5.91    44.00
  SINCE JAN 1     24.83                     29.34  -4.51    31.84

DEGREE DAYS
 HEATING
  YESTERDAY       16                        15      1       18
  MONTH TO DATE  405                       414     -9      386
  SINCE MAR 1    874                       992   -118      902
  SINCE JUL 1   3414                      4334   -920     4331

 COOLING
  YESTERDAY        0                         0      0        0
  MONTH TO DATE    0                         0      0        0
  SINCE MAR 1      0                         0      0        0
  SINCE JAN 1      0                         0      0        0
..................................................................


WIND (MPH)
  HIGHEST WIND SPEED    14   HIGHEST WIND DIRECTION    NW (300)
  HIGHEST GUST SPEED    20   HIGHEST GUST DIRECTION    NW (300)
  AVERAGE WIND SPEED     5.7


SKY COVER
  POSSIBLE SUNSHINE  MM
  AVERAGE SKY COVER 0.2


WEATHER CONDITIONS
 THE FOLLOWING WEATHER WAS RECORDED YESTERDAY.
  FOG
  FOG W/VISIBILITY <= 1/4 MILE


RELATIVE HUMIDITY (PERCENT)
 HIGHEST   100           600 AM
 LOWEST     47           300 PM
 AVERAGE    74

..........................................................


THE ASTORIA OR CLIMATE NORMALS FOR TODAY
                         NORMAL    RECORD    YEAR
 MAXIMUM TEMPERATURE (F)   58        83      1987
 MINIMUM TEMPERATURE (F)   42        30      1943


SUNRISE AND SUNSET
APRIL 26 2015.........SUNRISE   610 AM PDT   SUNSET   817 PM PDT
APRIL 27 2015.........SUNRISE   609 AM PDT   SUNSET   819 PM PDT


-  INDICATES NEGATIVE NUMBERS.
R  INDICATES RECORD WAS SET OR TIED.
MM INDICATES DATA IS MISSING.
T  INDICATES TRACE AMOUNT.




$$
