000
CDUS44 KEWX 052259
CLIAUS


CLIMATE REPORT
NATIONAL WEATHER SERVICE AUSTIN/SAN ANTONIO, TX
558 PM CDT TUE MAY 5 2015


...................................

...THE AUSTIN BERGSTROM CLIMATE SUMMARY FOR MAY 5 2015...
VALID TODAY AS OF 558 PM LOCAL TIME.

CLIMATE NORMAL PERIOD 1981 TO 2010
CLIMATE RECORD PERIOD 1943 TO 2015


WEATHER ITEM   OBSERVED TIME   RECORD YEAR NORMAL DEPARTURE LAST
                VALUE   (LST)  VALUE       VALUE  FROM      YEAR
                                                  NORMAL
..................................................................
TEMPERATURE (F)
 TODAY
  MAXIMUM         83    253 PM 101    1984  84     -1       91
  MINIMUM         61    123 AM  44    2011  60      1       51
  AVERAGE         72                        72      0       71

PRECIPITATION (IN)
  TODAY            T             0.91 1976   0.09  -0.09     0.00
  MONTH TO DATE    T                         0.45  -0.45     0.00
  SINCE MAR 1      6.39                      5.54   0.85     2.84
  SINCE JAN 1     12.13                     10.05   2.08     3.93

SNOWFALL (IN)
  TODAY            0.0
  MONTH TO DATE    0.0
  SINCE MAR 1      0.0
  SINCE JUL 1      T
  SNOW DEPTH       0

DEGREE DAYS
 HEATING
  TODAY            0                         0      0        0
  MONTH TO DATE    0                         0      0        4
  SINCE MAR 1    265                       285    -20      361
  SINCE JUL 1   1979                      1900     79     2178

 COOLING
  TODAY            7                         8     -1        6
  MONTH TO DATE   17                        36    -19       20
  SINCE MAR 1    223                       208     15      191
  SINCE JAN 1    225                       224      1      208
..................................................................


WIND (MPH)
  HIGHEST WIND SPEED    24   HIGHEST WIND DIRECTION    SE (150)
  HIGHEST GUST SPEED    29   HIGHEST GUST DIRECTION    SE (150)
  AVERAGE WIND SPEED    10.9


SKY COVER
  AVERAGE SKY COVER 0.8


WEATHER CONDITIONS
 THE FOLLOWING WEATHER WAS RECORDED TODAY.
  LIGHT RAIN


RELATIVE HUMIDITY (PERCENT)
 HIGHEST   100           400 AM
 LOWEST     54           400 PM
 AVERAGE    77

..........................................................


THE AUSTIN BERGSTROM CLIMATE NORMALS FOR TOMORROW
                         NORMAL    RECORD    YEAR
 MAXIMUM TEMPERATURE (F)   85        98      1984
 MINIMUM TEMPERATURE (F)   61        45      2013


SUNRISE AND SUNSET
MAY  5 2015...........SUNRISE   644 AM CDT   SUNSET   811 PM CDT
MAY  6 2015...........SUNRISE   643 AM CDT   SUNSET   812 PM CDT


-  INDICATES NEGATIVE NUMBERS.
R  INDICATES RECORD WAS SET OR TIED.
MM INDICATES DATA IS MISSING.
T  INDICATES TRACE AMOUNT.




$$
