000
CDUS45 KCYS 210733
CLIBFF


CLIMATE REPORT
NATIONAL WEATHER SERVICE CHEYENNE WY
132 AM MDT TUE APR 21 2015


...................................

...THE SCOTTSBLUFF NE AIRPORT CLIMATE SUMMARY FOR APRIL 20 2015...

CLIMATE NORMAL PERIOD 1981 TO 2010
CLIMATE RECORD PERIOD 1871 TO 2015


WEATHER ITEM   OBSERVED TIME   RECORD YEAR NORMAL DEPARTURE LAST
                VALUE   (LST)  VALUE       VALUE  FROM      YEAR
                                                  NORMAL
..................................................................
TEMPERATURE (F)
 YESTERDAY
  MAXIMUM         57    455 PM  89    1910  63     -6       81
  MINIMUM         30    352 AM  -3    1966  33     -3       38
  AVERAGE         44                        48     -4       60

PRECIPITATION (IN)
  YESTERDAY        0.00          1.97 1933   0.06  -0.06     0.00
  MONTH TO DATE    2.52                      1.17   1.35     0.11
  SINCE JAN 1      3.63                      3.18   0.45     2.56

SNOWFALL (IN)
  YESTERDAY        0.0           4.1  1984   0.2   -0.2      0.0
  MONTH TO DATE    0.5                       4.3   -3.8      1.1
  SINCE JUL 1     43.7                      40.5    3.2     61.5
  SNOW DEPTH       0

DEGREE DAYS
 HEATING
  YESTERDAY       21                        17      4        5
  MONTH TO DATE  356                       400    -44      364
  SINCE MAR 1    976                      1229   -253     1194
  SINCE JUL 1   5691                      6141   -450     6227

 COOLING
  YESTERDAY        0                         0      0        0
  MONTH TO DATE    0                         0      0        0
  SINCE MAR 1      0                         0      0        0
  SINCE JAN 1      0                         0      0        0
..................................................................


WIND (MPH)
  HIGHEST WIND SPEED    24   HIGHEST WIND DIRECTION    NW (330)
  HIGHEST GUST SPEED    33   HIGHEST GUST DIRECTION    NW (310)
  AVERAGE WIND SPEED    10.8


SKY COVER
  AVERAGE SKY COVER 0.4


WEATHER CONDITIONS
 THE FOLLOWING WEATHER WAS RECORDED YESTERDAY.
  NO SIGNIFICANT WEATHER WAS OBSERVED.


RELATIVE HUMIDITY (PERCENT)
 HIGHEST    85           500 AM
 LOWEST     25           400 PM
 AVERAGE    55

..........................................................


THE SCOTTSBLUFF NE AIRPORT CLIMATE NORMALS FOR TODAY
                         NORMAL    RECORD    YEAR
 MAXIMUM TEMPERATURE (F)   63        92      1989
 MINIMUM TEMPERATURE (F)   33        14      1927


SUNRISE AND SUNSET
APRIL 21 2015.........SUNRISE   605 AM MDT   SUNSET   742 PM MDT
APRIL 22 2015.........SUNRISE   604 AM MDT   SUNSET   743 PM MDT


-  INDICATES NEGATIVE NUMBERS.
R  INDICATES RECORD WAS SET OR TIED.
MM INDICATES DATA IS MISSING.
T  INDICATES TRACE AMOUNT.




$$
