000
CDUS45 KBYZ 012235
CLIBIL


CLIMATE REPORT
NATIONAL WEATHER SERVICE BILLINGS MT
434 PM MDT WED APR 1 2015


...................................

...THE BILLINGS MT CLIMATE SUMMARY FOR APRIL 1 2015...
VALID TODAY AS OF 0400 PM LOCAL TIME.

CLIMATE NORMAL PERIOD 1981 TO 2010
CLIMATE RECORD PERIOD 1934 TO 2015


WEATHER ITEM   OBSERVED TIME   RECORD YEAR NORMAL DEPARTURE LAST
                VALUE   (LST)  VALUE       VALUE  FROM      YEAR
                                                  NORMAL
..................................................................
TEMPERATURE (F)
 TODAY
  MAXIMUM         55    124 PM  72    1991  53      2       29
  MINIMUM         41    625 AM   0    1936  31     10       21
  AVERAGE         48                        42      6       25

PRECIPITATION (IN)
  TODAY            T             0.55 1956   0.05  -0.05     0.00
  MONTH TO DATE    T                         0.05  -0.05     0.00
  SINCE OCT 1      3.24                      4.38  -1.14     9.29
  SINCE JAN 1      1.67                      2.07  -0.40     4.40

SNOWFALL (IN)
  TODAY            T             4.5  1999   0.4   -0.4      0.0
  MONTH TO DATE    T                         0.4   -0.4      0.0
  SINCE MAR 1      5.4                      10.6   -5.2     10.6
  SINCE JUL 1     49.5                      45.1    4.4    100.8
  SNOW DEPTH       0

DEGREE DAYS
 HEATING
  TODAY           17                        23     -6       40
  MONTH TO DATE   17                        23     -6       40
  SINCE MAR 1    573                       868   -295     1007
  SINCE JUL 1   5214                      5833   -619     6280

 COOLING
  TODAY            0                         0      0        0
  MONTH TO DATE    0                         0      0        0
  SINCE MAR 1      0                         0      0        0
  SINCE JAN 1      0                         0      0        0
..................................................................


WIND (MPH)
  HIGHEST WIND SPEED    35   HIGHEST WIND DIRECTION     W (270)
  HIGHEST GUST SPEED    43   HIGHEST GUST DIRECTION     W (280)
  AVERAGE WIND SPEED    20.7


SKY COVER
  POSSIBLE SUNSHINE  MM
  AVERAGE SKY COVER 0.8


WEATHER CONDITIONS
 THE FOLLOWING WEATHER WAS RECORDED TODAY.
  LIGHT RAIN
  HAIL
  SNOW


RELATIVE HUMIDITY (PERCENT)
 HIGHEST    65          1200 AM
 LOWEST     15           200 PM
 AVERAGE    40

..........................................................


THE BILLINGS MT CLIMATE NORMALS FOR TOMORROW
                         NORMAL    RECORD    YEAR
 MAXIMUM TEMPERATURE (F)   53        75      1990
                                             1943
 MINIMUM TEMPERATURE (F)   31        -5      1936


SUNRISE AND SUNSET
APRIL  1 2015.........SUNRISE   655 AM MDT   SUNSET   742 PM MDT
APRIL  2 2015.........SUNRISE   653 AM MDT   SUNSET   744 PM MDT


-  INDICATES NEGATIVE NUMBERS.
R  INDICATES RECORD WAS SET OR TIED.
MM INDICATES DATA IS MISSING.
T  INDICATES TRACE AMOUNT.




$$
