000
CDUS43 KBIS 040728
CLIBIS


CLIMATE REPORT
NATIONAL WEATHER SERVICE BISMARCK ND
228 AM CDT MON MAY 4 2015


...................................

...THE BISMARCK ND CLIMATE SUMMARY FOR MAY 3 2015...

CLIMATE NORMAL PERIOD 1981 TO 2010
CLIMATE RECORD PERIOD 1875 TO 2015


WEATHER ITEM   OBSERVED TIME   RECORD YEAR NORMAL DEPARTURE LAST
                VALUE   (LST)  VALUE       VALUE  FROM      YEAR
                                                  NORMAL
..................................................................
TEMPERATURE (F)
 YESTERDAY
  MAXIMUM         68    312 PM  92    1952  65      3       54
  MINIMUM         39   1119 PM  13    1907  38      1       31
  AVERAGE         54                        51      3       43

PRECIPITATION (IN)
  YESTERDAY        T             1.25 1987   0.06  -0.06     0.00
  MONTH TO DATE    T                         0.19  -0.19      T
  SINCE MAR 1      0.82                      2.32  -1.50     2.77
  SINCE JAN 1      1.96                      3.26  -1.30     3.34

SNOWFALL (IN)
  YESTERDAY        0.0           6.5  1991   0.0    0.0      0.0
  MONTH TO DATE    0.0                       0.1   -0.1      0.0
  SINCE MAR 1      1.0                      13.4  -12.4     15.3
  SINCE JUL 1     23.9                      50.9  -27.0     40.5
  SNOW DEPTH       0

DEGREE DAYS
 HEATING
  YESTERDAY       11                        14     -3       22
  MONTH TO DATE   19                        43    -24       48
  SINCE MAR 1   1488                      1767   -279     1922
  SINCE JUL 1   7849                      8198   -349     8774

 COOLING
  YESTERDAY        0                         0      0        0
  MONTH TO DATE    0                         0      0        0
  SINCE MAR 1      0                         1     -1        0
  SINCE JAN 1      0                         1     -1        0
..................................................................


WIND (MPH)
  HIGHEST WIND SPEED    22   HIGHEST WIND DIRECTION    NW (320)
  HIGHEST GUST SPEED    27   HIGHEST GUST DIRECTION     N (350)
  AVERAGE WIND SPEED    11.3


SKY COVER
  POSSIBLE SUNSHINE  MM
  AVERAGE SKY COVER 0.3


WEATHER CONDITIONS
 THE FOLLOWING WEATHER WAS RECORDED YESTERDAY.
  LIGHT RAIN


RELATIVE HUMIDITY (PERCENT)
 HIGHEST    54           800 AM
 LOWEST     15           400 PM
 AVERAGE    35

..........................................................


THE BISMARCK ND CLIMATE NORMALS FOR TODAY
                         NORMAL    RECORD    YEAR
 MAXIMUM TEMPERATURE (F)   65        94      1926
 MINIMUM TEMPERATURE (F)   38        20      1954


SUNRISE AND SUNSET
MAY  4 2015...........SUNRISE   624 AM CDT   SUNSET   857 PM CDT
MAY  5 2015...........SUNRISE   622 AM CDT   SUNSET   858 PM CDT


-  INDICATES NEGATIVE NUMBERS.
R  INDICATES RECORD WAS SET OR TIED.
MM INDICATES DATA IS MISSING.
T  INDICATES TRACE AMOUNT.




$$
