000
CDUS41 KBOX 062131
CLIBOS


CLIMATE REPORT
NATIONAL WEATHER SERVICE TAUNTON MA
531 PM EDT WED MAY 6 2015


...................................

...THE BOSTON MA CLIMATE SUMMARY FOR MAY 6 2015...
VALID AS OF 0500 PM LOCAL TIME.

CLIMATE NORMAL PERIOD 1981 TO 2010
CLIMATE RECORD PERIOD 1872 TO 2015


WEATHER ITEM   OBSERVED TIME   RECORD YEAR NORMAL DEPARTURE LAST
                VALUE   (LST)  VALUE       VALUE  FROM      YEAR
                                                  NORMAL
..................................................................
TEMPERATURE (F)
 TODAY
  MAXIMUM         70    154 PM  90    1930  63      7       64
  MINIMUM         52    100 AM  33    1891  47      5       47
  AVERAGE         61                        55      6       56

PRECIPITATION (IN)
  TODAY            0.00          1.00 1998   0.11  -0.11     0.00
  MONTH TO DATE    0.02                      0.65  -0.63     0.63
  SINCE MAR 1      5.35                      8.71  -3.36     8.35
  SINCE JAN 1     12.29                     15.32  -3.03    15.72

SNOWFALL (IN)
  TODAY            0.0           T    1917   0.0    0.0      0.0
  MONTH TO DATE    0.0                       0.0    0.0      0.0
  SINCE MAR 1      8.6                       9.7   -1.1      2.5
  SINCE JUL 1    110.6                      43.8   66.8     58.9
  SNOW DEPTH      MM

DEGREE DAYS
 HEATING
  TODAY            4                        11     -7        9
  MONTH TO DATE   57                        68    -11       49
  SINCE MAR 1   1536                      1407    129     1520
  SINCE JUL 1   5851                      5449    402     5668

 COOLING
  TODAY            0                         0      0        0
  MONTH TO DATE    2                         0      2        0
  SINCE MAR 1      2                         3     -1        1
  SINCE JAN 1      2                         3     -1        1
..................................................................


WIND (MPH)
  HIGHEST WIND SPEED    16   HIGHEST WIND DIRECTION    SE (120)
  HIGHEST GUST SPEED    17   HIGHEST GUST DIRECTION    SE (120)
  AVERAGE WIND SPEED     7.4


SKY COVER
  POSSIBLE SUNSHINE  MM
  AVERAGE SKY COVER 0.4


WEATHER CONDITIONS
 THE FOLLOWING WEATHER WAS RECORDED TODAY.
  NO SIGNIFICANT WEATHER WAS OBSERVED.


RELATIVE HUMIDITY (PERCENT)
 HIGHEST    89           100 AM
 LOWEST     31           200 PM
 AVERAGE    60

..........................................................


THE BOSTON MA CLIMATE NORMALS FOR TOMORROW
                         NORMAL    RECORD    YEAR
 MAXIMUM TEMPERATURE (F)   63        95      1930
 MINIMUM TEMPERATURE (F)   47        37      1992
                                             1967


SUNRISE AND SUNSET
MAY  6 2015...........SUNRISE   533 AM EDT   SUNSET   749 PM EDT
MAY  7 2015...........SUNRISE   532 AM EDT   SUNSET   750 PM EDT


-  INDICATES NEGATIVE NUMBERS.
R  INDICATES RECORD WAS SET OR TIED.
MM INDICATES DATA IS MISSING.
T  INDICATES TRACE AMOUNT.




$$
