000
CDUS43 KDVN 012137
CLIBRL


CLIMATE REPORT
NATIONAL WEATHER SERVICE QUAD CITIES IA IL
435 PM CDT WED APR 1 2015


...................................

...THE BURLINGTON IA CLIMATE SUMMARY FOR APRIL 1 2015...
VALID TODAY AS OF 0400 PM LOCAL TIME.

CLIMATE NORMAL PERIOD 1981 TO 2010
CLIMATE RECORD PERIOD 1897 TO 2015


WEATHER ITEM   OBSERVED TIME   RECORD YEAR NORMAL DEPARTURE LAST
                VALUE   (LST)  VALUE       VALUE  FROM      YEAR
                                                  NORMAL
..................................................................
TEMPERATURE (F)
 TODAY
  MAXIMUM         78    238 PM  86    2012  59     19       51
  MINIMUM         46    601 AM  19    1926  38      8       30
  AVERAGE         62                        48     14       41

PRECIPITATION (IN)
  TODAY            0.00         MM      MM   0.10  -0.10     0.00
  MONTH TO DATE    0.00                      0.10  -0.10     0.00
  SINCE MAR 1      0.30                      2.89  -2.59     1.17
  SINCE JAN 1      2.72                      5.75  -3.03     5.54

DEGREE DAYS
 HEATING
  TODAY            3                        17    -14       24
  MONTH TO DATE    3                        17    -14       24
  SINCE MAR 1    769                       745     24      989
  SINCE JUL 1   5700                      5123    577     6312

 COOLING
  TODAY            0                         0      0        0
  MONTH TO DATE    0                         0      0        0
  SINCE MAR 1      0                         2     -2        0
  SINCE JAN 1      0                         2     -2        0
..................................................................


WIND (MPH)
  HIGHEST WIND SPEED    25   HIGHEST WIND DIRECTION     S (180)
  HIGHEST GUST SPEED    34   HIGHEST GUST DIRECTION     S (180)
  AVERAGE WIND SPEED    12.9


SKY COVER
  POSSIBLE SUNSHINE  MM
  AVERAGE SKY COVER 0.0


WEATHER CONDITIONS
 THE FOLLOWING WEATHER WAS RECORDED TODAY.
  NO SIGNIFICANT WEATHER WAS OBSERVED.


RELATIVE HUMIDITY (PERCENT)
 HIGHEST    60           500 AM
 LOWEST     20           100 PM
 AVERAGE    40

..........................................................


THE BURLINGTON IA CLIMATE NORMALS FOR TOMORROW
                         NORMAL    RECORD    YEAR
 MAXIMUM TEMPERATURE (F)   60        86      1981
 MINIMUM TEMPERATURE (F)   38        18      1899


SUNRISE AND SUNSET
APRIL  1 2015.........SUNRISE   648 AM CDT   SUNSET   729 PM CDT
APRIL  2 2015.........SUNRISE   647 AM CDT   SUNSET   730 PM CDT


-  INDICATES NEGATIVE NUMBERS.
R  INDICATES RECORD WAS SET OR TIED.
MM INDICATES DATA IS MISSING.
T  INDICATES TRACE AMOUNT.




$$
