000
CDUS44 KBRO 190629
CLIBRO


CLIMATE REPORT
NATIONAL WEATHER SERVICE BROWNSVILLE TX
129 AM CDT SUN APR 19 2015


...................................

...THE BROWNSVILLE CLIMATE SUMMARY FOR APRIL 18 2015...

CLIMATE NORMAL PERIOD 1981 TO 2010
CLIMATE RECORD PERIOD 1878 TO 2015


WEATHER ITEM   OBSERVED TIME   RECORD YEAR NORMAL DEPARTURE LAST
                VALUE   (LST)  VALUE       VALUE  FROM      YEAR
                                                  NORMAL
..................................................................
TEMPERATURE (F)
 YESTERDAY
  MAXIMUM         80    309 PM 100    1953  84     -4       78
                                      1920
  MINIMUM         65   1151 PM  46    1921  66     -1       62
                                      1901
  AVERAGE         73                        75     -2       70

PRECIPITATION (IN)
  YESTERDAY        0.02          1.29 1992   0.06  -0.04     0.00
  MONTH TO DATE    1.61                      0.94   0.67     0.28
  SINCE MAR 1      6.33                      2.17   4.16     1.74
  SINCE JAN 1     10.65                      4.52   6.13     2.50

SNOWFALL (IN)
  YESTERDAY        0.0          90.0  2001   0.0
  MONTH TO DATE    0.0                       0.0
  SINCE MAR 1      0.0                       0.0
  SINCE JUL 1      0.0                       0.0

DEGREE DAYS
 HEATING
  YESTERDAY        0                         0      0        0
  MONTH TO DATE    0                         6     -6       10
  SINCE MAR 1     67                        49     18      100
  SINCE JUL 1    690                       552    138      824

 COOLING
  YESTERDAY        8                        10     -2        5
  MONTH TO DATE  223                       163     60      144
  SINCE MAR 1    347                       337     10      267
  SINCE JAN 1    404                       478    -74      387
..................................................................


WIND (MPH)
  HIGHEST WIND SPEED    18   HIGHEST WIND DIRECTION    SE (120)
  HIGHEST GUST SPEED    22   HIGHEST GUST DIRECTION    SE (120)
  AVERAGE WIND SPEED     7.0


SKY COVER
  POSSIBLE SUNSHINE  MM
  AVERAGE SKY COVER 0.5


WEATHER CONDITIONS
 THE FOLLOWING WEATHER WAS RECORDED YESTERDAY.
  THUNDERSTORM
  LIGHT RAIN
  FOG
  FOG W/VISIBILITY <= 1/4 MILE


RELATIVE HUMIDITY (PERCENT)
 HIGHEST   100          1200 AM
 LOWEST     71           300 PM
 AVERAGE    86

..........................................................


THE BROWNSVILLE CLIMATE NORMALS FOR TODAY
                         NORMAL    RECORD    YEAR
 MAXIMUM TEMPERATURE (F)   84        95      1884
 MINIMUM TEMPERATURE (F)   67        51      2008
                                             1940


SUNRISE AND SUNSET
APRIL 19 2015.........SUNRISE   703 AM CDT   SUNSET   755 PM CDT
APRIL 20 2015.........SUNRISE   702 AM CDT   SUNSET   755 PM CDT


-  INDICATES NEGATIVE NUMBERS.
R  INDICATES RECORD WAS SET OR TIED.
MM INDICATES DATA IS MISSING.
T  INDICATES TRACE AMOUNT.




$$
