000
CDUS43 KLMK 032033
CLIBWG


CLIMATE REPORT
NATIONAL WEATHER SERVICE LOUISVILLE KY
432 PM EDT SUN MAY 3 2015


...................................

...THE BOWLING GREEN CLIMATE SUMMARY FOR MAY 3 2015...
VALID TODAY AS OF 0400 PM LOCAL TIME.

CLIMATE NORMAL PERIOD 1981 TO 2010
CLIMATE RECORD PERIOD 1870 TO 2015


WEATHER ITEM   OBSERVED TIME   RECORD YEAR NORMAL DEPARTURE LAST
                VALUE   (LST)  VALUE       VALUE  FROM      YEAR
                                                  NORMAL
..................................................................
TEMPERATURE (F)
 TODAY
  MAXIMUM         79    200 PM  95    1915  74      5       76
  MINIMUM         46    459 AM  34    2005  51     -5       42
  AVERAGE         63                        63      0       59

PRECIPITATION (IN)
  TODAY            0.00          1.88 1979   0.18  -0.18     0.00
  MONTH TO DATE    0.00                      0.53  -0.53      T
  SINCE MAR 1     15.35                      9.28   6.07    10.30
  SINCE JAN 1     21.23                     16.85   4.38    17.47

SNOWFALL (IN)
  TODAY            0.0           0.0    MM   0.0    0.0      0.0
  MONTH TO DATE    0.0                       0.0    0.0      0.0
  SINCE MAR 1      7.2                       1.3    5.9      5.1
  SINCE JUL 1     23.5                       9.1   14.4     10.4
  SNOW DEPTH       0

DEGREE DAYS
 HEATING
  TODAY            2                         4     -2        6
  MONTH TO DATE   16                        13      3       28
  SINCE MAR 1    728                       784    -56      876
  SINCE JUL 1   4263                      3982    281     4485

 COOLING
  TODAY            0                         2     -2        0
  MONTH TO DATE    0                         6     -6        0
  SINCE MAR 1     35                        42     -7       14
  SINCE JAN 1     35                        42     -7       14
..................................................................


WIND (MPH)
  HIGHEST WIND SPEED    16   HIGHEST WIND DIRECTION     S (180)
  HIGHEST GUST SPEED    20   HIGHEST GUST DIRECTION     S (190)
  AVERAGE WIND SPEED     3.8


SKY COVER
  POSSIBLE SUNSHINE  MM
  AVERAGE SKY COVER 0.0


WEATHER CONDITIONS
 THE FOLLOWING WEATHER WAS RECORDED TODAY.
  FOG


RELATIVE HUMIDITY (PERCENT)
 HIGHEST    93           200 AM
 LOWEST     35           100 PM
 AVERAGE    64

..........................................................


THE BOWLING GREEN CLIMATE NORMALS FOR TOMORROW
                         NORMAL    RECORD    YEAR
 MAXIMUM TEMPERATURE (F)   75        95      1901
 MINIMUM TEMPERATURE (F)   51        32      1976
                                             1954


SUNRISE AND SUNSET
MAY  3 2015...........SUNRISE   550 AM CDT   SUNSET   736 PM CDT
MAY  4 2015...........SUNRISE   548 AM CDT   SUNSET   737 PM CDT


-  INDICATES NEGATIVE NUMBERS.
R  INDICATES RECORD WAS SET OR TIED.
MM INDICATES DATA IS MISSING.
T  INDICATES TRACE AMOUNT.




$$
