000
CDUS45 KRIW 060735
CLIBYG


CLIMATE REPORT
NATIONAL WEATHER SERVICE RIVERTON WY
135 AM MDT WED MAY 6 2015


...................................

...THE BUFFALO WY CLIMATE SUMMARY FOR MAY 5 2015...

CLIMATE NORMAL PERIOD 1981 TO 2010
CLIMATE RECORD PERIOD 1998 TO 2015


WEATHER ITEM   OBSERVED TIME   RECORD YEAR NORMAL DEPARTURE LAST
                VALUE   (LST)  VALUE       VALUE  FROM      YEAR
                                                  NORMAL
..................................................................
TEMPERATURE (F)
 YESTERDAY
  MAXIMUM         70    443 PM  75    2004  60     10       66
  MINIMUM         42    504 AM  25    2006  38      4       39
  AVERAGE         56                        49      7       53

PRECIPITATION (IN)
  YESTERDAY        0.00          1.26 2007   0.06  -0.06      T
  MONTH TO DATE    0.01                      0.31  -0.30      T
  SINCE MAR 1      0.87                      2.53  -1.66     1.72
  SINCE JAN 1      1.51                      3.30  -1.79     2.08

DEGREE DAYS
 HEATING
  YESTERDAY        9                        16     -7       12
  MONTH TO DATE   39                        82    -43       76
  SINCE MAR 1   1294                      1686   -392     1734
  SINCE JUL 1   5990                      6926   -936     6978

 COOLING
  YESTERDAY        0                         0      0        0
  MONTH TO DATE    0                         0      0        0
  SINCE MAR 1      0                         0      0        0
  SINCE JAN 1      0                         0      0        0
..................................................................


WIND (MPH)
  HIGHEST WIND SPEED    23   HIGHEST WIND DIRECTION     S (160)
  HIGHEST GUST SPEED    30   HIGHEST GUST DIRECTION     S (160)
  AVERAGE WIND SPEED    13.3


SKY COVER
  POSSIBLE SUNSHINE  MM
  AVERAGE SKY COVER 0.1


WEATHER CONDITIONS
 THE FOLLOWING WEATHER WAS RECORDED YESTERDAY.
  NO SIGNIFICANT WEATHER WAS OBSERVED.


RELATIVE HUMIDITY (PERCENT)
 HIGHEST    92           600 AM
 LOWEST     39           300 PM
 AVERAGE    66

..........................................................


THE BUFFALO WY CLIMATE NORMALS FOR TODAY
                         NORMAL    RECORD    YEAR
 MAXIMUM TEMPERATURE (F)   61        76      2005
 MINIMUM TEMPERATURE (F)   39        27      2010


SUNRISE AND SUNSET
MAY  6 2015...........SUNRISE   551 AM MDT   SUNSET   817 PM MDT
MAY  7 2015...........SUNRISE   550 AM MDT   SUNSET   818 PM MDT


-  INDICATES NEGATIVE NUMBERS.
R  INDICATES RECORD WAS SET OR TIED.
MM INDICATES DATA IS MISSING.
T  INDICATES TRACE AMOUNT.




$$
