000
CDUS42 KCAE 250629
CLICAE


CLIMATE REPORT
NATIONAL WEATHER SERVICE COLUMBIA SC
228 AM EDT SAT APR 25 2015


...................................

...THE COLUMBIA METRO AIRPORT SC CLIMATE SUMMARY FOR APRIL 24 2015...

CLIMATE NORMAL PERIOD 1981 TO 2010
CLIMATE RECORD PERIOD 1887 TO 2015


WEATHER ITEM   OBSERVED TIME   RECORD YEAR NORMAL DEPARTURE LAST
                VALUE   (LST)  VALUE       VALUE  FROM      YEAR
                                                  NORMAL
..................................................................
TEMPERATURE (F)
 YESTERDAY
  MAXIMUM         75    514 PM  94    1925  78     -3       80
  MINIMUM         43    608 AM  30    1986  53    -10       49
  AVERAGE         59                        66     -7       65

PRECIPITATION (IN)
  YESTERDAY        0.00          1.19 1937   0.08  -0.08     0.00
  MONTH TO DATE    3.20                      2.10   1.10     2.99
  SINCE MAR 1      5.98                      5.83   0.15     6.92
  SINCE JAN 1     13.34                     13.02   0.32    13.24

SNOWFALL (IN)
  YESTERDAY        0.0          MM      MM   0.0             0.0
  MONTH TO DATE    0.0                       0.0             0.0
  SINCE MAR 1      0.0                       0.1             0.0
  SINCE JUL 1      T                         1.5             4.2

DEGREE DAYS
 HEATING
  YESTERDAY        6                         3      3        0
  MONTH TO DATE   37                       109    -72       74
  SINCE MAR 1    252                       419   -167      466
  SINCE JUL 1   2441                      2518    -77     2550

 COOLING
  YESTERDAY        0                         3     -3        0
  MONTH TO DATE  109                        51     58       45
  SINCE MAR 1    134                        69     65       46
  SINCE JAN 1    134                        73     61       53
..................................................................


WIND (MPH)
  HIGHEST WIND SPEED    12   HIGHEST WIND DIRECTION    NE (30)
  HIGHEST GUST SPEED    16   HIGHEST GUST DIRECTION    NE (50)
  AVERAGE WIND SPEED     2.8


SKY COVER
  AVERAGE SKY COVER 0.2


WEATHER CONDITIONS
 THE FOLLOWING WEATHER WAS RECORDED YESTERDAY.
  NO SIGNIFICANT WEATHER WAS OBSERVED.


RELATIVE HUMIDITY (PERCENT)
 HIGHEST    76           600 AM
 LOWEST     19           300 PM
 AVERAGE    48

..........................................................


THE COLUMBIA METRO AIRPORT SC CLIMATE NORMALS FOR TODAY
                         NORMAL    RECORD    YEAR
 MAXIMUM TEMPERATURE (F)   79        93      1960
 MINIMUM TEMPERATURE (F)   53        35      1974


SUNRISE AND SUNSET
APRIL 25 2015.........SUNRISE   642 AM EDT   SUNSET   803 PM EDT
APRIL 26 2015.........SUNRISE   641 AM EDT   SUNSET   804 PM EDT


-  INDICATES NEGATIVE NUMBERS.
R  INDICATES RECORD WAS SET OR TIED.
MM INDICATES DATA IS MISSING.
T  INDICATES TRACE AMOUNT.




$$
