000
CDUS45 KABQ 270828
CLICAO


CLIMATE REPORT
NATIONAL WEATHER SERVICE ALBUQUERQUE NM
227 AM MDT MON APR 27 2015


...................................

...THE CLAYTON  NM CLIMATE SUMMARY FOR APRIL 26 2015...

CLIMATE NORMAL PERIOD 1981 TO 2010
CLIMATE RECORD PERIOD 1896 TO 2015


WEATHER ITEM   OBSERVED TIME   RECORD YEAR NORMAL DEPARTURE
                VALUE   (LST)  VALUE       VALUE  FROM
                                                  NORMAL
...............................................................
TEMPERATURE (F)
 YESTERDAY
  MAXIMUM         63    106 PM  90    1927  70     -7
  MINIMUM         41    332 AM  21    1924  41      0
  AVERAGE         52                        56     -4

PRECIPITATION (IN)
  YESTERDAY        0.11          1.73 1941   0.04   0.07
  MONTH TO DATE    0.69                      0.80  -0.11
  SINCE MAR 1      1.10                      1.75  -0.65
  SINCE JAN 1      4.12                      2.37   1.75

SNOWFALL (IN)
  YESTERDAY       MM
  MONTH TO DATE    0.0
  SINCE MAR 1      0.9
  SINCE JUL 1     26.1

DEGREE DAYS
 HEATING
  YESTERDAY       13                        10      3
  MONTH TO DATE  264                       348    -84
  SINCE MAR 1    771                       992   -221
  SINCE JUL 1   4214                      4669   -455

 COOLING
  YESTERDAY        0                         0      0
  MONTH TO DATE    0                         0      0
  SINCE MAR 1      0                         1     -1
  SINCE JAN 1      0                         1     -1
...............................................................


WIND (MPH)
  HIGHEST WIND SPEED    28   HIGHEST WIND DIRECTION    NE (60)
  HIGHEST GUST SPEED    34   HIGHEST GUST DIRECTION     E (70)
  AVERAGE WIND SPEED    17.3


SKY COVER
  AVERAGE SKY COVER 0.7


WEATHER CONDITIONS
 THE FOLLOWING WEATHER WAS RECORDED YESTERDAY.
  THUNDERSTORM
  LIGHT RAIN
  FOG


RELATIVE HUMIDITY (PERCENT)
 HIGHEST    93           600 PM
 LOWEST     38           100 AM
 AVERAGE    66

..........................................................


THE CLAYTON  NM CLIMATE NORMALS FOR TODAY
                         NORMAL    RECORD    YEAR
 MAXIMUM TEMPERATURE (F)   70        87      1981
 MINIMUM TEMPERATURE (F)   41        21      1932
                                             1920


SUNRISE AND SUNSET
APRIL 27 2015.........SUNRISE   604 AM MDT   SUNSET   737 PM MDT
APRIL 28 2015.........SUNRISE   603 AM MDT   SUNSET   738 PM MDT


-  INDICATES NEGATIVE NUMBERS.
R  INDICATES RECORD WAS SET OR TIED.
MM INDICATES DATA IS MISSING.
T  INDICATES TRACE AMOUNT.




$$
