000
CDUS45 KSLC 040032
CLICDC


CLIMATE REPORT
NATIONAL WEATHER SERVICE SALT LAKE CITY UT
631 PM MDT SUN MAY 3 2015


...................................

...THE CEDAR CITY UT CLIMATE SUMMARY FOR MAY 3 2015...
VALID TODAY AS OF 0500 PM LOCAL TIME.

CLIMATE NORMAL PERIOD 1981 TO 2010
CLIMATE RECORD PERIOD 1928 TO 2015


WEATHER ITEM   OBSERVED TIME   RECORD YEAR NORMAL DEPARTURE LAST
                VALUE   (LST)  VALUE       VALUE  FROM      YEAR
                                                  NORMAL
..................................................................
TEMPERATURE (F)
 TODAY
  MAXIMUM         76    220 PM  84    2004  67      9       80
  MINIMUM         43    611 AM  23    1967  36      7       40
  AVERAGE         60                        52      8       60

PRECIPITATION (IN)
  TODAY            T             0.48 1999   0.02  -0.02     0.00
  MONTH TO DATE    T                         0.08  -0.08     0.00
  SINCE OCT 1      5.82                      7.46  -1.64     3.99
  SINCE JAN 1      3.69                      4.35  -0.66     2.05

DEGREE DAYS
 HEATING
  TODAY            5                        13     -8        5
  MONTH TO DATE   15                        40    -25       30
  SINCE MAR 1   1183                      1364   -181     1264
  SINCE JUL 1   5021                      5926   -905     5851

 COOLING
  TODAY            0                         0      0        0
  MONTH TO DATE    0                         0      0        0
  SINCE MAR 1      0                         0      0        0
  SINCE JAN 1      0                         0      0        0
..................................................................


WIND (MPH)
  RESULTANT WIND SPEED   5   RESULTANT WIND DIRECTION   S (200)
  HIGHEST WIND SPEED    23   HIGHEST WIND DIRECTION    SW (210)
  HIGHEST GUST SPEED    29   HIGHEST GUST DIRECTION    SW (220)
  AVERAGE WIND SPEED     5.9



WEATHER CONDITIONS
 THE FOLLOWING WEATHER WAS RECORDED TODAY.
  THUNDERSTORM


RELATIVE HUMIDITY (PERCENT)
 HIGHEST    58           600 AM
 LOWEST     19           200 PM
 AVERAGE    39

..........................................................


THE CEDAR CITY UT CLIMATE NORMALS FOR TOMORROW
                         NORMAL    RECORD    YEAR
 MAXIMUM TEMPERATURE (F)   68        84      2004
 MINIMUM TEMPERATURE (F)   37        24      1959


SUNRISE AND SUNSET
MAY  3 2015...........SUNRISE   635 AM MDT   SUNSET   824 PM MDT
MAY  4 2015...........SUNRISE   634 AM MDT   SUNSET   825 PM MDT


-  INDICATES NEGATIVE NUMBERS.
R  INDICATES RECORD WAS SET OR TIED.
MM INDICATES DATA IS MISSING.
T  INDICATES TRACE AMOUNT.




$$
