000
CDUS44 KLUB 030627
CLICDS


CLIMATE REPORT
NATIONAL WEATHER SERVICE LUBBOCK, TX
126 AM CDT SUN MAY 3 2015


...................................

...THE CHILDRESS CLIMATE SUMMARY FOR MAY 2 2015...

CLIMATE NORMAL PERIOD 1981 TO 2010
CLIMATE RECORD PERIOD 1893 TO 2015


WEATHER ITEM   OBSERVED TIME   RECORD YEAR NORMAL DEPARTURE LAST
                VALUE   (LST)  VALUE       VALUE  FROM      YEAR
                                                  NORMAL
..................................................................
TEMPERATURE (F)
 YESTERDAY
  MAXIMUM         84    408 PM 104    2012  81      3       78
  MINIMUM         54    625 AM  31    1907  54      0       41
  AVERAGE         69                        67      2       60

PRECIPITATION (IN)
  YESTERDAY        0.00          2.24 1978   0.08  -0.08     0.00
  MONTH TO DATE    0.00                      0.16  -0.16     0.00
  SINCE MAR 1      5.22                      3.81   1.41     1.99
  SINCE JAN 1      6.39                      5.59   0.80     2.35

SNOWFALL (IN)
  YESTERDAY        0.0                       0.0    0.0      0.0
  MONTH TO DATE    0.0                       0.0    0.0      0.0
  SINCE MAR 1      0.0                       0.6   -0.6       T
  SINCE JUL 1      2.0                       7.0   -5.0      9.5
  SNOW DEPTH       0

DEGREE DAYS
 HEATING
  YESTERDAY        0                         2     -2        5
  MONTH TO DATE    0                         4     -4       14
  SINCE MAR 1    434                       532    -98      624
  SINCE JUL 1   2931                      3092   -161     3440

 COOLING
  YESTERDAY        4                         4      0        0
  MONTH TO DATE    6                         8     -2        0
  SINCE MAR 1    102                        98      4       94
  SINCE JAN 1    102                        99      3       94
..................................................................


WIND (MPH)
  RESULTANT WIND SPEED  12   RESULTANT WIND DIRECTION   S (170)
  HIGHEST WIND SPEED    23   HIGHEST WIND DIRECTION     S (180)
  HIGHEST GUST SPEED    29   HIGHEST GUST DIRECTION     S (190)
  AVERAGE WIND SPEED    12.4


SKY COVER
  AVERAGE SKY COVER 0.0


WEATHER CONDITIONS
 THE FOLLOWING WEATHER WAS RECORDED YESTERDAY.
  NO SIGNIFICANT WEATHER WAS OBSERVED.


RELATIVE HUMIDITY (PERCENT)
 HIGHEST    86           600 AM
 LOWEST     28           300 PM
 AVERAGE    57

..........................................................


THE CHILDRESS CLIMATE NORMALS FOR TODAY
                         NORMAL    RECORD    YEAR
 MAXIMUM TEMPERATURE (F)   81       103      1996
 MINIMUM TEMPERATURE (F)   54        32      2013


SUNRISE AND SUNSET
MAY  3 2015...........SUNRISE   649 AM CDT   SUNSET   827 PM CDT
MAY  4 2015...........SUNRISE   648 AM CDT   SUNSET   828 PM CDT


-  INDICATES NEGATIVE NUMBERS.
R  INDICATES RECORD WAS SET OR TIED.
MM INDICATES DATA IS MISSING.
T  INDICATES TRACE AMOUNT.




$$
