000
CDUS42 KCHS 032119
CLICHS


CLIMATE REPORT
NATIONAL WEATHER SERVICE CHARLESTON SC
518 PM EDT SUN MAY 3 2015


...................................

...THE NORTH CHARLESTON SC CLIMATE SUMMARY FOR MAY 3 2015...
VALID TODAY AS OF 0500 PM LOCAL TIME.

CLIMATE NORMAL PERIOD 1981 TO 2010
CLIMATE RECORD PERIOD 1938 TO 2015


WEATHER ITEM   OBSERVED TIME   RECORD YEAR NORMAL DEPARTURE LAST
                VALUE   (LST)  VALUE       VALUE  FROM      YEAR
                                                  NORMAL
..................................................................
TEMPERATURE (F)
 TODAY
  MAXIMUM         81    228 PM  93    1959  80      1       80
  MINIMUM         55    558 AM  40    1939  58     -3       60
  AVERAGE         68                        69     -1       70

PRECIPITATION (IN)
  TODAY            0.00          2.35 1946   0.10  -0.10      T
  MONTH TO DATE    0.00                      0.28  -0.28      T
  SINCE MAR 1      5.93                      6.90  -0.97    10.91
  SINCE JAN 1     13.86                     13.57   0.29    15.76

SNOWFALL (IN)
  TODAY            0.0                       0.0    0.0
  SINCE MAR 1      0.0                       0.0    0.0
  SINCE JUL 1      T                         0.5   -0.5

DEGREE DAYS
 HEATING
  TODAY            0                         1     -1        0
  MONTH TO DATE    4                         3      1        0
  SINCE MAR 1    210                       330   -120      352
  SINCE JUL 1   1947                      1966    -19     1875

 COOLING
  TODAY            3                         5     -2        5
  MONTH TO DATE    3                        15    -12       17
  SINCE MAR 1    163                       126     37      165
  SINCE JAN 1    167                       133     34      175
..................................................................


WIND (MPH)
  HIGHEST WIND SPEED    14   HIGHEST WIND DIRECTION     S (190)
  HIGHEST GUST SPEED    17   HIGHEST GUST DIRECTION    SW (220)
  AVERAGE WIND SPEED     2.4


SKY COVER
  POSSIBLE SUNSHINE  MM
  AVERAGE SKY COVER 0.2


WEATHER CONDITIONS
 THE FOLLOWING WEATHER WAS RECORDED TODAY.
  FOG


RELATIVE HUMIDITY (PERCENT)
 HIGHEST    93           300 AM
 LOWEST     32           200 PM
 AVERAGE    63

..........................................................


THE NORTH CHARLESTON SC CLIMATE NORMALS FOR TOMORROW
                         NORMAL    RECORD    YEAR
 MAXIMUM TEMPERATURE (F)   81        94      1938
 MINIMUM TEMPERATURE (F)   58        38      1939


SUNRISE AND SUNSET
MAY  3 2015...........SUNRISE   631 AM EDT   SUNSET   803 PM EDT
MAY  4 2015...........SUNRISE   630 AM EDT   SUNSET   804 PM EDT


-  INDICATES NEGATIVE NUMBERS.
R  INDICATES RECORD WAS SET OR TIED.
MM INDICATES DATA IS MISSING.
T  INDICATES TRACE AMOUNT.




$$
