000
CDUS43 KDVN 050941
CLICID


CLIMATE REPORT
NATIONAL WEATHER SERVICE QUAD CITIES IA IL
441 AM CDT TUE MAY 5 2015


...................................

...THE CEDAR RAPIDS IA CLIMATE SUMMARY FOR MAY 4 2015...

CLIMATE NORMAL PERIOD 1981 TO 2010
CLIMATE RECORD PERIOD 1891 TO 2015


WEATHER ITEM   OBSERVED TIME   RECORD YEAR NORMAL DEPARTURE LAST
                VALUE   (LST)  VALUE       VALUE  FROM      YEAR
                                                  NORMAL
..................................................................
TEMPERATURE (F)
 YESTERDAY
  MAXIMUM         72    334 PM  92    1918  68      4       59
  MINIMUM         59    649 AM  27    2011  45     14       42
                                      1935
  AVERAGE         66                        56     10       51

PRECIPITATION (IN)
  YESTERDAY       MM            MM      MM   0.13  MM         T
  MONTH TO DATE    0.00                      0.53  -0.53     0.02
  SINCE MAR 1      4.24                      5.68  -1.44     7.28
  SINCE JAN 1      5.57                      7.82  -2.25     9.03

DEGREE DAYS
 HEATING
  YESTERDAY        0                         9     -9       14
  MONTH TO DATE    0                        39    -39       56
  SINCE MAR 1   1291                      1401   -110     1643
  SINCE JUL 1   6818                      6684    134     7682

 COOLING
  YESTERDAY        1                         0      1        0
  MONTH TO DATE    1                         0      1        0
  SINCE MAR 1      1                         7     -6        7
  SINCE JAN 1      1                         7     -6        7
..................................................................


WIND (MPH)
  HIGHEST WIND SPEED    17   HIGHEST WIND DIRECTION    NE (60)
  HIGHEST GUST SPEED    22   HIGHEST GUST DIRECTION     E (70)
  AVERAGE WIND SPEED     8.7


SKY COVER
  POSSIBLE SUNSHINE  MM
  AVERAGE SKY COVER 0.7


WEATHER CONDITIONS
 THE FOLLOWING WEATHER WAS RECORDED YESTERDAY.
  THUNDERSTORM
  HEAVY RAIN
  RAIN
  LIGHT RAIN
  FOG


RELATIVE HUMIDITY (PERCENT)
 HIGHEST    97           700 AM
 LOWEST     73           300 PM
 AVERAGE    85

..........................................................


THE CEDAR RAPIDS IA CLIMATE NORMALS FOR TODAY
                         NORMAL    RECORD    YEAR
 MAXIMUM TEMPERATURE (F)   68        94      1924
 MINIMUM TEMPERATURE (F)   45        29      1929


SUNRISE AND SUNSET
MAY  5 2015...........SUNRISE   558 AM CDT   SUNSET   809 PM CDT
MAY  6 2015...........SUNRISE   557 AM CDT   SUNSET   811 PM CDT


-  INDICATES NEGATIVE NUMBERS.
R  INDICATES RECORD WAS SET OR TIED.
MM INDICATES DATA IS MISSING.
T  INDICATES TRACE AMOUNT.




$$
