000
CDUS41 KILN 062055
CLICMH


CLIMATE REPORT
NATIONAL WEATHER SERVICE WILMINGTON OH
455 PM EDT WED MAY 6 2015


...................................

...THE COLUMBUS OH CLIMATE SUMMARY FOR MAY 6 2015...
VALID TODAY AS OF 0400 PM LOCAL TIME.

CLIMATE NORMAL PERIOD 1981 TO 2010
CLIMATE RECORD PERIOD 1869 TO 2015


WEATHER ITEM   OBSERVED TIME   RECORD YEAR NORMAL DEPARTURE LAST
                VALUE   (LST)  VALUE       VALUE  FROM      YEAR
                                                  NORMAL
..................................................................
TEMPERATURE (F)
 TODAY
  MAXIMUM         85    231 PM  91    1959  70     15       74
  MINIMUM         56    355 AM  29    1968  49      7       45
  AVERAGE         71                        60     11       60

PRECIPITATION (IN)
  TODAY            0.00          1.42 1916   0.13  -0.13     0.00
  MONTH TO DATE    0.93                      0.74   0.19     0.02
  SINCE MAR 1      8.94                      7.16   1.78     8.08
  SINCE JAN 1     13.51                     12.14   1.37    12.87

SNOWFALL (IN)
  TODAY            0.0           0.0    MM   0.0    0.0      0.0
  MONTH TO DATE    0.0                       0.0    0.0      0.0
  SINCE MAR 1      5.4                       5.3    0.1      5.4
  SINCE JUL 1     33.4                      26.7    6.7     56.4
  SNOW DEPTH       0

DEGREE DAYS
 HEATING
  TODAY            0                         6     -6        5
  MONTH TO DATE   16                        42    -26       48
  SINCE MAR 1   1195                      1129     66     1185
  SINCE JUL 1   5749                      5124    625     5569

 COOLING
  TODAY            6                         1      5        0
  MONTH TO DATE   14                         6      8        0
  SINCE MAR 1     14                        18     -4        8
  SINCE JAN 1     14                        18     -4        8
..................................................................


WIND (MPH)
  HIGHEST WIND SPEED    10   HIGHEST WIND DIRECTION    NW (310)
  HIGHEST GUST SPEED    22   HIGHEST GUST DIRECTION     N (340)
  AVERAGE WIND SPEED     1.6


SKY COVER
  POSSIBLE SUNSHINE  MM
  AVERAGE SKY COVER 0.3


WEATHER CONDITIONS
 THE FOLLOWING WEATHER WAS RECORDED TODAY.
  FOG
  HAZE


RELATIVE HUMIDITY (PERCENT)
 HIGHEST    93           300 AM
 LOWEST     34           300 PM
 AVERAGE    64

..........................................................


THE COLUMBUS OH CLIMATE NORMALS FOR TOMORROW
                         NORMAL    RECORD    YEAR
 MAXIMUM TEMPERATURE (F)   70        87      1936
 MINIMUM TEMPERATURE (F)   49        31      1974


SUNRISE AND SUNSET
MAY  6 2015...........SUNRISE   626 AM EDT   SUNSET   831 PM EDT
MAY  7 2015...........SUNRISE   625 AM EDT   SUNSET   832 PM EDT


-  INDICATES NEGATIVE NUMBERS.
R  INDICATES RECORD WAS SET OR TIED.
MM INDICATES DATA IS MISSING.
T  INDICATES TRACE AMOUNT.




$$
